000
CXUS54 KMRX 011130
CF6OQT
PRELIMINARY LOCAL CLIMATOLOGICAL DATA (WS FORM: F-6)
STATION: OAK RIDGE
MONTH: NOVEMBER
YEAR: 2023
LATITUDE: 36 1 N
LONGITUDE: 84 14 W
TEMPERATURE IN F: :PCPN: SNOW: WIND :SUNSHINE: SKY :PK WND
================================================================================
1 2 3 4 5 6A 6B 7 8 9 10 11 12 13 14 15 16 17 18
12Z AVG MX 2MIN
DY MAX MIN AVG DEP HDD CDD WTR SNW DPTH SPD SPD DIR MIN PSBL S-S WX SPD DR
================================================================================
1 49 28 39 -15 26 0 0.00 M M 3.0 13 310 M M 0 25 10
2 56 27 42 -12 23 0 0.00 M M 0.9 8 260 M M 0 13 230
3 63 29 46 -7 19 0 0.00 M M 0.7 7 270 M M 0 12 260
4 69 31 50 -3 15 0 0.00 M M 0.4 6 210 M M 0 10 200
5 72 42 57 5 8 0 0.00 M M 0.4 6 90 M M 0 8 9 270
6 75 39 57 5 8 0 0.00 M M 1.2 8 210 M M 0 1 15 200
7 78 49 64 12 1 0 0.00 M M 1.5 9 260 M M 0 15 260
8 80 51 66 15 0 1 0.00 M M 2.4 10 200 M M 2 20 220
9 74 59 67 16 0 2 T M M 2.0 8 260 M M 6 13 270
10 62 48 55 4 10 0 0.07 M M 2.2 8 80 M M 7 1 16 50
11 65 46 56 6 9 0 0.00 M M 2.1 12 60 M M 0 21 60
12 69 44 57 7 8 0 0.00 M M 1.5 8 70 M M 3 14 90
13 69 38 54 4 11 0 0.00 M M 0.0 5 90 M M 1 8 140
14 69 39 54 4 11 0 0.00 M M 1.8 9 80 M M 0 17 30
15 72 43 58 9 7 0 0.00 M M 1.0 6 130 M M 4 11 40
16 75 50 63 14 2 0 0.00 M M 0.8 7 80 M M 4 13 80
17 73 53 63 15 2 0 0.05 M M 2.2 12 190 M M 7 1 19 190
18 64 44 54 6 11 0 0.00 M M 1.7 12 80 M M 4 1 20 80
19 65 37 51 3 14 0 0.00 M M 2.3 8 70 M M 0 15 70
20 67 41 54 6 11 0 0.00 M M 1.3 7 150 M M 5 12 160
21 60 52 56 9 9 0 1.63 M M 1.4 7 260 M M 9 1 11 200
22 52 45 49 2 16 0 T M M 1.0 6 340 M M 10 1 10 330
23 56 32 44 -3 21 0 0.00 M M 0.8 6 90 M M 1 10 80
24 60 38 49 2 16 0 0.00 M M 2.5 9 10 M M 0 20 360
25 59 42 51 5 14 0 0.00 M M 2.3 8 160 M M 0 13 50
26 49 39 44 -2 21 0 0.13 M M 1.4 12 260 M M 9 1 19 270
27 46 32 39 -7 26 0 0.00 M M 3.5 13 300 M M 4 23 270
28 46 24 35 -11 30 0 0.00 M M 1.9 9 340 M M 1 16 310
29 50 20 35 -10 30 0 0.00 M M 1.6 9 210 M M 0 16 270
30 60 29 45 0 20 0 0.00 M M 0.8 10 180 M M 0 17 190
================================================================================
SM 1904 1191 399 3 1.88 M 46.6 M 77
================================================================================
AV 63.5 39.7 1.6 FASTST M M 3 MAX(MPH)
MISC ----> # 13 310 25 10
================================================================================
NOTES:
# LAST OF SEVERAL OCCURRENCES
COLUMN 17 PEAK WIND IN M.P.H.
PRELIMINARY LOCAL CLIMATOLOGICAL DATA (WS FORM: F-6) , PAGE 2
STATION: OAK RIDGE
MONTH: NOVEMBER
YEAR: 2023
LATITUDE: 36 1 N
LONGITUDE: 84 14 W
[TEMPERATURE DATA] [PRECIPITATION DATA] SYMBOLS USED IN COLUMN 16
AVERAGE MONTHLY: 51.6 TOTAL FOR MONTH: 1.88 1 = FOG OR MIST
DPTR FM NORMAL: 2.4 DPTR FM NORMAL: -2.74 2 = FOG REDUCING VISIBILITY
HIGHEST: 80 ON 8 GRTST 24HR 1.63 ON 21-21 TO 1/4 MILE OR LESS
LOWEST: 20 ON 29 3 = THUNDER
SNOW, ICE PELLETS, HAIL 4 = ICE PELLETS
TOTAL MONTH: M 5 = HAIL
GRTST 24HR M ON M 6 = FREEZING RAIN OR DRIZZLE
GRTST DEPTH: M ON M 7 = DUSTSTORM OR SANDSTORM:
VSBY 1/2 MILE OR LESS
8 = SMOKE OR HAZE
[NO. OF DAYS WITH] [WEATHER - DAYS WITH] 9 = BLOWING SNOW
X = TORNADO
MAX 32 OR BELOW: 0 0.01 INCH OR MORE: 4
MAX 90 OR ABOVE: 0 0.10 INCH OR MORE: 2
MIN 32 OR BELOW: 9 0.50 INCH OR MORE: 1
MIN 0 OR BELOW: 0 1.00 INCH OR MORE: 1
[HDD (BASE 65) ]
TOTAL THIS MO. 399 CLEAR (SCALE 0-3) 19
DPTR FM NORMAL -77 PTCLDY (SCALE 4-7) 8
TOTAL FM JUL 1 547 CLOUDY (SCALE 8-10) 3
DPTR FM NORMAL -127
[CDD (BASE 65) ]
TOTAL THIS MO. 3
DPTR FM NORMAL 1 [PRESSURE DATA]
TOTAL FM JAN 1 1544 HIGHEST SLP 30.57 ON 2
DPTR FM NORMAL -86 LOWEST SLP 29.80 ON 21
[REMARKS]
#FINAL-11-23#