000
CXUS55 KABR 221400
CF6ABR
PRELIMINARY LOCAL CLIMATOLOGICAL DATA (WS FORM: F-6)

                                          STATION:   ABERDEEN SD
                                          MONTH:     MAY
                                          YEAR:      2019
                                          LATITUDE:   45 27 N
                                          LONGITUDE:  98 26 W

  TEMPERATURE IN F:       :PCPN:    SNOW:  WIND      :SUNSHINE: SKY     :PK WND
================================================================================
1   2   3   4   5  6A  6B    7    8   9   10  11  12  13   14  15   16   17  18
                                     12Z  AVG MX 2MIN
DY MAX MIN AVG DEP HDD CDD  WTR  SNW DPTH SPD SPD DIR MIN PSBL S-S WX    SPD DR
================================================================================

 1  45  35  40 -11  25   0 0.31  0.0    0  8.3 13  30   M    M  10 1      17  50
 2  59  27  43  -9  22   0 0.03  0.0    0  7.4 16 140   M    M   2 1      23 140
 3  67  35  51  -1  14   0    T  0.0    0 11.2 32 180   M    M   2        44 180
 4  72  31  52   0  13   0    T  0.0    0 10.6 23  10   M    M   1        30  10
 5  56  38  47  -6  18   0    T  0.0    0  9.1 20  10   M    M   7        26  30
 6  51  30  41 -12  24   0    T  0.0    0  8.2 20 360   M    M   7 1      24  10
 7  58  24  41 -13  24   0 0.22  0.0    0  7.2 17 140   M    M   5 12     24 140
 8  47  41  44 -10  21   0 0.29  0.0    0 15.4 26  30   M    M  10 1      35  40
 9  57  35  46  -8  19   0 0.02  0.0    0 14.8 24  10   M    M   3        33 340
10  64  25  45 -10  20   0 0.00  0.0    0 10.6 25 210   M    M   0 12     35 210
11  56  47  52  -3  13   0 0.22  0.0    0 11.0 21 210   M    M   9 1      29 170
12  63  44  54  -1  11   0 0.00  0.0    0  5.8 13 170   M    M   7 12     18 200
13  72  43  58   2   7   0 0.00  0.0    0 10.5 20 190   M    M   0        28 150
14  80  45  63   7   2   0 0.00  0.0    0  6.1 16  20   M    M   1 1      21  30
15  82  47  65   9   0   0 0.00  0.0    0 14.9 31 180   M    M   0        41 180
16  67  50  59   3   6   0 0.00  0.0    0 14.9 23  20   M    M   2 8      32  20
17  67  44  56  -1   9   0 0.35  0.0    0 19.3 36  70   M    M   8 13     51  80
18  49  42  46 -11  19   0 1.11  0.0    0 21.6 30  50   M    M  10 13     40  60
19  46  39  43 -14  22   0 0.17  0.0    0 15.1 25  30   M    M  10 1      36  30
20  59  34  47 -11  18   0 0.00  0.0    0  6.2 13 110   M    M   1        17 130
21  58  46  52  -6  13   0 0.67  0.0    0 17.6 35  70   M    M   6 1      48  90
================================================================================
SM 1275  802       320   0  3.39     0.0 245.8          M      101
================================================================================
AV 60.7 38.2                              11.7 FASTST   M    M   5    MAX(MPH)
                                 MISC ---->  # 36  70               # 51   80
================================================================================
NOTES:
# LAST OF SEVERAL OCCURRENCES

COLUMN 17 PEAK WIND IN M.P.H.

PRELIMINARY LOCAL CLIMATOLOGICAL DATA (WS FORM: F-6) , PAGE 2

                                          STATION:  ABERDEEN SD
                                          MONTH:    MAY
                                          YEAR:     2019
                                          LATITUDE:   45 27 N
                                          LONGITUDE:  98 26 W

[TEMPERATURE DATA]      [PRECIPITATION DATA]       SYMBOLS USED IN COLUMN 16

AVERAGE MONTHLY: 49.5   TOTAL FOR MONTH:   3.39    1 = FOG OR MIST
DPTR FM NORMAL:  -5.4   DPTR FM NORMAL:    1.24    2 = FOG REDUCING VISIBILITY
HIGHEST:    82 ON 15    GRTST 24HR  1.11 ON 18-18      TO 1/4 MILE OR LESS
LOWEST:     24 ON  7                               3 = THUNDER
                        SNOW, ICE PELLETS, HAIL    4 = ICE PELLETS
                        TOTAL MONTH:   0.0 INCH    5 = HAIL
                        GRTST 24HR     0.0         6 = FREEZING RAIN OR DRIZZLE
                        GRTST DEPTH:   0           7 = DUSTSTORM OR SANDSTORM:
                                                       VSBY 1/2 MILE OR LESS
                                                   8 = SMOKE OR HAZE
[NO. OF DAYS WITH]      [WEATHER - DAYS WITH]      9 = BLOWING SNOW
                                                   X = TORNADO
MAX 32 OR BELOW:   0    0.01 INCH OR MORE:  10
MAX 90 OR ABOVE:   0    0.10 INCH OR MORE:   8
MIN 32 OR BELOW:   5    0.50 INCH OR MORE:   2
MIN  0 OR BELOW:   0    1.00 INCH OR MORE:   1

[HDD (BASE 65) ]
TOTAL THIS MO.   320    CLEAR  (SCALE 0-3)  10
DPTR FM NORMAL    97    PTCLDY (SCALE 4-7)   6
TOTAL FM JUL 1  9242    CLOUDY (SCALE 8-10)  5
DPTR FM NORMAL   848

[CDD (BASE 65) ]
TOTAL THIS MO.     0
DPTR FM NORMAL   -11    [PRESSURE DATA]
TOTAL FM JAN 1     0    HIGHEST SLP M ON M
DPTR FM NORMAL   -13    LOWEST  SLP 29.56 ON 21

[REMARKS]
