000
CXUS55 KABR 251400
CF6ABR
PRELIMINARY LOCAL CLIMATOLOGICAL DATA (WS FORM: F-6)

                                          STATION:   ABERDEEN SD
                                          MONTH:     MARCH
                                          YEAR:      2019
                                          LATITUDE:   45 27 N
                                          LONGITUDE:  98 26 W

  TEMPERATURE IN F:       :PCPN:    SNOW:  WIND      :SUNSHINE: SKY     :PK WND
================================================================================
1   2   3   4   5  6A  6B    7    8   9   10  11  12  13   14  15   16   17  18
                                     12Z  AVG MX 2MIN
DY MAX MIN AVG DEP HDD CDD  WTR  SNW DPTH SPD SPD DIR MIN PSBL S-S WX    SPD DR
================================================================================

 1  17  -8   5 -18  60   0 0.12  3.1   19  8.3 20 350   M    M   8 18     24 340
 2   4 -19  -7 -31  72   0 0.01  0.2   22 11.1 22 350   M    M   5 189    27 340
 3  -1 -20 -10 -34  75   0 0.00  0.0   21 15.2 25 290   M    M   3 8      36 290
 4  11  -8   2 -22  63   0    T    T   21 18.0 31 290   M    M   7 189    41 290
 5  15   2   9 -16  56   0    T    T   20 14.2 24 310   M    M   4 8      31 300
 6  15  -5   5 -20  60   0 0.00  0.0   20  8.9 17 290   M    M   0        23 290
 7  18  -3   8 -18  57   0 0.00  0.0   19  5.7 15 150   M    M   6        18 150
 8  27  18  23  -3  42   0    T  0.0   19  7.9 14 170   M    M  10 1      18 170
 9  29  19  24  -3  41   0 0.80  9.3   19 15.2 30 330   M    M  10 12     38 340
10  24   1  13 -14  52   0 0.00  0.0   25  8.4 20 320   M    M   0        26 320
11  26 -12   7 -21  58   0 0.01    T   21  7.8 22 190   M    M   3 12     28 170
12  37  19  28   0  37   0 0.00  0.0   20 13.8 24 170   M    M   0 12     32 170
13  30  11  21  -7  44   0 0.34  3.5   17 16.4 33  10   M    M   9 1268   46  10
14  34  26  30   1  35   0    T  0.2   20 33.3 46 340   M    M   7 12     68 340
15  32  13  23  -6  42   0 0.00  0.0   19 11.7 24 320   M    M   0 12     30 320
16  35  13  24  -6  41   0 0.01  0.1   18  5.2 15 290   M    M   7 12     19 290
17  37   4  21  -9  44   0 0.00  0.0   17  6.5 14 300   M    M   1        18 300
18  33   3  18 -13  47   0 0.00  0.0   16  8.6 16 180   M    M   1        21 180
19  38  18  28  -3  37   0 0.00  0.0   15  6.9 14 290   M    M   3 18     18 290
20  38  22  30  -2  35   0 0.00  0.0   15 10.4 17 330   M    M   0 1      22 320
21  43  16  30  -2  35   0 0.00  0.0   14  6.1 10 360   M    M   0 18     14 360
22  35  17  26  -7  39   0 0.00  0.0   14  5.1  9  50   M    M   0 1      12  10
23  43  16  30  -3  35   0 0.00  0.0   12  3.4 10 180   M    M   1 12     13 160
24  34  26  30  -4  35   0 0.00  0.0   11 13.2 24  30   M    M   7 1      30  10
================================================================================
SM  654  169      1142   0  1.29    16.4 261.3          M       92
================================================================================
AV 27.3  7.0                              10.9 FASTST   M    M   4    MAX(MPH)
                                 MISC ---->  # 46 340               # 68  340
================================================================================
NOTES:
# LAST OF SEVERAL OCCURRENCES

COLUMN 17 PEAK WIND IN M.P.H.

PRELIMINARY LOCAL CLIMATOLOGICAL DATA (WS FORM: F-6) , PAGE 2

                                          STATION:  ABERDEEN SD
                                          MONTH:    MARCH
                                          YEAR:     2019
                                          LATITUDE:   45 27 N
                                          LONGITUDE:  98 26 W

[TEMPERATURE DATA]      [PRECIPITATION DATA]       SYMBOLS USED IN COLUMN 16

AVERAGE MONTHLY: 17.2   TOTAL FOR MONTH:   1.29    1 = FOG OR MIST
DPTR FM NORMAL: -11.1   DPTR FM NORMAL:    0.45    2 = FOG REDUCING VISIBILITY
HIGHEST:    43 ON 23,21 GRTST 24HR  0.80 ON  9- 9      TO 1/4 MILE OR LESS
LOWEST:    -20 ON  3                               3 = THUNDER
                        SNOW, ICE PELLETS, HAIL    4 = ICE PELLETS
                        TOTAL MONTH:  16.4 INCHES  5 = HAIL
                        GRTST 24HR   9.3 ON  9- 9  6 = FREEZING RAIN OR DRIZZLE
                        GRTST DEPTH:  25 ON 10     7 = DUSTSTORM OR SANDSTORM:
                                                       VSBY 1/2 MILE OR LESS
                                                   8 = SMOKE OR HAZE
[NO. OF DAYS WITH]      [WEATHER - DAYS WITH]      9 = BLOWING SNOW
                                                   X = TORNADO
MAX 32 OR BELOW:  13    0.01 INCH OR MORE:   6
MAX 90 OR ABOVE:   0    0.10 INCH OR MORE:   3
MIN 32 OR BELOW:  24    0.50 INCH OR MORE:   1
MIN  0 OR BELOW:   7    1.00 INCH OR MORE:   0

[HDD (BASE 65) ]
TOTAL THIS MO.  1142    CLEAR  (SCALE 0-3)  12
DPTR FM NORMAL   261    PTCLDY (SCALE 4-7)   9
TOTAL FM JUL 1  8078    CLOUDY (SCALE 8-10)  3
DPTR FM NORMAL   734

[CDD (BASE 65) ]
TOTAL THIS MO.     0
DPTR FM NORMAL     0    [PRESSURE DATA]
TOTAL FM JAN 1     0    HIGHEST SLP M ON M
DPTR FM NORMAL     0    LOWEST  SLP 29.40 ON 13

[REMARKS]
