000
CXUS53 KGID 280730
CF6AUH
PRELIMINARY LOCAL CLIMATOLOGICAL DATA (WS FORM: F-6)

                                          STATION:   AURORA
                                          MONTH:     MAY
                                          YEAR:      2020
                                          LATITUDE:   40 54 N
                                          LONGITUDE:  97 59 W

  TEMPERATURE IN F:       :PCPN:    SNOW:  WIND      :SUNSHINE: SKY     :PK WND
================================================================================
1   2   3   4   5  6A  6B    7    8   9   10  11  12  13   14  15   16   17  18
                                     12Z  AVG MX 2MIN
DY MAX MIN AVG DEP HDD CDD  WTR  SNW DPTH SPD SPD DIR MIN PSBL S-S WX    SPD DR
================================================================================

 1  90  59  75  19   0  10 0.00    M    M 11.8 16 360   M    M   0 8      24 360
 2  69  53  61   4   4   0    T    M    M 12.8 22  40   M    M   7        28  40
 3  79  54  67  10   0   2 0.00    M    M  7.6 13 140   M    M   4        18 140
 4  64  48  56  -1   9   0 0.32    M    M 10.5 23 120   M    M   8        28 120
 5  70  43  57  -1   8   0 0.00    M    M 15.2 29 320   M    M   2        39 330
 6  63  41  52  -6  13   0 0.00    M    M 10.2 18 330   M    M   3        24 340
 7  60  40  50  -8  15   0 0.19    M    M 11.1 23  40   M    M   8        18 170
 8  59  38  49 -10  16   0 0.02    M    M 13.5 27 360   M    M   2        31 360
 9  65  40  53  -6  12   0 0.05    M    M 13.8 23 340   M    M   4        30 340
10  57  33  45 -14  20   0 0.00    M    M 13.5 27 340   M    M   2        36 340
11  47  39  43 -17  22   0 0.00    M    M  3.0  8  40   M    M  10         M  M
12  60  43  52  -8  13   0 0.00    M    M  7.3 14 170   M    M  10        20 140
13  55  48  52  -8  13   0 0.03    M    M  9.7 17 160   M    M  10 12     23 150
14  78  53  66   5   0   1 0.00    M    M  6.1 13  40   M    M   5 12      M  M
15  78  53  66   5   0   1 0.00    M    M 10.4 16 100   M    M   2        20 120
16  68  52  60  -1   5   0 0.00    M    M  8.0 14 360   M    M   7         M  M
17  66  53  60  -2   5   0 0.00    M    M 16.0 25 310   M    M   9        31 330
18  74  48  61  -1   4   0 0.00    M    M 12.9 18  10   M    M   5        22  10
19  72  49  61  -1   4   0 0.00    M    M  7.0 12 110   M    M   6         M  M
20  79  50  65   2   0   0 0.00    M    M 13.2 22 130   M    M   4 12     28 130
21  70  61  66   3   0   1 0.95    M    M 11.9 22 140   M    M  10        25 140
22  64  61  63   0   2   0 3.51    M    M  9.0 17  30   M    M  10 123    21  30
23  77  59  68   4   0   3 0.00    M    M  9.9 16 120   M    M   7 12     23 120
24  74  58  66   2   0   1 0.37    M    M  8.9 25 300   M    M   7 3      38 300
25  65  57  61  -3   4   0 0.73    M    M 14.7 23 350   M    M  10        29 350
26  73  56  65   0   0   0 0.04    M    M 10.4 16 350   M    M   7        21 340
27  78  55  67   2   0   2 0.00    M    M  7.6 14 330   M    M   1        18  10
================================================================================
SM 1854 1344       169  21  6.21    M    286.0          M      160
================================================================================
AV 68.7 49.8                              10.6 FASTST   M    M   6    MAX(MPH)
                                 MISC ---->  # 29 320               # 39  330
================================================================================
NOTES:
# LAST OF SEVERAL OCCURRENCES

COLUMN 17 PEAK WIND IN M.P.H.

PRELIMINARY LOCAL CLIMATOLOGICAL DATA (WS FORM: F-6) , PAGE 2

                                          STATION:  AURORA
                                          MONTH:    MAY
                                          YEAR:     2020
                                          LATITUDE:   40 54 N
                                          LONGITUDE:  97 59 W

[TEMPERATURE DATA]      [PRECIPITATION DATA]       SYMBOLS USED IN COLUMN 16

AVERAGE MONTHLY: 59.2   TOTAL FOR MONTH:   6.21    1 = FOG OR MIST
DPTR FM NORMAL:  -1.4   DPTR FM NORMAL:    1.99    2 = FOG REDUCING VISIBILITY
HIGHEST:    90 ON  1    GRTST 24HR  3.51 ON 22-22      TO 1/4 MILE OR LESS
LOWEST:     33 ON 10                               3 = THUNDER
                        SNOW, ICE PELLETS, HAIL    4 = ICE PELLETS
                        TOTAL MONTH:    M          5 = HAIL
                        GRTST 24HR    M  ON   M    6 = FREEZING RAIN OR DRIZZLE
                        GRTST DEPTH:  M  ON   M    7 = DUSTSTORM OR SANDSTORM:
                                                       VSBY 1/2 MILE OR LESS
                                                   8 = SMOKE OR HAZE
[NO. OF DAYS WITH]      [WEATHER - DAYS WITH]      9 = BLOWING SNOW
                                                   X = TORNADO
MAX 32 OR BELOW:   0    0.01 INCH OR MORE:  10
MAX 90 OR ABOVE:   1    0.10 INCH OR MORE:   6
MIN 32 OR BELOW:   0    0.50 INCH OR MORE:   3
MIN  0 OR BELOW:   0    1.00 INCH OR MORE:   1

[HDD (BASE 65) ]
TOTAL THIS MO.   169    CLEAR  (SCALE 0-3)   7
DPTR FM NORMAL     8    PTCLDY (SCALE 4-7)  13
TOTAL FM JUL 1  5685    CLOUDY (SCALE 8-10)  7
DPTR FM NORMAL  -527

[CDD (BASE 65) ]
TOTAL THIS MO.    21
DPTR FM NORMAL   -22    [PRESSURE DATA]
TOTAL FM JAN 1    24    HIGHEST SLP M ON M
DPTR FM NORMAL   -31    LOWEST  SLP M ON M

[REMARKS]
