000
CXUS53 KGID 210730
CF6AUH
PRELIMINARY LOCAL CLIMATOLOGICAL DATA (WS FORM: F-6)

                                          STATION:   AURORA
                                          MONTH:     MAY
                                          YEAR:      2019
                                          LATITUDE:   40 54 N
                                          LONGITUDE:  97 59 W

  TEMPERATURE IN F:       :PCPN:    SNOW:  WIND      :SUNSHINE: SKY     :PK WND
================================================================================
1   2   3   4   5  6A  6B    7    8   9   10  11  12  13   14  15   16   17  18
                                     12Z  AVG MX 2MIN
DY MAX MIN AVG DEP HDD CDD  WTR  SNW DPTH SPD SPD DIR MIN PSBL S-S WX    SPD DR
================================================================================

 1  48  43  46 -10  19   0    T    M    M  8.0 16  20   M    M  10 1       M  M
 2  62  31  47 -10  18   0 0.00    M    M  5.3  9 340   M    M   0         M  M
 3  68  46  57   0   8   0 0.01    M    M  6.8 21 170   M    M   4 1      28 170
 4  75  42  59   2   6   0 0.00    M    M  8.1 20 210   M    M   4 12     25 210
 5  79  49  64   6   1   0 1.01    M    M  8.1 14  20   M    M   2 3      18 200
 6  55  46  51  -7  14   0 0.18    M    M 14.8 22  50   M    M   8 13     27  50
 7  52  43  48 -10  17   0 0.14    M    M 14.5 21  50   M    M  10 1      25  50
 8  53  38  46 -13  19   0 0.56    M    M 15.1 28 340   M    M  10        33 340
 9  53  37  45 -14  20   0 0.00    M    M 17.4 27  10   M    M   8        35  10
10  58  34  46 -13  19   0 0.00    M    M  4.4  7 170   M    M   2         M  M
11  63  39  51  -9  14   0 0.27    M    M  7.3 16 310   M    M   5 2      31 310
12  62  45  54  -6  11   0    T    M    M  7.2 15 330   M    M   6 3      20 350
13  75  42  59  -1   6   0 0.00    M    M  9.3 15 190   M    M   0 1      20 190
14  84  50  67   6   0   2 0.00    M    M  5.4 13 200   M    M   0        16 200
15  85  61  73  12   0   8 0.00    M    M  9.2 16 180   M    M   2 3      23 170
16  91  63  77  16   0  12 0.00    M    M  9.4 17 210   M    M   0        22 210
17  85  60  73  11   0   8    T    M    M 17.2 28 170   M    M   1 3      39 180
18  71  54  63   1   2   0 0.01    M    M 11.6 24 170   M    M   6 3      30 170
19  58  46  52 -10  13   0 0.00    M    M 18.5 28 310   M    M   7        33 320
20  48  42  45 -18  20   0 0.03    M    M 16.6 25  90   M    M   9 1      31  90
================================================================================
SM 1325  911       207  30  2.21    M    214.2          M       94
================================================================================
AV 66.3 45.6                              10.7 FASTST   M    M   5    MAX(MPH)
                                 MISC ---->  # 28 340               # 39  180
================================================================================
NOTES:
# LAST OF SEVERAL OCCURRENCES

COLUMN 17 PEAK WIND IN M.P.H.

PRELIMINARY LOCAL CLIMATOLOGICAL DATA (WS FORM: F-6) , PAGE 2

                                          STATION:  AURORA
                                          MONTH:    MAY
                                          YEAR:     2019
                                          LATITUDE:   40 54 N
                                          LONGITUDE:  97 59 W

[TEMPERATURE DATA]      [PRECIPITATION DATA]       SYMBOLS USED IN COLUMN 16

AVERAGE MONTHLY: 55.9   TOTAL FOR MONTH:   2.21    1 = FOG OR MIST
DPTR FM NORMAL:  -3.6   DPTR FM NORMAL:   -0.92    2 = FOG REDUCING VISIBILITY
HIGHEST:    91 ON 16    GRTST 24HR  1.01 ON  5- 5      TO 1/4 MILE OR LESS
LOWEST:     31 ON  2                               3 = THUNDER
                        SNOW, ICE PELLETS, HAIL    4 = ICE PELLETS
                        TOTAL MONTH:    M          5 = HAIL
                        GRTST 24HR    M  ON   M    6 = FREEZING RAIN OR DRIZZLE
                        GRTST DEPTH:  M  ON   M    7 = DUSTSTORM OR SANDSTORM:
                                                       VSBY 1/2 MILE OR LESS
                                                   8 = SMOKE OR HAZE
[NO. OF DAYS WITH]      [WEATHER - DAYS WITH]      9 = BLOWING SNOW
                                                   X = TORNADO
MAX 32 OR BELOW:   0    0.01 INCH OR MORE:   8
MAX 90 OR ABOVE:   1    0.10 INCH OR MORE:   5
MIN 32 OR BELOW:   1    0.50 INCH OR MORE:   2
MIN  0 OR BELOW:   0    1.00 INCH OR MORE:   1

[HDD (BASE 65) ]
TOTAL THIS MO.   207    CLEAR  (SCALE 0-3)   8
DPTR FM NORMAL    71    PTCLDY (SCALE 4-7)   8
TOTAL FM JUL 1  6680    CLOUDY (SCALE 8-10)  4
DPTR FM NORMAL   493

[CDD (BASE 65) ]
TOTAL THIS MO.    30
DPTR FM NORMAL     5    [PRESSURE DATA]
TOTAL FM JAN 1    35    HIGHEST SLP M ON M
DPTR FM NORMAL    -2    LOWEST  SLP M ON M

[REMARKS]
