000
CXUS55 KPUB 181059
CF6COS
PRELIMINARY LOCAL CLIMATOLOGICAL DATA (WS FORM: F-6)

                                          STATION:   COLORADO SPRINGS CO
                                          MONTH:     MARCH
                                          YEAR:      2019
                                          LATITUDE:   38 49 N
                                          LONGITUDE: 104 43 W

  TEMPERATURE IN F:       :PCPN:    SNOW:  WIND      :SUNSHINE: SKY     :PK WND
================================================================================
1   2   3   4   5  6A  6B    7    8   9   10  11  12  13   14  15   16   17  18
                                     12Z  AVG MX 2MIN
DY MAX MIN AVG DEP HDD CDD  WTR  SNW DPTH SPD SPD DIR MIN PSBL S-S WX    SPD DR
================================================================================

 1  56  25  41   6  24   0 0.02  0.0    0 10.7 33  70   M    M   6 16     40  70
 2  27  12  20 -16  45   0 0.24  3.5    0  8.5 23 170   M    M  10 126    28 160
 3  12   2   7 -29  58   0 0.13  1.6    4  7.9 15 150   M    M   9 128    19 160
 4  14   1   8 -28  57   0    T    T    4  3.9 10  10   M    M   7 18     12 360
 5  25   2  14 -22  51   0 0.00  0.0    3  8.6 18 150   M    M   3        23 150
 6  55  13  34  -3  31   0 0.00  0.0    2  7.5 23 150   M    M   5 8      27 160
 7  59  26  43   6  22   0 0.00  0.0    0  8.5 29 240   M    M   5 128    35 250
 8  62  27  45   8  20   0 0.00  0.0    0 14.9 37 200   M    M   5 1      49 200
 9  53  28  41   4  24   0 0.00  0.0    0 12.4 32 300   M    M   4        47 290
10  46  27  37  -1  28   0 0.00  0.0    0 11.5 21 170   M    M   4        28 160
11  55  26  41   3  24   0    T    T    0  9.3 26 170   M    M   5        32 180
12  65  37  51  13  14   0 0.04  0.0    0 13.0 32 180   M    M   8 1      45 190
13  47  25  36  -2  29   0 0.49  2.0    0 30.5 62 340   M    M   9 129    96 320
14  31  20  26 -13  39   0 0.00  0.0    2 15.8 29 360   M    M   8 9      38 350
15  41  12  27 -12  38   0 0.00  0.0    1  6.0 14 160   M    M   1        20 130
16  49  22  36  -3  29   0 0.00  0.0    T  5.8 18 130   M    M   1        27 140
17  52  24  38  -1  27   0 0.00  0.0    0  8.2 20  70   M    M   2        29  60
================================================================================
SM  749  329       560   0  0.92     7.1 183.0          M       92
================================================================================
AV 44.1 19.4                              10.8 FASTST   M    M   5    MAX(MPH)
                                 MISC ---->  # 62 340               # 96  320
================================================================================
NOTES:
# LAST OF SEVERAL OCCURRENCES

COLUMN 17 PEAK WIND IN M.P.H.

PRELIMINARY LOCAL CLIMATOLOGICAL DATA (WS FORM: F-6) , PAGE 2

                                          STATION:  COLORADO SPRINGS CO
                                          MONTH:    MARCH
                                          YEAR:     2019
                                          LATITUDE:   38 49 N
                                          LONGITUDE: 104 43 W

[TEMPERATURE DATA]      [PRECIPITATION DATA]       SYMBOLS USED IN COLUMN 16

AVERAGE MONTHLY: 31.7   TOTAL FOR MONTH:   0.92    1 = FOG OR MIST
DPTR FM NORMAL:  -5.6   DPTR FM NORMAL:    0.42    2 = FOG REDUCING VISIBILITY
HIGHEST:    65 ON 12    GRTST 24HR  0.49 ON 13-13      TO 1/4 MILE OR LESS
LOWEST:      1 ON  4                               3 = THUNDER
                        SNOW, ICE PELLETS, HAIL    4 = ICE PELLETS
                        TOTAL MONTH:   7.1 INCHES  5 = HAIL
                        GRTST 24HR   3.5 ON  2- 2  6 = FREEZING RAIN OR DRIZZLE
                        GRTST DEPTH:   4 ON  4, 3  7 = DUSTSTORM OR SANDSTORM:
                                                       VSBY 1/2 MILE OR LESS
                                                   8 = SMOKE OR HAZE
[NO. OF DAYS WITH]      [WEATHER - DAYS WITH]      9 = BLOWING SNOW
                                                   X = TORNADO
MAX 32 OR BELOW:   5    0.01 INCH OR MORE:   5
MAX 90 OR ABOVE:   0    0.10 INCH OR MORE:   3
MIN 32 OR BELOW:  16    0.50 INCH OR MORE:   0
MIN  0 OR BELOW:   0    1.00 INCH OR MORE:   0

[HDD (BASE 65) ]
TOTAL THIS MO.   560    CLEAR  (SCALE 0-3)   4
DPTR FM NORMAL    89    PTCLDY (SCALE 4-7)   8
TOTAL FM JUL 1  4926    CLOUDY (SCALE 8-10)  5
DPTR FM NORMAL  -108

[CDD (BASE 65) ]
TOTAL THIS MO.     0
DPTR FM NORMAL     0    [PRESSURE DATA]
TOTAL FM JAN 1     0    HIGHEST SLP M ON M
DPTR FM NORMAL     0    LOWEST  SLP 29.04 ON 13

[REMARKS]
