000
CXUS55 KPUB 281210
CF6COS
PRELIMINARY LOCAL CLIMATOLOGICAL DATA (WS FORM: F-6)

                                          STATION:   COLORADO SPRINGS CO
                                          MONTH:     MAY
                                          YEAR:      2020
                                          LATITUDE:   38 49 N
                                          LONGITUDE: 104 43 W

  TEMPERATURE IN F:       :PCPN:    SNOW:  WIND      :SUNSHINE: SKY     :PK WND
================================================================================
1   2   3   4   5  6A  6B    7    8   9   10  11  12  13   14  15   16   17  18
                                     12Z  AVG MX 2MIN
DY MAX MIN AVG DEP HDD CDD  WTR  SNW DPTH SPD SPD DIR MIN PSBL S-S WX    SPD DR
================================================================================

 1  86  53  70  19   0   5 0.00  0.0    0 14.1 38 190   M    M   4        53 190
 2  68  52  60   8   5   0    T  0.0    0 14.4 30 340   M    M   6        43 350
 3  80  49  65  13   0   0    T  0.0    0 15.8 31 340   M    M   7        43 340
 4  70  41  56   4   9   0 0.00  0.0    0 15.4 31  10   M    M   4        42 350
 5  67  35  51  -2  14   0 0.00  0.0    0  6.5 17 150   M    M   5        22 140
 6  66  41  54   1  11   0 0.00  0.0    0 10.7 23 140   M    M   5        33 150
 7  74  37  56   3   9   0 0.00  0.0    0 15.5 38  20   M    M   3        49  20
 8  57  37  47  -7  18   0 0.00  0.0    0 16.1 29 150   M    M   6        38 160
 9  63  32  48  -6  17   0 0.00  0.0    0 18.0 33 360   M    M   5        45  10
10  62  33  48  -6  17   0 0.00  0.0    0 10.6 18 160   M    M   4        26 170
11  53  36  45  -9  20   0    T  0.0    0  8.4 18 150   M    M   8 12     23 160
12  61  35  48  -7  17   0    T  0.0    0  7.5 17 160   M    M   9 128    23 170
13  81  36  59   4   6   0 0.00  0.0    0  7.7 31 250   M    M   7 128    42 250
14  74  49  62   7   3   0    T  0.0    0 12.0 29  50   M    M   5 3      35  50
15  72  42  57   1   8   0 0.01  0.0    0 11.7 25 160   M    M   7 3      32 200
16  70  47  59   3   6   0 0.09  0.0    0  7.3 22  80   M    M   7 3      27  80
17  77  43  60   4   5   0 0.00  0.0    0  8.5 18 130   M    M   6        24 180
18  89  48  69  13   0   4 0.00  0.0    0 10.6 33 160   M    M   4        41 160
19  89  49  69  12   0   4 0.01  0.0    0 13.8 43 140   M    M   4        50 150
20  86  51  69  12   0   4    T  0.0    0 15.3 38 210   M    M   5 18     62 180
21  75  51  63   6   2   0 0.00  0.0    0 11.4 28 350   M    M   3        39 360
22  80  46  63   5   2   0 0.00  0.0    0 11.5 29 110   M    M   3        37 110
23  82  46  64   6   1   0 0.00  0.0    0 14.8 35  10   M    M   7        44  10
24  65  40  53  -5  12   0 0.95  0.0    0 14.6 31 360   M    M   8 13     42 350
25  64  42  53  -5  12   0 0.00  0.0    0  9.4 22 350   M    M   6        29 360
26  77  40  59   0   6   0 0.00  0.0    0  5.5 23 350   M    M   3        32 340
27  78  49  64   5   1   0 0.07  0.0    0  8.4 32  10   M    M   6 3      41  10
================================================================================
SM 1966 1160       201  17  1.13  0.0    315.5          M      147
================================================================================
AV 72.8 43.0                              11.7 FASTST   M    M   5    MAX(MPH)
                                 MISC ---->    43 140                 62 180
================================================================================
NOTES:
# LAST OF SEVERAL OCCURRENCES

COLUMN 17 PEAK WIND IN M.P.H.

PRELIMINARY LOCAL CLIMATOLOGICAL DATA (WS FORM: F-6) , PAGE 2

                                          STATION:   COLORADO SPRINGS CO
                                          MONTH:     MAY
                                          YEAR:      2020
                                          LATITUDE:   38 49 N
                                          LONGITUDE: 104 43 W

[TEMPERATURE DATA]      [PRECIPITATION DATA]       SYMBOLS USED IN COLUMN 16

AVERAGE MONTHLY: 57.9   TOTAL FOR MONTH:   1.13    1 = FOG OR MIST
DPTR FM NORMAL:   2.6   DPTR FM NORMAL:   -0.58    2 = FOG REDUCING VISIBILITY
HIGHEST:    89 ON 19,18  GRTST 24HR  0.95 ON 24-24      TO 1/4 MILE OR LESS
LOWEST:     32 ON  9                               3 = THUNDER
                        SNOW, ICE PELLETS, HAIL    4 = ICE PELLETS
                        TOTAL MONTH:   0.0 INCH    5 = HAIL
                        GRTST 24HR  0.0            6 = FREEZING RAIN OR DRIZZLE
                        GRTST DEPTH:  0            7 = DUSTSTORM OR SANDSTORM:
                                                       VSBY 1/2 MILE OR LESS
                                                   8 = SMOKE OR HAZE
[NO. OF DAYS WITH]      [WEATHER - DAYS WITH]      9 = BLOWING SNOW
                                                   X = TORNADO
MAX 32 OR BELOW:   0    0.01 INCH OR MORE:   5
MAX 90 OR ABOVE:   0    0.10 INCH OR MORE:   1
MIN 32 OR BELOW:   1    0.50 INCH OR MORE:   1
MIN  0 OR BELOW:   0    1.00 INCH OR MORE:   0

[HDD (BASE 65) ]
TOTAL THIS MO.   201    CLEAR  (SCALE 0-3)   3
DPTR FM NORMAL   -66    PTCLDY (SCALE 4-7)  22
TOTAL FM JUL 1  5806    CLOUDY (SCALE 8-10)  2
DPTR FM NORMAL  -383

[CDD (BASE 65) ]
TOTAL THIS MO.    17
DPTR FM NORMAL    14    [PRESSURE DATA]
TOTAL FM JAN 1    17    HIGHEST SLP M ON M
DPTR FM NORMAL    13    LOWEST  SLP 29.49 ON 20

[REMARKS]
