000
CXUS53 KARX 260930
CF6DEH
PRELIMINARY LOCAL CLIMATOLOGICAL DATA (WS FORM: F-6)

                                          STATION:   DECORAH IA
                                          MONTH:     MARCH
                                          YEAR:      2019
                                          LATITUDE:   43 16 N
                                          LONGITUDE:  91 44 W

  TEMPERATURE IN F:       :PCPN:    SNOW:  WIND      :SUNSHINE: SKY     :PK WND
================================================================================
1   2   3   4   5  6A  6B    7    8   9   10  11  12  13   14  15   16   17  18
                                     12Z  AVG MX 2MIN
DY MAX MIN AVG DEP HDD CDD  WTR  SNW DPTH SPD SPD DIR MIN PSBL S-S WX    SPD DR
================================================================================

 1  25  16  21   M  44   0    M    M    M  2.5 10 150   M    M   7         M  M
 2  19   7  13   M  52   0    M    M    M 10.0 15 330   M    M   6        17 350
 3   7 -11  -2   M  67   0 0.00  0.0    M 10.4 17 340   M    M   1        23 290
 4   5 -13  -4   M  69   0 0.00  0.0    M  8.2 14 260   M    M   3 8      28 260
 5  12  -2   5   M  60   0    M    M    M  8.2 21 290   M    M   4        32 290
 6  19   1  10   M  55   0 0.00  0.0    M  5.9 12 280   M    M   2        18 280
 7  21   3  12   M  53   0 0.00  0.0    M  3.3 12 100   M    M   3         M  M
 8  34  16  25   M  40   0 0.00  0.0    M  5.5  8 130   M    M   8 1       M  M
 9  36  27  32   M  33   0    M    M    M 12.7 21  80   M    M   7 1      33 110
10  32  19  26   M  39   0    M    M    M 10.3 18 280   M    M   5 1      29 290
11  30  18  24   M  41   0 0.00  0.0    M  3.8  8 250   M    M   3        14  99
12  39  19  29   M  36   0 0.25  0.0    M 10.2 16 150   M    M   7 1      28 150
13  45  36  41   M  24   0 0.06  0.0    M 11.7 16 130   M    M   9 12     28 130
14  46  34  40   M  25   0 0.11    M    M  9.5 22 320   M    M  10 12     28 320
15  36  30  33   M  32   0 0.00  0.0    M 13.0 17 310   M    M   7        36 310
16  34  23  29   M  36   0 0.00  0.0    0  5.9 17 340   M    M   4        18 300
17  34  23  29   M  36   0 0.00  0.0    0  4.1 10 330   M    M   7        16 270
18  41  25  33   M  32   0 0.00  0.0    M  3.0  9 260   M    M   2 1      17 260
19  48  28  38   M  27   0 0.00  0.0    0  5.6 12 220   M    M   0        22 220
20  39  34  37   M  28   0 0.00  0.0    0  7.8 15 330   M    M   9 1      21 260
21  48  32  40   M  25   0 0.00  0.0    M  8.5 13 270   M    M   1        21 270
22  48  32  40   M  25   0 0.00  0.0    M  7.2 13 350   M    M   0        18 350
23  52   M   M   M   M   M 0.00  0.0    M  6.6 12 190   M    M   3        17 200
24  50  37  44   M  21   0 0.01  0.0    M  5.0 10  20   M    M   9        15  60
25  45  30  38   M  27   0 0.00  0.0    0  5.7 12  80   M    M   4        13  99
================================================================================
SM  845  464       927   0  0.43     0.0 184.6          M      121
================================================================================
AV 33.8 19.3                               7.4 FASTST   M    M   5    MAX(MPH)
                                 MISC ---->  # 22 320               # 36  310
================================================================================
NOTES:
# LAST OF SEVERAL OCCURRENCES

COLUMN 17 PEAK WIND IN M.P.H.

PRELIMINARY LOCAL CLIMATOLOGICAL DATA (WS FORM: F-6) , PAGE 2

                                          STATION:  DECORAH IA
                                          MONTH:    MARCH
                                          YEAR:     2019
                                          LATITUDE:   43 16 N
                                          LONGITUDE:  91 44 W

[TEMPERATURE DATA]      [PRECIPITATION DATA]       SYMBOLS USED IN COLUMN 16

AVERAGE MONTHLY: 26.6   TOTAL FOR MONTH:   0.43    1 = FOG OR MIST
DPTR FM NORMAL:     M   DPTR FM NORMAL:       M    2 = FOG REDUCING VISIBILITY
HIGHEST:    52 ON 23    GRTST 24HR  0.25 ON 12-12      TO 1/4 MILE OR LESS
LOWEST:    -13 ON  4                               3 = THUNDER
                        SNOW, ICE PELLETS, HAIL    4 = ICE PELLETS
                        TOTAL MONTH:   0.0 INCH    5 = HAIL
                        GRTST 24HR     0.0         6 = FREEZING RAIN OR DRIZZLE
                        GRTST DEPTH:   0           7 = DUSTSTORM OR SANDSTORM:
                                                       VSBY 1/2 MILE OR LESS
                                                   8 = SMOKE OR HAZE
[NO. OF DAYS WITH]      [WEATHER - DAYS WITH]      9 = BLOWING SNOW
                                                   X = TORNADO
MAX 32 OR BELOW:   9    0.01 INCH OR MORE:   4
MAX 90 OR ABOVE:   0    0.10 INCH OR MORE:   2
MIN 32 OR BELOW:  20    0.50 INCH OR MORE:   0
MIN  0 OR BELOW:   3    1.00 INCH OR MORE:   0

[HDD (BASE 65) ]
TOTAL THIS MO.   927    CLEAR  (SCALE 0-3)   9
DPTR FM NORMAL     M    PTCLDY (SCALE 4-7)  12
TOTAL FM JUL 1  6701    CLOUDY (SCALE 8-10)  4
DPTR FM NORMAL     M

[CDD (BASE 65) ]
TOTAL THIS MO.     0
DPTR FM NORMAL     M    [PRESSURE DATA]
TOTAL FM JAN 1     0    HIGHEST SLP M ON M
DPTR FM NORMAL     M    LOWEST  SLP M ON M

[REMARKS]
