000
CXUS53 KARX 230930
CF6DEH
PRELIMINARY LOCAL CLIMATOLOGICAL DATA (WS FORM: F-6)

                                          STATION:   DECORAH IA
                                          MONTH:     JULY
                                          YEAR:      2019
                                          LATITUDE:   43 16 N
                                          LONGITUDE:  91 44 W

  TEMPERATURE IN F:       :PCPN:    SNOW:  WIND      :SUNSHINE: SKY     :PK WND
================================================================================
1   2   3   4   5  6A  6B    7    8   9   10  11  12  13   14  15   16   17  18
                                     12Z  AVG MX 2MIN
DY MAX MIN AVG DEP HDD CDD  WTR  SNW DPTH SPD SPD DIR MIN PSBL S-S WX    SPD DR
================================================================================

 1  84  66  75   M   0  10 0.51  0.0    0   M   M   M   M    M   6         M  M
 2  86  70  78   M   0  13 0.00  0.0    0  3.7  6  20   M    M   3        12  99
 3  82  70  76   M   0  11 0.00  0.0    0  3.1  8 120   M    M   4 12     12 150
 4  86  70  78   M   0  13 0.00  0.0    0  4.5  9 210   M    M   3 1      18 220
 5  84  68  76   M   0  11 1.19  0.0    0  3.7  8  20   M    M   3         M  M
 6  75  66  71   M   0   6 0.01  0.0    0  6.2 12  60   M    M   6 1      20  60
 7  79  61  70   M   0   5 0.00  0.0    0  2.2  7 100   M    M   1 1       M  M
 8  81  64  73   M   0   8 0.00  0.0    0  3.5  7 140   M    M   0        13  99
 9  82  64  73   M   0   8 0.16  0.0    0  6.5 12 180   M    M   3 18     21 160
10  77  66  72   M   0   7 0.01  0.0    0  6.3 12 270   M    M   4        23 250
11  79  63  71   M   0   6 0.00  0.0    0  6.1 10 360   M    M   3        15  10
12  84  59  72   M   0   7 0.00  0.0    0  4.4  9 200   M    M   0        18 270
13  82  70  76   M   0  11 0.00  0.0    0  1.8 14  60   M    M   2         M  M
14  88  68  78   M   0  13 0.00  0.0    0  4.5  7  99   M    M   2         M  M
15  84  70  77   M   0  12    M  0.0    0  7.8 15 200   M    M   2        22 200
16  84  68  76   M   0  11    M  0.0    0  3.5  7 340   M    M   4        15  99
17  82  68  75   M   0  10 0.00  0.0    0  4.1 10 140   M    M   3        18 140
18  88  68  78   M   0  13 1.22  0.0    0  8.3 15 170   M    M   7        25 170
19  90  77  84   M   0  19 0.00  0.0    M  7.2 13 180   M    M   2        25 180
20  82  66  74   M   0   9 0.30  0.0    0  7.6 18 360   M    M   6        27 360
21  79  64  72   M   0   7 0.00  0.0    0  6.0 10  10   M    M   0        17  99
22  73  61  67   M   0   2 0.00  0.0    0  7.5 14  10   M    M   2        21 350
================================================================================
SM 1811 1467         0 212  3.40     0.0 108.5          M       66
================================================================================
AV 82.3 66.7                               5.2 FASTST   M    M   3    MAX(MPH)
                                 MISC ---->  # 18 360               # 27  360
================================================================================
NOTES:
# LAST OF SEVERAL OCCURRENCES

COLUMN 17 PEAK WIND IN M.P.H.

PRELIMINARY LOCAL CLIMATOLOGICAL DATA (WS FORM: F-6) , PAGE 2

                                          STATION:  DECORAH IA
                                          MONTH:    JULY
                                          YEAR:     2019
                                          LATITUDE:   43 16 N
                                          LONGITUDE:  91 44 W

[TEMPERATURE DATA]      [PRECIPITATION DATA]       SYMBOLS USED IN COLUMN 16

AVERAGE MONTHLY: 74.5   TOTAL FOR MONTH:   3.40    1 = FOG OR MIST
DPTR FM NORMAL:     M   DPTR FM NORMAL:       M    2 = FOG REDUCING VISIBILITY
HIGHEST:    90 ON 19    GRTST 24HR  1.22 ON 18-18      TO 1/4 MILE OR LESS
LOWEST:     59 ON 12                               3 = THUNDER
                        SNOW, ICE PELLETS, HAIL    4 = ICE PELLETS
                        TOTAL MONTH:   0.0 INCH    5 = HAIL
                        GRTST 24HR     0.0         6 = FREEZING RAIN OR DRIZZLE
                        GRTST DEPTH:   0           7 = DUSTSTORM OR SANDSTORM:
                                                       VSBY 1/2 MILE OR LESS
                                                   8 = SMOKE OR HAZE
[NO. OF DAYS WITH]      [WEATHER - DAYS WITH]      9 = BLOWING SNOW
                                                   X = TORNADO
MAX 32 OR BELOW:   0    0.01 INCH OR MORE:   7
MAX 90 OR ABOVE:   1    0.10 INCH OR MORE:   5
MIN 32 OR BELOW:   0    0.50 INCH OR MORE:   3
MIN  0 OR BELOW:   0    1.00 INCH OR MORE:   2

[HDD (BASE 65) ]
TOTAL THIS MO.     0    CLEAR  (SCALE 0-3)  12
DPTR FM NORMAL     M    PTCLDY (SCALE 4-7)  10
TOTAL FM JUL 1     0    CLOUDY (SCALE 8-10)  0
DPTR FM NORMAL     M

[CDD (BASE 65) ]
TOTAL THIS MO.   212
DPTR FM NORMAL     M    [PRESSURE DATA]
TOTAL FM JAN 1   306    HIGHEST SLP M ON M
DPTR FM NORMAL     M    LOWEST  SLP M ON M

[REMARKS]
