000
CXUS55 KSEW 280930
CF6HQM
PRELIMINARY LOCAL CLIMATOLOGICAL DATA (WS FORM: F-6)

                                          STATION:   HOQUIAM WA AIRPORT
                                          MONTH:     MAY
                                          YEAR:      2020
                                          LATITUDE:   46 58 N
                                          LONGITUDE: 123 56 W

  TEMPERATURE IN F:       :PCPN:    SNOW:  WIND      :SUNSHINE: SKY     :PK WND
================================================================================
1   2   3   4   5  6A  6B    7    8   9   10  11  12  13   14  15   16   17  18
                                     12Z  AVG MX 2MIN
DY MAX MIN AVG DEP HDD CDD  WTR  SNW DPTH SPD SPD DIR MIN PSBL S-S WX    SPD DR
================================================================================

 1  59  41  50  -1  15   0 0.01  0.0    0  7.9 18 220   M    M   7 12     22 210
 2  56  48  52   1  13   0 0.49  0.0    0 12.2 26 220   M    M   7 1      32 220
 3  56  43  50  -1  15   0 0.05  0.0    0  8.5 18 240   M    M   3        22 280
 4  61  39  50  -1  15   0 0.02  0.0    0  9.2 21 210   M    M   6 18     26 230
 5  65  46  56   5   9   0 0.10  0.0    0 10.5 23 240   M    M   5 1      30 230
 6  57  46  52   0  13   0 0.24  0.0    0 12.2 24 240   M    M   5 1      29 240
 7  71  41  56   4   9   0 0.00  0.0    0  9.1 21  80   M    M   0        28  70
 8  80  52  66  14   0   1 0.00  0.0    0 12.4 23  80   M    M   0        29  70
 9  85  56  71  19   0   6 0.00  0.0    0  9.3 17 110   M    M   0        24 110
10  82  52  67  15   0   2 0.00  0.0    0  8.5 17 260   M    M   1        20 260
11  59  51  55   3  10   0 0.03  0.0    0  5.0 14 220   M    M   9 1      18 220
12  60  51  56   3   9   0 0.47  0.0    0 11.5 24 210   M    M  10 1      29 210
13  59  50  55   2  10   0 0.12  0.0    0  9.6 23 210   M    M   7 1      26 220
14  60  49  55   2  10   0 0.11  0.0    0  6.5 15 270   M    M   5 1      19 290
15  60  46  53   0  12   0    T  0.0    0  5.7 15 260   M    M   5 8      18 240
16  58  52  55   2  10   0 0.53  0.0    0  9.4 17 110   M    M  10 1      26 120
17  62  50  56   3   9   0 0.03  0.0    0  5.6 14 280   M    M   4        17 280
18  62  45  54   1  11   0    T  0.0    0  8.4 21 290   M    M   4        26 290
19  57  51  54   0  11   0 0.02  0.0    0  9.8 15 280   M    M  10 1      18 270
20  57  49  53  -1  12   0 0.08  0.0    0 10.9 21 290   M    M  10 1      25 290
21  57  46  52  -2  13   0 0.24  0.0    0 10.7 23 290   M    M   5 1      30 290
22  57  50  54   0  11   0    T  0.0    0 10.9 21 280   M    M  10        25 300
23  58  49  54   0  11   0 0.00  0.0    0  5.9 14 260   M    M   7        20 250
24  61  47  54   0  11   0    T  0.0    0  5.6 16 270   M    M   8        18 260
25  59  53  56   2   9   0 0.27  0.0    0  6.2 15 250   M    M  10 1      17 250
26  62  49  56   2   9   0 0.00  0.0    0  6.9 15 270   M    M   6        18 270
27  73  46  60   5   5   0 0.00  0.0    0  5.3 15 290   M    M   0 1      18 280
================================================================================
SM 1693 1298       262   9  2.81     0.0 233.7          M      154
================================================================================
AV 62.7 48.1                               8.7 FASTST   M    M   6    MAX(MPH)
                                 MISC ---->  # 26 220               # 32  220
================================================================================
NOTES:
# LAST OF SEVERAL OCCURRENCES

COLUMN 17 PEAK WIND IN M.P.H.

PRELIMINARY LOCAL CLIMATOLOGICAL DATA (WS FORM: F-6) , PAGE 2

                                          STATION:  HOQUIAM WA AIRPORT
                                          MONTH:    MAY
                                          YEAR:     2020
                                          LATITUDE:   46 58 N
                                          LONGITUDE: 123 56 W

[TEMPERATURE DATA]      [PRECIPITATION DATA]       SYMBOLS USED IN COLUMN 16

AVERAGE MONTHLY: 55.4   TOTAL FOR MONTH:   2.81    1 = FOG OR MIST
DPTR FM NORMAL:   2.6   DPTR FM NORMAL:   -0.09    2 = FOG REDUCING VISIBILITY
HIGHEST:    85 ON  9    GRTST 24HR  0.53 ON 16-16      TO 1/4 MILE OR LESS
LOWEST:     39 ON  4                               3 = THUNDER
                        SNOW, ICE PELLETS, HAIL    4 = ICE PELLETS
                        TOTAL MONTH:   0.0 INCH    5 = HAIL
                        GRTST 24HR     0.0         6 = FREEZING RAIN OR DRIZZLE
                        GRTST DEPTH:   0           7 = DUSTSTORM OR SANDSTORM:
                                                       VSBY 1/2 MILE OR LESS
                                                   8 = SMOKE OR HAZE
[NO. OF DAYS WITH]      [WEATHER - DAYS WITH]      9 = BLOWING SNOW
                                                   X = TORNADO
MAX 32 OR BELOW:   0    0.01 INCH OR MORE:  16
MAX 90 OR ABOVE:   0    0.10 INCH OR MORE:   9
MIN 32 OR BELOW:   0    0.50 INCH OR MORE:   1
MIN  0 OR BELOW:   0    1.00 INCH OR MORE:   0

[HDD (BASE 65) ]
TOTAL THIS MO.   262    CLEAR  (SCALE 0-3)   6
DPTR FM NORMAL   -68    PTCLDY (SCALE 4-7)  13
TOTAL FM JUL 1  4607    CLOUDY (SCALE 8-10)  8
DPTR FM NORMAL  -294

[CDD (BASE 65) ]
TOTAL THIS MO.     9
DPTR FM NORMAL     9    [PRESSURE DATA]
TOTAL FM JAN 1     9    HIGHEST SLP M ON M
DPTR FM NORMAL     9    LOWEST  SLP 29.63 ON 12

[REMARKS]
