000
CXUS55 KSEW 230930
CF6HQM
PRELIMINARY LOCAL CLIMATOLOGICAL DATA (WS FORM: F-6)

                                          STATION:   HOQUIAM WA AIRPORT
                                          MONTH:     JULY
                                          YEAR:      2019
                                          LATITUDE:   46 58 N
                                          LONGITUDE: 123 56 W

  TEMPERATURE IN F:       :PCPN:    SNOW:  WIND      :SUNSHINE: SKY     :PK WND
================================================================================
1   2   3   4   5  6A  6B    7    8   9   10  11  12  13   14  15   16   17  18
                                     12Z  AVG MX 2MIN
DY MAX MIN AVG DEP HDD CDD  WTR  SNW DPTH SPD SPD DIR MIN PSBL S-S WX    SPD DR
================================================================================

 1  64  55  60   1   5   0 0.00  0.0    0 10.0 20 260   M    M  10        25 290
 2  63  56  60   1   5   0 0.00  0.0    0  8.9 16 250   M    M  10 18     19 240
 3  64  56  60   1   5   0    T  0.0    0  5.8 14 260   M    M   8 1      16 240
 4  65  57  61   2   4   0 0.00  0.0    0  6.5 12 270   M    M  10        14 270
 5  65  56  61   2   4   0 0.02  0.0    0  8.5 15 260   M    M   9 1      17 250
 6  67  56  62   3   3   0 0.08  0.0    0  7.7 17 250   M    M   7 1      20 260
 7  65  57  61   2   4   0 0.03  0.0    0  8.4 17 250   M    M   9 1      20 240
 8  68  56  62   3   3   0 0.06  0.0    0  4.6 16 260   M    M   5 1      18 260
 9  67  53  60   0   5   0 0.40  0.0    0  4.8 15 250   M    M   5 1      18 250
10  64  60  62   2   3   0 0.35  0.0    0  8.2 18 210   M    M  10 1      23 210
11  69  59  64   4   1   0 0.04  0.0    0  6.6 15 290   M    M   8 1      19 280
12  73  59  66   6   0   1 0.00  0.0    0  7.0 16 290   M    M   5 1      19 290
13  70  60  65   5   0   0 0.00  0.0    0  8.6 16 240   M    M   4 1      19 240
14  72  59  66   6   0   1 0.00  0.0    0  7.2 17 280   M    M   2 1      22 280
15  71  61  66   6   0   1 0.08  0.0    0  7.1 15 240   M    M   8 1      18 250
16  72  58  65   5   0   0 0.00  0.0    0  7.9 18 250   M    M   7 128    20 250
17  66  59  63   3   2   0 0.11  0.0    0 12.6 22 260   M    M  10 1      25 260
18  67  56  62   2   3   0 0.01  0.0    0  9.8 18 290   M    M   4 1      26 290
19  68  54  61   1   4   0 0.00  0.0    0  9.2 20 290   M    M   2        24 290
20  72  50  61   1   4   0 0.00  0.0    0  5.9 16 290   M    M   0 12     19 290
21  73  51  62   2   3   0 0.00  0.0    0  7.5 17 290   M    M   0        21 280
22  69  58  64   4   1   0 0.00  0.0    0  8.2 16 240   M    M   6        19 250
================================================================================
SM 1494 1246        59   3  1.18     0.0 171.0          M      139
================================================================================
AV 67.9 56.6                               7.8 FASTST   M    M   6    MAX(MPH)
                                 MISC ---->  # 22 260               # 26  290
================================================================================
NOTES:
# LAST OF SEVERAL OCCURRENCES

COLUMN 17 PEAK WIND IN M.P.H.

PRELIMINARY LOCAL CLIMATOLOGICAL DATA (WS FORM: F-6) , PAGE 2

                                          STATION:  HOQUIAM WA AIRPORT
                                          MONTH:    JULY
                                          YEAR:     2019
                                          LATITUDE:   46 58 N
                                          LONGITUDE: 123 56 W

[TEMPERATURE DATA]      [PRECIPITATION DATA]       SYMBOLS USED IN COLUMN 16

AVERAGE MONTHLY: 62.3   TOTAL FOR MONTH:   1.18    1 = FOG OR MIST
DPTR FM NORMAL:   2.6   DPTR FM NORMAL:    0.30    2 = FOG REDUCING VISIBILITY
HIGHEST:    73 ON 21,12 GRTST 24HR  0.40 ON  9- 9      TO 1/4 MILE OR LESS
LOWEST:     50 ON 20                               3 = THUNDER
                        SNOW, ICE PELLETS, HAIL    4 = ICE PELLETS
                        TOTAL MONTH:   0.0 INCH    5 = HAIL
                        GRTST 24HR     0.0         6 = FREEZING RAIN OR DRIZZLE
                        GRTST DEPTH:   0           7 = DUSTSTORM OR SANDSTORM:
                                                       VSBY 1/2 MILE OR LESS
                                                   8 = SMOKE OR HAZE
[NO. OF DAYS WITH]      [WEATHER - DAYS WITH]      9 = BLOWING SNOW
                                                   X = TORNADO
MAX 32 OR BELOW:   0    0.01 INCH OR MORE:  10
MAX 90 OR ABOVE:   0    0.10 INCH OR MORE:   3
MIN 32 OR BELOW:   0    0.50 INCH OR MORE:   0
MIN  0 OR BELOW:   0    1.00 INCH OR MORE:   0

[HDD (BASE 65) ]
TOTAL THIS MO.    59    CLEAR  (SCALE 0-3)   4
DPTR FM NORMAL   -59    PTCLDY (SCALE 4-7)  11
TOTAL FM JUL 1    59    CLOUDY (SCALE 8-10)  7
DPTR FM NORMAL   -59

[CDD (BASE 65) ]
TOTAL THIS MO.     3
DPTR FM NORMAL     3    [PRESSURE DATA]
TOTAL FM JAN 1    14    HIGHEST SLP M ON M
DPTR FM NORMAL    11    LOWEST  SLP 29.82 ON 17

[REMARKS]
