000
CXUS55 KSEW 210930
CF6HQM
PRELIMINARY LOCAL CLIMATOLOGICAL DATA (WS FORM: F-6)

                                          STATION:   HOQUIAM WA AIRPORT
                                          MONTH:     MAY
                                          YEAR:      2019
                                          LATITUDE:   46 58 N
                                          LONGITUDE: 123 56 W

  TEMPERATURE IN F:       :PCPN:    SNOW:  WIND      :SUNSHINE: SKY     :PK WND
================================================================================
1   2   3   4   5  6A  6B    7    8   9   10  11  12  13   14  15   16   17  18
                                     12Z  AVG MX 2MIN
DY MAX MIN AVG DEP HDD CDD  WTR  SNW DPTH SPD SPD DIR MIN PSBL S-S WX    SPD DR
================================================================================

 1  56  48  52   1  13   0 0.00  0.0    0 10.9 18 250   M    M   8 1      22 250
 2  57  47  52   1  13   0 0.00  0.0    0  9.4 16 280   M    M   9        21 270
 3  58  42  50  -1  15   0 0.00  0.0    0  6.3 15 290   M    M   3        20 280
 4  59  38  49  -2  16   0 0.00  0.0    0  6.8 16 280   M    M   1 1      19 290
 5  58  49  54   3  11   0 0.00  0.0    0  6.9 16 260   M    M   5 18     20 260
 6  67  47  57   5   8   0 0.00  0.0    0  7.7 18 260   M    M   5 12     21 260
 7  61  50  56   4   9   0 0.00  0.0    0  7.1 18 260   M    M   6 18     20 270
 8  60  50  55   3  10   0 0.00  0.0    0  6.2 16 260   M    M   5 18     19 250
 9  83  47  65  13   0   0 0.00  0.0    0  6.9 17 290   M    M   0 1      24 100
10  83  48  66  14   0   1 0.00  0.0    0  8.5 20 220   M    M   0 1      22 220
11  55  51  53   1  12   0 0.00  0.0    0  9.0 18 250   M    M  10 1      20 250
12  57  50  54   1  11   0 0.00  0.0    0  9.3 17 260   M    M   7 1      22 240
13  59  50  55   2  10   0 0.00  0.0    0  6.9 17 250   M    M   4        20 260
14  61  49  55   2  10   0 0.21  0.0    0 10.1 24 210   M    M  10 1      29 210
15  65  46  56   3   9   0 0.21  0.0    0  7.6 18 100   M    M   6 1      23 110
16  59  52  56   3   9   0 0.32  0.0    0  6.3 16 260   M    M   9 1      17 260
17  59  51  55   2  10   0 0.05  0.0    0 12.1 25 180   M    M  10 18     30 180
18  70  50  60   7   5   0 0.05  0.0    0  8.9 35 210   M    M   8 18     42 190
19  59  52  56   2   9   0 0.20  0.0    0  7.7 16 290   M    M   9 1      20 280
20  62  51  57   3   8   0 0.10  0.0    0  9.7 20 190   M    M   9 1      25 180
================================================================================
SM 1248  968       188   1  1.14     0.0 164.3          M      124
================================================================================
AV 62.4 48.4                               8.2 FASTST   M    M   6    MAX(MPH)
                                 MISC ---->  # 35 210               # 42  190
================================================================================
NOTES:
# LAST OF SEVERAL OCCURRENCES

COLUMN 17 PEAK WIND IN M.P.H.

PRELIMINARY LOCAL CLIMATOLOGICAL DATA (WS FORM: F-6) , PAGE 2

                                          STATION:  HOQUIAM WA AIRPORT
                                          MONTH:    MAY
                                          YEAR:     2019
                                          LATITUDE:   46 58 N
                                          LONGITUDE: 123 56 W

[TEMPERATURE DATA]      [PRECIPITATION DATA]       SYMBOLS USED IN COLUMN 16

AVERAGE MONTHLY: 55.4   TOTAL FOR MONTH:   1.14    1 = FOG OR MIST
DPTR FM NORMAL:   3.1   DPTR FM NORMAL:   -1.09    2 = FOG REDUCING VISIBILITY
HIGHEST:    83 ON 10, 9 GRTST 24HR  0.32 ON 16-16      TO 1/4 MILE OR LESS
LOWEST:     38 ON  4                               3 = THUNDER
                        SNOW, ICE PELLETS, HAIL    4 = ICE PELLETS
                        TOTAL MONTH:   0.0 INCH    5 = HAIL
                        GRTST 24HR     0.0         6 = FREEZING RAIN OR DRIZZLE
                        GRTST DEPTH:   0           7 = DUSTSTORM OR SANDSTORM:
                                                       VSBY 1/2 MILE OR LESS
                                                   8 = SMOKE OR HAZE
[NO. OF DAYS WITH]      [WEATHER - DAYS WITH]      9 = BLOWING SNOW
                                                   X = TORNADO
MAX 32 OR BELOW:   0    0.01 INCH OR MORE:   7
MAX 90 OR ABOVE:   0    0.10 INCH OR MORE:   5
MIN 32 OR BELOW:   0    0.50 INCH OR MORE:   0
MIN  0 OR BELOW:   0    1.00 INCH OR MORE:   0

[HDD (BASE 65) ]
TOTAL THIS MO.   188    CLEAR  (SCALE 0-3)   4
DPTR FM NORMAL   -66    PTCLDY (SCALE 4-7)   9
TOTAL FM JUL 1  4303    CLOUDY (SCALE 8-10)  7
DPTR FM NORMAL  -522

[CDD (BASE 65) ]
TOTAL THIS MO.     1
DPTR FM NORMAL     1    [PRESSURE DATA]
TOTAL FM JAN 1     1    HIGHEST SLP M ON M
DPTR FM NORMAL     1    LOWEST  SLP 29.53 ON 16

[REMARKS]
