000
CXUS54 KHGX 221515
CF6IAH
PRELIMINARY LOCAL CLIMATOLOGICAL DATA (WS FORM: F-6)

                                          STATION:   HOUSTON INTERCONTINENTAL
                                          MONTH:     MAY
                                          YEAR:      2019
                                          LATITUDE:   29 58 N
                                          LONGITUDE:  95 21 W

  TEMPERATURE IN F:       :PCPN:    SNOW:  WIND      :SUNSHINE: SKY     :PK WND
================================================================================
1   2   3   4   5  6A  6B    7    8   9   10  11  12  13   14  15   16   17  18
                                     12Z  AVG MX 2MIN
DY MAX MIN AVG DEP HDD CDD  WTR  SNW DPTH SPD SPD DIR MIN PSBL S-S WX    SPD DR
================================================================================

 1  86  76  81   8   0  16    T  0.0    0 15.1 24 150   M    M   8        30 150
 2  84  67  76   2   0  11 0.45  0.0    0 11.9 36  90   M    M   9 13     41 100
 3  77  69  73  -1   0   8 0.07  0.0    0  8.5 23 330   M    M   8 3      33 340
 4  86  67  77   3   0  12 0.81  0.0    0  6.5 24 270   M    M   6 13     34 260
 5  86  65  76   2   0  11 0.00  0.0    0  6.8 14 140   M    M   5        19 150
 6  84  63  74  -1   0   9 0.00  0.0    0  7.2 23  60   M    M   9        26  60
 7  81  68  75   0   0  10 1.92  0.0    0 10.0 28 160   M    M   9 13     38 160
 8  83  71  77   2   0  12 0.08  0.0    0 10.1 25 140   M    M   9 1      30 140
 9  89  68  79   4   0  14 2.53  0.0    0  8.8 39 350   M    M   9 138    48 350
10  77  67  72  -4   0   7 0.62  0.0    0  8.4 23  90   M    M   9 13     29  80
11  78  67  73  -3   0   8 0.40  0.0    0  6.9 17 150   M    M   9 13     20 150
12  79  64  72  -4   0   7    T  0.0    0  7.8 25  10   M    M   7        29  10
13  84  59  72  -4   0   7 0.00  0.0    0  5.6 17 100   M    M   2        22 100
14  86  65  76  -1   0  11 0.00  0.0    0  7.3 20 140   M    M   4        23 140
15  86  67  77   0   0  12    T  0.0    0  6.8 17 130   M    M   4        24 160
16  87  64  76  -1   0  11 0.00  0.0    0  7.3 21 140   M    M   2 1      29 110
17  86  66  76  -1   0  11    T  0.0    0 12.2 26 140   M    M   6        31 150
18  84  77  81   3   0  16 0.09  0.0    0 12.6 25 150   M    M   9 1      30 140
19  93  78  86   8   0  21 0.00  0.0    0  9.2 21 140   M    M   8 18     25 140
20  90  77  84   6   0  19 0.00  0.0    0 16.7 31 150   M    M   6        37 140
21  90  79  85   7   0  20    T  0.0    0 16.1 26 160   M    M   8        35 170
================================================================================
SM 1776 1444         0 253  6.97     0.0 201.8          M      146
================================================================================
AV 84.6 68.8                               9.6 FASTST   M    M   7    MAX(MPH)
                                 MISC ---->  # 39 350               # 48  350
================================================================================
NOTES:
# LAST OF SEVERAL OCCURRENCES

COLUMN 17 PEAK WIND IN M.P.H.

PRELIMINARY LOCAL CLIMATOLOGICAL DATA (WS FORM: F-6) , PAGE 2

                                          STATION:  HOUSTON INTERCONTINENTAL
                                          MONTH:    MAY
                                          YEAR:     2019
                                          LATITUDE:   29 58 N
                                          LONGITUDE:  95 21 W

[TEMPERATURE DATA]      [PRECIPITATION DATA]       SYMBOLS USED IN COLUMN 16

AVERAGE MONTHLY: 76.7   TOTAL FOR MONTH:   6.97    1 = FOG OR MIST
DPTR FM NORMAL:   0.8   DPTR FM NORMAL:    3.54    2 = FOG REDUCING VISIBILITY
HIGHEST:    93 ON 19    GRTST 24HR  2.53 ON  9- 9      TO 1/4 MILE OR LESS
LOWEST:     59 ON 13                               3 = THUNDER
                        SNOW, ICE PELLETS, HAIL    4 = ICE PELLETS
                        TOTAL MONTH:   0.0 INCH    5 = HAIL
                        GRTST 24HR     0.0         6 = FREEZING RAIN OR DRIZZLE
                        GRTST DEPTH:   0           7 = DUSTSTORM OR SANDSTORM:
                                                       VSBY 1/2 MILE OR LESS
                                                   8 = SMOKE OR HAZE
[NO. OF DAYS WITH]      [WEATHER - DAYS WITH]      9 = BLOWING SNOW
                                                   X = TORNADO
MAX 32 OR BELOW:   0    0.01 INCH OR MORE:   9
MAX 90 OR ABOVE:   3    0.10 INCH OR MORE:   6
MIN 32 OR BELOW:   0    0.50 INCH OR MORE:   4
MIN  0 OR BELOW:   0    1.00 INCH OR MORE:   2

[HDD (BASE 65) ]
TOTAL THIS MO.     0    CLEAR  (SCALE 0-3)   2
DPTR FM NORMAL     0    PTCLDY (SCALE 4-7)   9
TOTAL FM JUL 1  1290    CLOUDY (SCALE 8-10) 10
DPTR FM NORMAL   -76

[CDD (BASE 65) ]
TOTAL THIS MO.   253
DPTR FM NORMAL    25    [PRESSURE DATA]
TOTAL FM JAN 1   557    HIGHEST SLP M ON M
DPTR FM NORMAL    48    LOWEST  SLP 29.64 ON 21

[REMARKS]
