398
CXUS53 KIND 220730
CF6LAF
PRELIMINARY LOCAL CLIMATOLOGICAL DATA (WS FORM: F-6)

                                          STATION:   LAFAYETTE IN
                                          MONTH:     MARCH
                                          YEAR:      2019
                                          LATITUDE:   40 25 N
                                          LONGITUDE:  86 56 W

  TEMPERATURE IN F:       :PCPN:    SNOW:  WIND      :SUNSHINE: SKY     :PK WND
================================================================================
1   2   3   4   5  6A  6B    7    8   9   10  11  12  13   14  15   16   17  18
                                     12Z  AVG MX 2MIN
DY MAX MIN AVG DEP HDD CDD  WTR  SNW DPTH SPD SPD DIR MIN PSBL S-S WX    SPD DR
================================================================================

 1  42  22  32  -3  33   0 0.00    M    M  6.2 16  60   M    M   0        23  40
 2  35  24  30  -5  35   0 0.00    M    M  6.6 16 330   M    M   9 18     21 320
 3  28  10  19 -17  46   0    T    M    M  9.8 20 340   M    M   8 1      28 340
 4  11  -2   5 -31  60   0    T    M    M 11.4 20 260   M    M   5 8      28 270
 5  20   6  13 -23  52   0    T    M    M 13.1 23 270   M    M   5 8      33 270
 6  28   9  19 -18  46   0    T    M    M 10.2 17 260   M    M   3 1      24 250
 7  31  16  24 -13  41   0 0.00    M    M  4.5 12 280   M    M   2        17 280
 8  41  26  34  -4  31   0    T    M    M  7.6 13  90   M    M  10 18     16  90
 9  51  33  42   4  23   0 1.00    M    M 13.4 24 240   M    M  10 13     39 110
10  50  31  41   3  24   0 0.01    M    M 16.3 31 260   M    M   7 1      47 260
11  44  26  35  -4  30   0 0.00    M    M  6.6 15 290   M    M   2 8      21 290
12  48  21  35  -4  30   0 0.00    M    M  5.6 17 160   M    M   0 1      27 160
13  66  40  53  13  12   0 0.09    M    M  8.5 17 150   M    M   5 1      31 160
14  72  45  59  19   6   0 0.64    M    M 16.9 33 260   M    M   5 13     50 250
15  45  30  38  -2  27   0 0.03    M    M 14.6 26 270   M    M   8 1      42 260
16  43  26  35  -6  30   0 0.00    M    M  8.5 18 280   M    M   2        26 260
17  42  24  33  -8  32   0 0.03    M    M  5.6 16 280   M    M   6 1      22 290
18  44  22  33  -9  32   0 0.00    M    M  3.6 15 260   M    M   3 1      18 250
19  49  22  36  -6  29   0 0.00    M    M  2.8 10 210   M    M   2 1      16 220
20  46  36  41  -1  24   0 0.05    M    M  5.9 16 200   M    M   9 1      27 200
21  44  35  40  -3  25   0 0.03    M    M  8.0 18 310   M    M   8 1      26 340
================================================================================
SM  880  502       668   0  1.88    M    185.7          M      109
================================================================================
AV 41.9 23.9                               8.8 FASTST   M    M   5    MAX(MPH)
                                 MISC ---->  # 33 260               # 50  250
================================================================================
NOTES:
# LAST OF SEVERAL OCCURRENCES

COLUMN 17 PEAK WIND IN M.P.H.

PRELIMINARY LOCAL CLIMATOLOGICAL DATA (WS FORM: F-6) , PAGE 2

                                          STATION:  LAFAYETTE IN
                                          MONTH:    MARCH
                                          YEAR:     2019
                                          LATITUDE:   40 25 N
                                          LONGITUDE:  86 56 W

[TEMPERATURE DATA]      [PRECIPITATION DATA]       SYMBOLS USED IN COLUMN 16

AVERAGE MONTHLY: 32.9   TOTAL FOR MONTH:   1.88    1 = FOG OR MIST
DPTR FM NORMAL:  -5.9   DPTR FM NORMAL:    0.15    2 = FOG REDUCING VISIBILITY
HIGHEST:    72 ON 14    GRTST 24HR  1.00 ON  9- 9      TO 1/4 MILE OR LESS
LOWEST:     -2 ON  4                               3 = THUNDER
                        SNOW, ICE PELLETS, HAIL    4 = ICE PELLETS
                        TOTAL MONTH:    M          5 = HAIL
                        GRTST 24HR    M  ON   M    6 = FREEZING RAIN OR DRIZZLE
                        GRTST DEPTH:  M  ON   M    7 = DUSTSTORM OR SANDSTORM:
                                                       VSBY 1/2 MILE OR LESS
                                                   8 = SMOKE OR HAZE
[NO. OF DAYS WITH]      [WEATHER - DAYS WITH]      9 = BLOWING SNOW
                                                   X = TORNADO
MAX 32 OR BELOW:   5    0.01 INCH OR MORE:   8
MAX 90 OR ABOVE:   0    0.10 INCH OR MORE:   2
MIN 32 OR BELOW:  16    0.50 INCH OR MORE:   2
MIN  0 OR BELOW:   1    1.00 INCH OR MORE:   1

[HDD (BASE 65) ]
TOTAL THIS MO.   668    CLEAR  (SCALE 0-3)   8
DPTR FM NORMAL   119    PTCLDY (SCALE 4-7)   7
TOTAL FM JUL 1  5185    CLOUDY (SCALE 8-10)  6
DPTR FM NORMAL   302

[CDD (BASE 65) ]
TOTAL THIS MO.     0
DPTR FM NORMAL     0    [PRESSURE DATA]
TOTAL FM JAN 1     0    HIGHEST SLP M ON M
DPTR FM NORMAL     0    LOWEST  SLP 29.41 ON 14

[REMARKS]
