000
CXUS53 KIND 230730
CF6LAF
PRELIMINARY LOCAL CLIMATOLOGICAL DATA (WS FORM: F-6)

                                          STATION:   LAFAYETTE IN
                                          MONTH:     JULY
                                          YEAR:      2019
                                          LATITUDE:   40 25 N
                                          LONGITUDE:  86 56 W

  TEMPERATURE IN F:       :PCPN:    SNOW:  WIND      :SUNSHINE: SKY     :PK WND
================================================================================
1   2   3   4   5  6A  6B    7    8   9   10  11  12  13   14  15   16   17  18
                                     12Z  AVG MX 2MIN
DY MAX MIN AVG DEP HDD CDD  WTR  SNW DPTH SPD SPD DIR MIN PSBL S-S WX    SPD DR
================================================================================

 1  89  67  78   4   0  13 0.00    M    M  4.9 16 320   M    M   1        23 330
 2  92  70  81   6   0  16 0.00    M    M  5.7 13 230   M    M   0 1      23 220
 3  89  70  80   5   0  15    T    M    M  3.5 13 330   M    M   1 3      20 200
 4  89  69  79   4   0  14 0.00    M    M  3.9 12 240   M    M   1        17 210
 5  92  71  82   7   0  17 1.26    M    M  3.6 22 230   M    M   1 13     31 220
 6  91  70  81   6   0  16 0.02    M    M  4.2 22  20   M    M   3 123    32 350
 7  83  64  74  -1   0   9 0.00    M    M  5.7 15 360   M    M   5 18     21 350
 8  84  65  75   0   0  10 0.00    M    M  5.3 13  60   M    M   1        20  60
 9  89  60  75   0   0  10 0.00    M    M  1.6 10 260   M    M   0        14 260
10  94  69  82   7   0  17 0.11    M    M  3.6 16 190   M    M   3 1      28 190
11  85  62  74  -1   0   9 0.00    M    M  5.3 16 350   M    M   3        23  10
12  85  55  70  -5   0   5 0.00    M    M  2.5 10 290   M    M   0 1      16  50
13  91  61  76   1   0  11 0.00    M    M  4.3 13 250   M    M   0 1      21 260
14  92  72  82   7   0  17 0.05    M    M  4.1 13 330   M    M   3 13     16 310
15  90  69  80   5   0  15 0.00    M    M  5.0 16 230   M    M   2        24 230
16  85  72  79   4   0  14 0.42    M    M  5.1 15 190   M    M   7 138    27 190
17  91  73  82   7   0  17 0.01    M    M  3.5 12 280   M    M   6 1      16 290
18  91  73  82   7   0  17 0.00    M    M  5.5 14 180   M    M   2 13     25 180
19  93  78  86  11   0  21 0.00    M    M  8.2 17 220   M    M   2 1      28 190
20  93  76  85  11   0  20 0.00    M    M  7.1 16 230   M    M   2 1      28 210
21  92  70  81   7   0  16 1.00    M    M  4.5 30 280   M    M   4 13     49 290
22  76  56  66  -8   0   1    T    M    M  8.3 20 360   M    M   4        27 340
================================================================================
SM 1956 1492         0 300  2.87    M    105.4          M       51
================================================================================
AV 88.9 67.8                               4.8 FASTST   M    M   2    MAX(MPH)
                                 MISC ---->  # 30 280               # 49  290
================================================================================
NOTES:
# LAST OF SEVERAL OCCURRENCES

COLUMN 17 PEAK WIND IN M.P.H.

PRELIMINARY LOCAL CLIMATOLOGICAL DATA (WS FORM: F-6) , PAGE 2

                                          STATION:  LAFAYETTE IN
                                          MONTH:    JULY
                                          YEAR:     2019
                                          LATITUDE:   40 25 N
                                          LONGITUDE:  86 56 W

[TEMPERATURE DATA]      [PRECIPITATION DATA]       SYMBOLS USED IN COLUMN 16

AVERAGE MONTHLY: 78.4   TOTAL FOR MONTH:   2.87    1 = FOG OR MIST
DPTR FM NORMAL:   3.5   DPTR FM NORMAL:   -0.10    2 = FOG REDUCING VISIBILITY
HIGHEST:    94 ON 10    GRTST 24HR  1.26 ON  5- 5      TO 1/4 MILE OR LESS
LOWEST:     55 ON 12                               3 = THUNDER
                        SNOW, ICE PELLETS, HAIL    4 = ICE PELLETS
                        TOTAL MONTH:    M          5 = HAIL
                        GRTST 24HR    M  ON   M    6 = FREEZING RAIN OR DRIZZLE
                        GRTST DEPTH:  M  ON   M    7 = DUSTSTORM OR SANDSTORM:
                                                       VSBY 1/2 MILE OR LESS
                                                   8 = SMOKE OR HAZE
[NO. OF DAYS WITH]      [WEATHER - DAYS WITH]      9 = BLOWING SNOW
                                                   X = TORNADO
MAX 32 OR BELOW:   0    0.01 INCH OR MORE:   7
MAX 90 OR ABOVE:  12    0.10 INCH OR MORE:   4
MIN 32 OR BELOW:   0    0.50 INCH OR MORE:   2
MIN  0 OR BELOW:   0    1.00 INCH OR MORE:   2

[HDD (BASE 65) ]
TOTAL THIS MO.     0    CLEAR  (SCALE 0-3)  16
DPTR FM NORMAL     0    PTCLDY (SCALE 4-7)   6
TOTAL FM JUL 1     0    CLOUDY (SCALE 8-10)  0
DPTR FM NORMAL     0

[CDD (BASE 65) ]
TOTAL THIS MO.   300
DPTR FM NORMAL    82    [PRESSURE DATA]
TOTAL FM JAN 1   533    HIGHEST SLP M ON M
DPTR FM NORMAL    21    LOWEST  SLP 29.82 ON 21

[REMARKS]
