000
CXUS53 KIND 270730
CF6LAF
PRELIMINARY LOCAL CLIMATOLOGICAL DATA (WS FORM: F-6)

                                          STATION:   LAFAYETTE IN
                                          MONTH:     MAY
                                          YEAR:      2019
                                          LATITUDE:   40 25 N
                                          LONGITUDE:  86 56 W

  TEMPERATURE IN F:       :PCPN:    SNOW:  WIND      :SUNSHINE: SKY     :PK WND
================================================================================
1   2   3   4   5  6A  6B    7    8   9   10  11  12  13   14  15   16   17  18
                                     12Z  AVG MX 2MIN
DY MAX MIN AVG DEP HDD CDD  WTR  SNW DPTH SPD SPD DIR MIN PSBL S-S WX    SPD DR
================================================================================

 1  74  52  63   6   2   0 0.01    M    M  8.7 25 230   M    M   6 1      43 200
 2  66  51  59   2   6   0 0.27    M    M  5.4 14 340   M    M  10 12     19 220
 3  59  47  53  -5  12   0 0.01    M    M  7.7 14 360   M    M  10 1      20 350
 4  61  46  54  -4  11   0 0.19    M    M  5.4 13  40   M    M   7 1      18  30
 5  71  39  55  -3  10   0 0.00    M    M  1.3  9 260   M    M   2 12     16 290
 6  77  46  62   3   3   0 0.00    M    M  5.3 16 210   M    M   0 1      24 230
 7  73  48  61   2   4   0    T    M    M  8.0 20  50   M    M   4 18     25  50
 8  81  49  65   6   0   0 0.00    M    M 12.8 22 100   M    M   3        32 140
 9  73  50  62   2   3   0 0.34    M    M 10.5 22 240   M    M   9 1      32 260
10  58  42  50 -10  15   0 0.00    M    M  7.1 15 280   M    M   8        20 270
11  55  37  46 -14  19   0 0.26    M    M 10.1 21  60   M    M   5 1      28  40
12  49  43  46 -14  19   0 0.11    M    M  6.3 17  60   M    M  10 1      26  70
13  62  41  52  -9  13   0 0.01    M    M  7.3 17 350   M    M   7 1      22 350
14  69  36  53  -8  12   0 0.00    M    M  1.7 13 320   M    M   1 1      18 320
15  74  47  61  -1   4   0 0.00    M    M  2.7 12 190   M    M   6        17 220
16  76  55  66   4   0   1 0.35    M    M  6.2 28  20   M    M   1 13     38  20
17  78  60  69   7   0   4 0.00    M    M  6.5 17 280   M    M   2        24 290
18  86  55  71   9   0   6 0.00    M    M  8.3 21 220   M    M   1 1      36 190
19  75  61  68   5   0   3 0.30    M    M 10.3 29 270   M    M   6 138    39 270
20  62  45  54  -9  11   0    T    M    M 10.3 17 290   M    M   7        27 290
21  57  45  51 -13  14   0    T    M    M 15.3 24  90   M    M   6        37 100
22  79  53  66   2   0   1 0.74    M    M  7.5 23 110   M    M   3 1      35 130
23  78  60  69   5   0   4 0.34    M    M  8.2 30 260   M    M   3 13     52 280
24  85  55  70   5   0   5 0.02    M    M  5.3 15 190   M    M   3 13     25 220
25  83  69  76  11   0  11 0.51    M    M  7.6 17 270   M    M   3 13     26 250
26  78  60  69   4   0   4 0.78    M    M  3.5 39 270   M    M   6 13     58 270
================================================================================
SM 1839 1292       158  39  4.24    M    189.3          M      129
================================================================================
AV 70.7 49.7                               7.3 FASTST   M    M   5    MAX(MPH)
                                 MISC ---->  # 39 270               # 58  270
================================================================================
NOTES:
# LAST OF SEVERAL OCCURRENCES

COLUMN 17 PEAK WIND IN M.P.H.

PRELIMINARY LOCAL CLIMATOLOGICAL DATA (WS FORM: F-6) , PAGE 2

                                          STATION:  LAFAYETTE IN
                                          MONTH:    MAY
                                          YEAR:     2019
                                          LATITUDE:   40 25 N
                                          LONGITUDE:  86 56 W

[TEMPERATURE DATA]      [PRECIPITATION DATA]       SYMBOLS USED IN COLUMN 16

AVERAGE MONTHLY: 60.2   TOTAL FOR MONTH:   4.24    1 = FOG OR MIST
DPTR FM NORMAL:  -0.9   DPTR FM NORMAL:    0.76    2 = FOG REDUCING VISIBILITY
HIGHEST:    86 ON 18    GRTST 24HR  0.78 ON 26-26      TO 1/4 MILE OR LESS
LOWEST:     36 ON 14                               3 = THUNDER
                        SNOW, ICE PELLETS, HAIL    4 = ICE PELLETS
                        TOTAL MONTH:    M          5 = HAIL
                        GRTST 24HR    M  ON   M    6 = FREEZING RAIN OR DRIZZLE
                        GRTST DEPTH:  M  ON   M    7 = DUSTSTORM OR SANDSTORM:
                                                       VSBY 1/2 MILE OR LESS
                                                   8 = SMOKE OR HAZE
[NO. OF DAYS WITH]      [WEATHER - DAYS WITH]      9 = BLOWING SNOW
                                                   X = TORNADO
MAX 32 OR BELOW:   0    0.01 INCH OR MORE:  15
MAX 90 OR ABOVE:   0    0.10 INCH OR MORE:  11
MIN 32 OR BELOW:   0    0.50 INCH OR MORE:   3
MIN  0 OR BELOW:   0    1.00 INCH OR MORE:   0

[HDD (BASE 65) ]
TOTAL THIS MO.   158    CLEAR  (SCALE 0-3)  10
DPTR FM NORMAL    11    PTCLDY (SCALE 4-7)  12
TOTAL FM JUL 1  5971    CLOUDY (SCALE 8-10)  4
DPTR FM NORMAL   334

[CDD (BASE 65) ]
TOTAL THIS MO.    39
DPTR FM NORMAL    -8    [PRESSURE DATA]
TOTAL FM JAN 1    39    HIGHEST SLP M ON M
DPTR FM NORMAL   -21    LOWEST  SLP 29.70 ON 19

[REMARKS]
