000
CXUS53 KIND 280600
CF6LAF
PRELIMINARY LOCAL CLIMATOLOGICAL DATA (WS FORM: F-6)

                                          STATION:   LAFAYETTE IN
                                          MONTH:     MAY
                                          YEAR:      2020
                                          LATITUDE:   40 25 N
                                          LONGITUDE:  86 56 W

  TEMPERATURE IN F:       :PCPN:    SNOW:  WIND      :SUNSHINE: SKY     :PK WND
================================================================================
1   2   3   4   5  6A  6B    7    8   9   10  11  12  13   14  15   16   17  18
                                     12Z  AVG MX 2MIN
DY MAX MIN AVG DEP HDD CDD  WTR  SNW DPTH SPD SPD DIR MIN PSBL S-S WX    SPD DR
================================================================================

 1  69  37  53  -4  12   0    T    M    M  2.8  8 160   M    M   1 8      14 310
 2  84  58  71  14   0   6    T    M    M  8.2 18 270   M    M   4        27 260
 3  75  51  63   5   2   0 0.13    M    M  5.4 15 350   M    M   5 3      22 350
 4  65  47  56  -2   9   0 0.00    M    M  6.7 16  90   M    M   2        23 100
 5  57  43  50  -8  15   0 0.09    M    M 12.6 23  90   M    M  10 1      32  90
 6  63  40  52  -7  13   0 0.00    M    M  7.9 18 330   M    M   2        26 360
 7  71  42  57  -2   8   0 0.00    M    M  9.6 24 280   M    M   4        36 270
 8  57  37  47 -12  18   0    T    M    M 12.9 29 340   M    M   4        40 350
 9  60  28  44 -16  21   0 0.00    M    M  6.3 17 270   M    M   0        24 310
10  62  40  51  -9  14   0 0.12    M    M 12.1 28 270   M    M   8 138    40 330
11  52  41  47 -13  18   0 0.00    M    M  5.7 16 290   M    M  10        25 290
12  66  43  55  -5  10   0 0.00    M    M  3.8 16 310   M    M   4        26 290
13  67  42  55  -6  10   0 0.00    M    M  7.4 20 110   M    M   7        28 100
14  77  58  68   7   0   3 0.21    M    M  7.0 22 220   M    M   7 13     37 230
15  76  61  69   7   0   4 0.20    M    M  6.4 17 290   M    M   6 13     25 290
16  83  56  70   8   0   5 0.01    M    M  7.9 18  70   M    M   5 12     25  90
17  74  63  69   7   0   4 1.24    M    M  8.2 17 150   M    M  10 1      26 140
18  70  59  65   3   0   0 0.05    M    M  2.9  8 170   M    M   9 1      12 160
19  73  60  67   4   0   2 0.27    M    M 11.5 24  80   M    M  10 18     31  80
20  63  57  60  -3   5   0 0.00    M    M 13.5 21  70   M    M  10        28 100
21  66  55  61  -3   4   0 0.00    M    M  8.0 16  90   M    M  10        21 100
22  78  61  70   6   0   5 0.00    M    M  3.1  8  60   M    M   7        12  30
23  83  61  72   8   0   7    T    M    M  6.3 15 160   M    M   3 3      26 180
24  91  66  79  14   0  14 0.00    M    M  6.0 14 180   M    M   1        23 220
25  91  68  80  15   0  15 0.00    M    M  5.1 21  20   M    M   2 38     31 310
26  89  66  78  13   0  13 0.00    M    M  4.8 15 130   M    M   1        24 150
27  85  66  76  10   0  11 0.09    M    M  4.6 16 110   M    M   3 18     24 150
================================================================================
SM 1947 1406       159  89  2.41    M    196.7          M      145
================================================================================
AV 72.1 52.1                               7.3 FASTST   M    M   5    MAX(MPH)
                                 MISC ---->    29 340               # 40 350
================================================================================
NOTES:
# LAST OF SEVERAL OCCURRENCES

COLUMN 17 PEAK WIND IN M.P.H.

PRELIMINARY LOCAL CLIMATOLOGICAL DATA (WS FORM: F-6) , PAGE 2

                                          STATION:   LAFAYETTE IN
                                          MONTH:     MAY
                                          YEAR:      2020
                                          LATITUDE:   40 25 N
                                          LONGITUDE:  86 56 W

[TEMPERATURE DATA]      [PRECIPITATION DATA]       SYMBOLS USED IN COLUMN 16

AVERAGE MONTHLY: 62.1   TOTAL FOR MONTH:   2.41    1 = FOG OR MIST
DPTR FM NORMAL:   0.8   DPTR FM NORMAL:   -1.21    2 = FOG REDUCING VISIBILITY
HIGHEST:    91 ON 25,24  GRTST 24HR  1.24 ON 17-17      TO 1/4 MILE OR LESS
LOWEST:     28 ON  9                               3 = THUNDER
                        SNOW, ICE PELLETS, HAIL    4 = ICE PELLETS
                        TOTAL MONTH:  M            5 = HAIL
                        GRTST 24HR    M  ON   M    6 = FREEZING RAIN OR DRIZZLE
                        GRTST DEPTH:  M  ON   M    7 = DUSTSTORM OR SANDSTORM:
                                                       VSBY 1/2 MILE OR LESS
                                                   8 = SMOKE OR HAZE
[NO. OF DAYS WITH]      [WEATHER - DAYS WITH]      9 = BLOWING SNOW
                                                   X = TORNADO
MAX 32 OR BELOW:   0    0.01 INCH OR MORE:  10
MAX 90 OR ABOVE:   2    0.10 INCH OR MORE:   6
MIN 32 OR BELOW:   1    0.50 INCH OR MORE:   1
MIN  0 OR BELOW:   0    1.00 INCH OR MORE:   1

[HDD (BASE 65) ]
TOTAL THIS MO.   159    CLEAR  (SCALE 0-3)   7
DPTR FM NORMAL     9    PTCLDY (SCALE 4-7)  13
TOTAL FM JUL 1  5224    CLOUDY (SCALE 8-10)  7
DPTR FM NORMAL  -416

[CDD (BASE 65) ]
TOTAL THIS MO.    89
DPTR FM NORMAL    39    [PRESSURE DATA]
TOTAL FM JAN 1    98    HIGHEST SLP M ON M
DPTR FM NORMAL    35    LOWEST  SLP 29.65 ON 17

[REMARKS]
