000
CXUS54 KLZK 251130
CF6LRF
PRELIMINARY LOCAL CLIMATOLOGICAL DATA (WS FORM: F-6)

                                          STATION:   Jacksonville/Little Rock AFB
                                          MONTH:     MAY
                                          YEAR:      2019
                                          LATITUDE:   34 55 N
                                          LONGITUDE:  92  9 W

  TEMPERATURE IN F:       :PCPN:    SNOW:  WIND      :SUNSHINE: SKY     :PK WND
================================================================================
1   2   3   4   5  6A  6B    7    8   9   10  11  12  13   14  15   16   17  18
                                     12Z  AVG MX 2MIN
DY MAX MIN AVG DEP HDD CDD  WTR  SNW DPTH SPD SPD DIR MIN PSBL S-S WX    SPD DR
================================================================================

 1   M   M   M   M   M   M 1.22  0.0    0  4.9 14 200   M    M   5 13     21 200
 2   M   M   M   M   M   M 1.13  0.0    0  2.9  8 200   M    M   8 13     32 210
 3  74  59  67   1   0   2 0.90  0.0    0  3.8  8 130   M    M   9 123    39 240
 4  70  61  66  -1   0   1 0.11  0.0    0  5.3 12 340   M    M  10        17 340
 5  77  51  64  -3   1   0 0.00  0.0    0  2.9  8 340   M    M   1         M  M
 6  83  54  69   2   0   4 0.02  0.0    M  3.3  9 140   M    M   3 3       M  M
 7  87  61  74   6   0   9    T  0.0    0  3.5  9 140   M    M   5         M  M
 8  73  64  69   1   0   4 1.47  0.0    0  3.9  7 140   M    M   8 123     M  M
 9  80  61  71   3   0   6 0.05  0.0    0  3.8 10 270   M    M   8 18      M  M
10  61  54  58 -10   7   0 0.03  0.0    0  7.7 10  20   M    M  10 1       M  M
11  65  55  60  -9   5   0 0.14  0.0    0  3.5 12  90   M    M  10 1       M  M
12  74  53  64  -5   1   0 0.02  0.0    0  4.0  9 280   M    M   6 1       M  M
13  78  49  64  -5   1   0    T    M    0  1.5  7 300   M    M   1         M  M
14  82  57  70   1   0   5    T  0.0    0  3.6  7 140   M    M   5         M  M
15  89  59  74   4   0   9 0.00  0.0    0  4.1  9 250   M    M   2         M  M
16  90  62  76   6   0  11 0.00  0.0    0  4.3 12 230   M    M   0         M  M
17  89  61  75   5   0  10 0.00  0.0    0  5.9 14 200   M    M   0        22 180
18   M   M   M   M   M   M 0.90    M    0  7.0 13 190   M    M   6 13     22 190
19  84  61  73   2   0   8 0.83  0.0    0  5.3 13 230   M    M   4 13      M  M
20  86  58  72   1   0   7    M  0.0    0  5.4 13 110   M    M   3 38     20 120
21  88  61  75   4   0  10 1.18  0.0    0  5.8 17 160   M    M   5 13     32 150
22  89  61  75   3   0  10 0.00  0.0    0  4.3 10 180   M    M   5 18     17 170
23  90  69  80   8   0  15 0.00  0.0    0  4.3 10 170   M    M   2         M  M
24  91  66  79   7   0  14 0.00  0.0    0  4.4 10 190   M    M   0         M  M
================================================================================
SM 1700 1237        15 125  8.00     0.0 105.4          M      116
================================================================================
AV 81.0 58.9                               4.4 FASTST   M    M   5    MAX(MPH)
                                 MISC ---->  # 17 160               # 39  240
================================================================================
NOTES:
# LAST OF SEVERAL OCCURRENCES

COLUMN 17 PEAK WIND IN M.P.H.

PRELIMINARY LOCAL CLIMATOLOGICAL DATA (WS FORM: F-6) , PAGE 2

                                          STATION:  Jacksonville/Little Rock AFB
                                          MONTH:    MAY
                                          YEAR:     2019
                                          LATITUDE:   34 55 N
                                          LONGITUDE:  92  9 W

[TEMPERATURE DATA]      [PRECIPITATION DATA]       SYMBOLS USED IN COLUMN 16

AVERAGE MONTHLY: 69.9   TOTAL FOR MONTH:   8.00    1 = FOG OR MIST
DPTR FM NORMAL:   0.9   DPTR FM NORMAL:    3.96    2 = FOG REDUCING VISIBILITY
HIGHEST:    91 ON 24    GRTST 24HR  1.47 ON  8- 8      TO 1/4 MILE OR LESS
LOWEST:     49 ON 13                               3 = THUNDER
                        SNOW, ICE PELLETS, HAIL    4 = ICE PELLETS
                        TOTAL MONTH:   0.0 INCH    5 = HAIL
                        GRTST 24HR     0.0         6 = FREEZING RAIN OR DRIZZLE
                        GRTST DEPTH:   0           7 = DUSTSTORM OR SANDSTORM:
                                                       VSBY 1/2 MILE OR LESS
                                                   8 = SMOKE OR HAZE
[NO. OF DAYS WITH]      [WEATHER - DAYS WITH]      9 = BLOWING SNOW
                                                   X = TORNADO
MAX 32 OR BELOW:   0    0.01 INCH OR MORE:  13
MAX 90 OR ABOVE:   3    0.10 INCH OR MORE:   9
MIN 32 OR BELOW:   0    0.50 INCH OR MORE:   7
MIN  0 OR BELOW:   0    1.00 INCH OR MORE:   4

[HDD (BASE 65) ]
TOTAL THIS MO.    15    CLEAR  (SCALE 0-3)   9
DPTR FM NORMAL   -16    PTCLDY (SCALE 4-7)  10
TOTAL FM JUL 1  2964    CLOUDY (SCALE 8-10)  5
DPTR FM NORMAL  -205

[CDD (BASE 65) ]
TOTAL THIS MO.   125
DPTR FM NORMAL     4    [PRESSURE DATA]
TOTAL FM JAN 1   175    HIGHEST SLP M ON M
DPTR FM NORMAL   -20    LOWEST  SLP M ON M

[REMARKS]
