000
CXUS54 KMOB 260631
CF6MOB
PRELIMINARY LOCAL CLIMATOLOGICAL DATA (WS FORM: F-6)
STATION: MOBILE
MONTH: APRIL
YEAR: 2024
LATITUDE: 30 40 N
LONGITUDE: 88 15 W
TEMPERATURE IN F: :PCPN: SNOW: WIND :SUNSHINE: SKY :PK WND
================================================================================
1 2 3 4 5 6A 6B 7 8 9 10 11 12 13 14 15 16 17 18
12Z AVG MX 2MIN
DY MAX MIN AVG DEP HDD CDD WTR SNW DPTH SPD SPD DIR MIN PSBL S-S WX SPD DR
================================================================================
1 81 69 75 11 0 10 0.00 0.0 0 10.5 17 160 M M 10 1 22 170
2 79 68 74 10 0 9 0.09 0.0 0 12.3 22 190 M M 10 13 31 180
3 75 48 62 -2 3 0 0.00 0.0 0 8.9 21 340 M M 4 1 32 330
4 75 41 58 -6 7 0 0.00 0.0 0 5.4 17 260 M M 0 28 270
5 80 43 62 -3 3 0 0.00 0.0 0 4.0 16 330 M M 0 23 340
6 78 51 65 0 0 0 0.00 0.0 0 4.6 14 60 M M 4 15 190
7 79 53 66 1 0 1 0.00 0.0 0 7.1 15 150 M M 5 18 23 130
8 77 63 70 5 0 5 0.01 0.0 0 9.6 21 140 M M 8 28 130
9 78 59 69 4 0 4 0.00 0.0 0 13.5 22 120 M M 10 30 120
10 72 64 68 2 0 3 2.53 0.0 0 13.2 30 330 M M 10 1238 42 130
11 70 56 63 -3 2 0 0.02 0.0 0 8.9 22 300 M M 6 1 39 310
12 79 48 64 -2 1 0 0.00 0.0 0 6.7 16 330 M M 0 26 280
13 84 47 66 0 0 1 0.00 0.0 0 4.4 16 200 M M 2 19 200
14 83 52 68 2 0 3 0.00 0.0 0 5.5 16 170 M M 3 1 21 160
15 82 58 70 3 0 5 0.00 0.0 0 6.4 15 190 M M 4 1 20 140
16 82 65 74 7 0 9 0.00 0.0 0 9.2 21 140 M M 6 18 29 150
17 80 69 75 8 0 10 0.00 0.0 0 7.7 17 150 M M 8 18 22 150
18 83 69 76 9 0 11 0.00 0.0 0 8.0 17 190 M M 8 18 22 190
19 86 68 77 9 0 12 0.00 0.0 0 4.9 15 180 M M 7 128 22 190
20 87 62 75 7 0 10 0.00 0.0 0 7.1 21 340 M M 6 138 28 350
21 79 55 67 -1 0 2 0.03 0.0 0 10.4 23 340 M M 6 1 30 350
22 73 48 61 -7 4 0 0.00 0.0 0 8.6 20 360 M M 1 24 360
23 77 45 61 -7 4 0 0.00 0.0 0 5.1 17 110 M M 2 24 120
24 83 54 69 0 0 4 0.00 0.0 0 3.5 14 160 M M 3 1 18 180
25 86 57 72 3 0 7 0.00 0.0 0 3.5 16 200 M M 3 12 21 200
================================================================================
SM 1988 1412 24 106 2.68 0.0 189.0 M 126
================================================================================
AV 79.5 56.5 7.6 FASTST M M 5 MAX(MPH)
MISC ----> 30 330 42 130
================================================================================
NOTES:
# LAST OF SEVERAL OCCURRENCES
COLUMN 17 PEAK WIND IN M.P.H.
PRELIMINARY LOCAL CLIMATOLOGICAL DATA (WS FORM: F-6) , PAGE 2
STATION: MOBILE
MONTH: APRIL
YEAR: 2024
LATITUDE: 30 40 N
LONGITUDE: 88 15 W
[TEMPERATURE DATA] [PRECIPITATION DATA] SYMBOLS USED IN COLUMN 16
AVERAGE MONTHLY: 68.0 TOTAL FOR MONTH: 2.68 1 = FOG OR MIST
DPTR FM NORMAL: 1.7 DPTR FM NORMAL: -2.11 2 = FOG REDUCING VISIBILITY
HIGHEST: 87 ON 20 GRTST 24HR 2.53 ON 10-10 TO 1/4 MILE OR LESS
LOWEST: 41 ON 4 3 = THUNDER
SNOW, ICE PELLETS, HAIL 4 = ICE PELLETS
TOTAL MONTH: 0.0 INCH 5 = HAIL
GRTST 24HR 0.0 6 = FREEZING RAIN OR DRIZZLE
GRTST DEPTH: 0 7 = DUSTSTORM OR SANDSTORM:
VSBY 1/2 MILE OR LESS
8 = SMOKE OR HAZE
[NO. OF DAYS WITH] [WEATHER - DAYS WITH] 9 = BLOWING SNOW
X = TORNADO
MAX 32 OR BELOW: 0 0.01 INCH OR MORE: 5
MAX 90 OR ABOVE: 0 0.10 INCH OR MORE: 1
MIN 32 OR BELOW: 0 0.50 INCH OR MORE: 1
MIN 0 OR BELOW: 0 1.00 INCH OR MORE: 1
[HDD (BASE 65) ]
TOTAL THIS MO. 24 CLEAR (SCALE 0-3) 8
DPTR FM NORMAL -27 PTCLDY (SCALE 4-7) 13
TOTAL FM JUL 1 1301 CLOUDY (SCALE 8-10) 4
DPTR FM NORMAL -308
[CDD (BASE 65) ]
TOTAL THIS MO. 106
DPTR FM NORMAL 23 [PRESSURE DATA]
TOTAL FM JAN 1 176 HIGHEST SLP M ON M
DPTR FM NORMAL 22 LOWEST SLP 29.58 ON 11
[REMARKS]