000
CXUS56 KSTO 241425
CF6RBL
PRELIMINARY LOCAL CLIMATOLOGICAL DATA (WS FORM: F-6)

                                          STATION:   RED BLUFF AIRPORT CA
                                          MONTH:     MAY
                                          YEAR:      2019
                                          LATITUDE:   40  9 N
                                          LONGITUDE: 122 15 W

  TEMPERATURE IN F:       :PCPN:    SNOW:  WIND      :SUNSHINE: SKY     :PK WND
================================================================================
1   2   3   4   5  6A  6B    7    8   9   10  11  12  13   14  15   16   17  18
                                     12Z  AVG MX 2MIN
DY MAX MIN AVG DEP HDD CDD  WTR  SNW DPTH SPD SPD DIR MIN PSBL S-S WX    SPD DR
================================================================================

 1  79  45  62  -1   3   0 0.00  0.0    0  5.6 14 340   M    M   0        17 340
 2  81  45  63  -1   2   0 0.00  0.0    0  4.2 12 340   M    M   0        20 150
 3  84  48  66   2   0   1 0.00  0.0    0  5.9 10 180   M    M   0        18 170
 4  85  51  68   4   0   3 0.00  0.0    0  5.0 13 170   M    M   0        16 190
 5  83  48  66   2   0   1 0.00  0.0    0  8.0 22 150   M    M   0        28 160
 6  77  51  64  -1   1   0 0.00  0.0    0  8.0 17 150   M    M   0        21 150
 7  80  50  65   0   0   0 0.00  0.0    0  4.8 15 170   M    M   0        18 170
 8  93  54  74   9   0   9 0.00  0.0    0  4.0 14 350   M    M   0        20 310
 9  93  57  75   9   0  10 0.00  0.0    0  8.1 24 360   M    M   0        34 360
10  91  52  72   6   0   7 0.00  0.0    0  7.6 16 320   M    M   0        22 320
11  87  58  73   7   0   8 0.00  0.0    0  4.5 13 170   M    M   0        16 140
12  87  55  71   4   0   6 0.00  0.0    0  4.5 14 160   M    M   0        18 150
13  81  57  69   2   0   4 0.00  0.0    0  9.0 21 160   M    M   0        26 150
14  75  58  67   0   0   2 0.00  0.0    0  8.4 21 160   M    M   3        27 160
15  65  57  61  -7   4   0 0.75  0.0    0 17.6 33 140   M    M  10 1      42 150
16  64  52  58 -10   7   0 0.01  0.0    0 23.8 36 160   M    M   6 3      46 150
17  69  51  60  -8   5   0 0.01  0.0    0  8.7 18 160   M    M   6        22 140
18  57  50  54 -14  11   0 0.94  0.0    0 10.6 23 180   M    M   7 1      28 180
19  60  49  55 -14  10   0 0.76  0.0    0  8.3 20 180   M    M   7 1      24 170
20  68  50  59 -10   6   0 0.01  0.0    0 10.1 24 160   M    M   7        29 170
21  65  51  58 -11   7   0 0.03  0.0    0 12.2 25 150   M    M   8        32 150
22  81  48  65  -5   0   0    T    M    0 10.2 23  30   M    M   3        30 330
23  83  59  71   1   0   6    T  0.0    0  9.6 22 360   M    M   1        28 330
================================================================================
SM 1788 1196        56  57  2.51     0.0 198.7          M       58
================================================================================
AV 77.7 52.0                               8.6 FASTST   M    M   3    MAX(MPH)
                                 MISC ---->  # 36 160               # 46  150
================================================================================
NOTES:
# LAST OF SEVERAL OCCURRENCES

COLUMN 17 PEAK WIND IN M.P.H.

PRELIMINARY LOCAL CLIMATOLOGICAL DATA (WS FORM: F-6) , PAGE 2

                                          STATION:  RED BLUFF AIRPORT CA
                                          MONTH:    MAY
                                          YEAR:     2019
                                          LATITUDE:   40  9 N
                                          LONGITUDE: 122 15 W

[TEMPERATURE DATA]      [PRECIPITATION DATA]       SYMBOLS USED IN COLUMN 16

AVERAGE MONTHLY: 64.9   TOTAL FOR MONTH:   2.51    1 = FOG OR MIST
DPTR FM NORMAL:  -1.7   DPTR FM NORMAL:    1.55    2 = FOG REDUCING VISIBILITY
HIGHEST:    93 ON  9, 8 GRTST 24HR  0.94 ON 18-18      TO 1/4 MILE OR LESS
LOWEST:     45 ON  2, 1                            3 = THUNDER
                        SNOW, ICE PELLETS, HAIL    4 = ICE PELLETS
                        TOTAL MONTH:   0.0 INCH    5 = HAIL
                        GRTST 24HR     0.0         6 = FREEZING RAIN OR DRIZZLE
                        GRTST DEPTH:   0           7 = DUSTSTORM OR SANDSTORM:
                                                       VSBY 1/2 MILE OR LESS
                                                   8 = SMOKE OR HAZE
[NO. OF DAYS WITH]      [WEATHER - DAYS WITH]      9 = BLOWING SNOW
                                                   X = TORNADO
MAX 32 OR BELOW:   0    0.01 INCH OR MORE:   7
MAX 90 OR ABOVE:   3    0.10 INCH OR MORE:   3
MIN 32 OR BELOW:   0    0.50 INCH OR MORE:   3
MIN  0 OR BELOW:   0    1.00 INCH OR MORE:   0

[HDD (BASE 65) ]
TOTAL THIS MO.    56    CLEAR  (SCALE 0-3)  16
DPTR FM NORMAL     2    PTCLDY (SCALE 4-7)   5
TOTAL FM JUL 1  2310    CLOUDY (SCALE 8-10)  2
DPTR FM NORMAL  -336

[CDD (BASE 65) ]
TOTAL THIS MO.    57
DPTR FM NORMAL   -33    [PRESSURE DATA]
TOTAL FM JAN 1   128    HIGHEST SLP M ON M
DPTR FM NORMAL    10    LOWEST  SLP 29.53 ON 16

[REMARKS]
