646
CXUS54 KLZK 211130
CF6SGT
PRELIMINARY LOCAL CLIMATOLOGICAL DATA (WS FORM: F-6)

                                          STATION:   Stuttgart Airport
                                          MONTH:     MAY
                                          YEAR:      2019
                                          LATITUDE:   34 35 N
                                          LONGITUDE:  91 34 W

  TEMPERATURE IN F:       :PCPN:    SNOW:  WIND      :SUNSHINE: SKY     :PK WND
================================================================================
1   2   3   4   5  6A  6B    7    8   9   10  11  12  13   14  15   16   17  18
                                     12Z  AVG MX 2MIN
DY MAX MIN AVG DEP HDD CDD  WTR  SNW DPTH SPD SPD DIR MIN PSBL S-S WX    SPD DR
================================================================================

 1  76  62  69   3   0   4    T    M    M 10.1 18 170   M    M   4 138     M  M
 2  76  63  70   3   0   5    T    M    M  8.4 17 230   M    M   8 3       M  M
 3  74  62  68   1   0   3    T    M    M  5.8  9 140   M    M   5         M  M
 4  68  62  65  -2   0   0    T    M    M  9.1 15  20   M    M  10         M  M
 5  76  56  66  -2   0   1 0.01    M    M  5.0  7 100   M    M   2         M  M
 6  82  60  71   3   0   6 0.00    M    M  6.3 12 170   M    M   0         M  M
 7  86  63  75   7   0  10 0.00    M    M  6.3 12 150   M    M   1         M  M
 8  77  65  71   2   0   6    M    M    M  9.2 16 120   M    M   5 13      M  M
 9  78  65  72   3   0   7 0.00    M    M  8.5 16 150   M    M   7 13     18 150
10  65  56  61  -8   4   0    T    M    M 13.1 16  30   M    M  10        23  20
11   M   M   M   M   M   M    T    M    M  7.0 14 100   M    M  10 1       M  M
12  72  58  65  -5   0   0    M    M    M  4.7  8  10   M    M   6 1       M  M
13  76  54  65  -5   0   0    M    M    M  5.4  9  90   M    M   1         M  M
14  80  60  70   0   0   5    M    M    M  7.5 13 140   M    M   3         M  M
15  87  65  76   5   0  11    M    M    M  9.2 16 260   M    M   1        20 260
16  89  66  78   7   0  13 0.00    M    M  9.6 18 220   M    M   1        21 200
17  90  67  79   8   0  14 0.00    M    M 11.6 20 170   M    M   1        29 170
18   M   M   M   M   M   M    M    M    M 14.9 22 190   M    M   1 138    28 190
19  85  66  76   4   0  11 0.00    M    M 10.7 18 240   M    M   5         M  M
20  87  66  77   5   0  12 0.00    M    M 10.4 16 140   M    M   3         M  M
================================================================================
SM 1424 1116         4 108  0.01    M    172.8          M       84
================================================================================
AV 79.1 62.0                               8.6 FASTST   M    M   4    MAX(MPH)
                                 MISC ---->  # 22 190               # 29  170
================================================================================
NOTES:
# LAST OF SEVERAL OCCURRENCES

COLUMN 17 PEAK WIND IN M.P.H.

PRELIMINARY LOCAL CLIMATOLOGICAL DATA (WS FORM: F-6) , PAGE 2

                                          STATION:  Stuttgart Airport
                                          MONTH:    MAY
                                          YEAR:     2019
                                          LATITUDE:   34 35 N
                                          LONGITUDE:  91 34 W

[TEMPERATURE DATA]      [PRECIPITATION DATA]       SYMBOLS USED IN COLUMN 16

AVERAGE MONTHLY: 70.6   TOTAL FOR MONTH:   0.01    1 = FOG OR MIST
DPTR FM NORMAL:   1.3   DPTR FM NORMAL:   -3.20    2 = FOG REDUCING VISIBILITY
HIGHEST:    90 ON 17    GRTST 24HR  0.01 ON  5- 5      TO 1/4 MILE OR LESS
LOWEST:     54 ON 13                               3 = THUNDER
                        SNOW, ICE PELLETS, HAIL    4 = ICE PELLETS
                        TOTAL MONTH:    M          5 = HAIL
                        GRTST 24HR    M  ON   M    6 = FREEZING RAIN OR DRIZZLE
                        GRTST DEPTH:  M  ON   M    7 = DUSTSTORM OR SANDSTORM:
                                                       VSBY 1/2 MILE OR LESS
                                                   8 = SMOKE OR HAZE
[NO. OF DAYS WITH]      [WEATHER - DAYS WITH]      9 = BLOWING SNOW
                                                   X = TORNADO
MAX 32 OR BELOW:   0    0.01 INCH OR MORE:   1
MAX 90 OR ABOVE:   1    0.10 INCH OR MORE:   0
MIN 32 OR BELOW:   0    0.50 INCH OR MORE:   0
MIN  0 OR BELOW:   0    1.00 INCH OR MORE:   0

[HDD (BASE 65) ]
TOTAL THIS MO.     4    CLEAR  (SCALE 0-3)   9
DPTR FM NORMAL   -20    PTCLDY (SCALE 4-7)   8
TOTAL FM JUL 1  2835    CLOUDY (SCALE 8-10)  3
DPTR FM NORMAL  -352

[CDD (BASE 65) ]
TOTAL THIS MO.   108
DPTR FM NORMAL     2    [PRESSURE DATA]
TOTAL FM JAN 1   182    HIGHEST SLP M ON M
DPTR FM NORMAL    13    LOWEST  SLP M ON M

[REMARKS]
