000
CXUS54 KLZK 251130
CF6SGT
PRELIMINARY LOCAL CLIMATOLOGICAL DATA (WS FORM: F-6)

                                          STATION:   Stuttgart Airport
                                          MONTH:     MARCH
                                          YEAR:      2019
                                          LATITUDE:   34 35 N
                                          LONGITUDE:  91 34 W

  TEMPERATURE IN F:       :PCPN:    SNOW:  WIND      :SUNSHINE: SKY     :PK WND
================================================================================
1   2   3   4   5  6A  6B    7    8   9   10  11  12  13   14  15   16   17  18
                                     12Z  AVG MX 2MIN
DY MAX MIN AVG DEP HDD CDD  WTR  SNW DPTH SPD SPD DIR MIN PSBL S-S WX    SPD DR
================================================================================

 1  46  36  41  -7  24   0    T    M    M  7.1 13  10   M    M  10 8       M  M
 2   M   M   M   M   M   M    T    M    M  9.2 14  40   M    M  10 18      M  M
 3  40  28  34 -15  31   0 0.94    M    M 17.2 23  10   M    M   9 13     31  10
 4  31  20  26 -23  39   0 0.00    M    M 11.9 21 340   M    M   5 8      28 340
 5  41  24  33 -16  32   0 0.00    M    M  9.4 15 280   M    M   1        18 280
 6  44  26  35 -15  30   0 0.00    M    M  6.2 12  10   M    M   0 8       M  M
 7  52  34  43  -7  22   0    T    M    M  8.9 16 150   M    M   9 18      M  M
 8  66  48  57   7   8   0    T    M    M 10.6 18 180   M    M  10 12      M  M
 9  70  50  60   9   5   0 0.50    M    M 13.9 24 170   M    M   6 123    32 170
10  60  45  53   2  12   0 0.00    M    M  8.8 13  20   M    M   0         M  M
11  62  46  54   3  11   0 0.27    M    M  7.4 12  10   M    M   3 8       M  M
12  63  48  56   5   9   0 0.14    M    M  7.4 12 120   M    M   3         M  M
13   M   M   M   M   M   M 2.24    M    M 16.4 29 150   M    M   7 13     40 150
14  69  49  59   7   6   0 0.04    M    M 19.3 25 240   M    M   3 13     48 240
15  59  42  51  -1  14   0 0.00    M    M 11.5 17 280   M    M   0        22 320
16  57  35  46  -7  19   0 0.00    M    M  6.8 16  30   M    M   0        21  30
17  66  39  53   0  12   0    T    M    M  3.4  8 210   M    M   0 8       M  M
18  60  44  52  -1  13   0    T    M    M  9.3 17  70   M    M   1 8      17  60
19  63  42  53   0  12   0    T    M    M  7.4 15 140   M    M   0 8       M  M
20  63  42  53  -1  12   0 0.10    M    M  7.0 14 330   M    M   4        31 310
21  66  42  54   0  11   0 0.00    M    M  9.6 16 330   M    M   0        18 310
22  68  40  54   0  11   0 0.00    M    M  5.4  9 350   M    M   0         M  M
23  72  45  59   4   6   0    T    M    M  8.2 16 130   M    M   1 8      21 160
24  69  55  62   7   3   0 0.28    M    M 10.1 15 170   M    M   7 38      M  M
================================================================================
SM 1287  880       342   0  4.51    M    232.4          M       89
================================================================================
AV 58.5 40.0                               9.7 FASTST   M    M   4    MAX(MPH)
                                 MISC ---->  # 29 150               # 48  240
================================================================================
NOTES:
# LAST OF SEVERAL OCCURRENCES

COLUMN 17 PEAK WIND IN M.P.H.

PRELIMINARY LOCAL CLIMATOLOGICAL DATA (WS FORM: F-6) , PAGE 2

                                          STATION:  Stuttgart Airport
                                          MONTH:    MARCH
                                          YEAR:     2019
                                          LATITUDE:   34 35 N
                                          LONGITUDE:  91 34 W

[TEMPERATURE DATA]      [PRECIPITATION DATA]       SYMBOLS USED IN COLUMN 16

AVERAGE MONTHLY: 49.3   TOTAL FOR MONTH:   4.51    1 = FOG OR MIST
DPTR FM NORMAL:  -2.3   DPTR FM NORMAL:    0.71    2 = FOG REDUCING VISIBILITY
HIGHEST:    72 ON 23    GRTST 24HR  2.24 ON 13-13      TO 1/4 MILE OR LESS
LOWEST:     20 ON  4                               3 = THUNDER
                        SNOW, ICE PELLETS, HAIL    4 = ICE PELLETS
                        TOTAL MONTH:    M          5 = HAIL
                        GRTST 24HR    M  ON   M    6 = FREEZING RAIN OR DRIZZLE
                        GRTST DEPTH:  M  ON   M    7 = DUSTSTORM OR SANDSTORM:
                                                       VSBY 1/2 MILE OR LESS
                                                   8 = SMOKE OR HAZE
[NO. OF DAYS WITH]      [WEATHER - DAYS WITH]      9 = BLOWING SNOW
                                                   X = TORNADO
MAX 32 OR BELOW:   1    0.01 INCH OR MORE:   8
MAX 90 OR ABOVE:   0    0.10 INCH OR MORE:   7
MIN 32 OR BELOW:   4    0.50 INCH OR MORE:   3
MIN  0 OR BELOW:   0    1.00 INCH OR MORE:   1

[HDD (BASE 65) ]
TOTAL THIS MO.   342    CLEAR  (SCALE 0-3)  12
DPTR FM NORMAL    12    PTCLDY (SCALE 4-7)   7
TOTAL FM JUL 1  2674    CLOUDY (SCALE 8-10)  5
DPTR FM NORMAL  -265

[CDD (BASE 65) ]
TOTAL THIS MO.     0
DPTR FM NORMAL     0    [PRESSURE DATA]
TOTAL FM JAN 1     7    HIGHEST SLP M ON M
DPTR FM NORMAL     7    LOWEST  SLP M ON M

[REMARKS]
