000
CXUS55 KCYS 071503
CLMCDR

CLIMATE REPORT
NATIONAL WEATHER SERVICE CHEYENNE WY
803 AM MST SUN FEB 07 2021

...................................

...THE CHADRON NEBRASKA AIRPORT CLIMATE SUMMARY FOR THE MONTH OF JANUARY 2021...

CLIMATE NORMAL PERIOD 1981 TO 2010
CLIMATE RECORD PERIOD 1895 TO 2021

WEATHER         OBSERVED          NORMAL  DEPART   LAST YEAR`S
                VALUE   DATE(S)   VALUE   FROM     VALUE
                                          NORMAL
..............................................................
TEMPERATURE (F)
RECORD
 HIGH             70   01/30/1989
                       01/08/1927
 LOW             -29   01/21/1949
HIGHEST           56   01/13         MM      MM       51
LOWEST            -1   01/27         MM      MM        1
AVG. MAXIMUM    41.0               38.7     2.3
AVG. MINIMUM    14.6               10.2     4.4
DAYS MAX >= 90     0                0.0     0.0
DAYS MAX <= 32     7                       -1.6
DAYS MIN <= 32    31               30.4     0.6
DAYS MIN <= 0      1                6.7    -5.7

PRECIPITATION (INCHES)
RECORD
 MAXIMUM        2.40   1949
TOTALS          0.06               0.36   -0.30     0.17
DAILY AVG.      0.00
DAYS >= .01        2
DAYS >= .10        0
DAYS >= .50        0
DAYS >= 1.00       0
GREATEST
 24 HR. TOTAL   0.05   01/22 TO 01/22
 STORM TOTAL    0.05



DEGREE DAYS
HEATING TOTAL   1144               1257    -113     1093
 SINCE 7/1      3739               4199    -460     4131
COOLING TOTAL      0                  0       0        0
 SINCE 1/1         0                  0       0        0
..............................................................

WIND (MPH)
AVERAGE WIND SPEED              8.8
HIGHEST WIND SPEED/DIRECTION    45/320    DATE  01/13
HIGHEST GUST SPEED/DIRECTION    67/320    DATE  01/13

SKY COVER
AVERAGE SKY COVER           0.34

AVERAGE RH (PERCENT)     63

WEATHER CONDITIONS. NUMBER OF DAYS WITH
THUNDERSTORM              0     MIXED PRECIP               0
HEAVY RAIN                0     RAIN                       0
LIGHT RAIN                4     FREEZING RAIN              0
LT FREEZING RAIN          0     HAIL                       0
HEAVY SNOW                0     SNOW                       2
LIGHT SNOW                6     SLEET                      0
FOG                       9     FOG W/VIS <= 1/4 MILE      2
HAZE                      9

-  INDICATES NEGATIVE NUMBERS.
R  INDICATES RECORD WAS SET OR TIED.
MM INDICATES DATA IS MISSING.
T  INDICATES TRACE AMOUNT.

$$
