000
CXUS53 KIWX 010910
CF6IWX
PRELIMINARY LOCAL CLIMATOLOGICAL DATA (WS FORM: F-6)
STATION: NORTH WEBSTER WFO
MONTH: JANUARY
YEAR: 2022
LATITUDE: 41 21 N
LONGITUDE: 85 42 W
TEMPERATURE IN F: :PCPN: SNOW: WIND :SUNSHINE: SKY :PK WND
================================================================================
1 2 3 4 5 6A 6B 7 8 9 10 11 12 13 14 15 16 17 18
12Z AVG MX 2MIN
DY MAX MIN AVG DEP HDD CDD WTR SNW DPTH SPD SPD DIR MIN PSBL S-S WX SPD DR
================================================================================
1 47 23 35 9 30 0 0.32 0.4 T M M M M M M 18 M M
2 24 14 19 -7 46 0 0.02 0.4 1 M M M M M M M M
3 27 14 21 -4 44 0 0.00 0.0 T M M M M M M M M
4 36 21 29 4 36 0 0.00 0.0 T M M M M M M M M
5 35 9 22 -3 43 0 T T T M M M M M M 8 M M
6 15 9 12 -13 53 0 T 0.1 T M M M M M M M M
7 19 2 11 -14 54 0 T T T M M M M M M M M
8 32 8 20 -5 45 0 0.03 0.0 T M M M M M M 6 M M
9 36 14 25 1 40 0 0.09 0.0 0 M M M M M M 6 M M
10 22 11 17 -7 48 0 0.01 0.3 T M M M M M M M M
11 31 8 20 -4 45 0 T T T M M M M M M M M
12 38 30 34 10 31 0 0.00 0.0 T M M M M M M M M
13 42 27 35 11 30 0 T T 0 M M M M M M M M
14 31 23 27 3 38 0 T T 0 M M M M M M M M
15 23 12 18 -6 47 0 T T 0 M M M M M M M M
16 33 10 22 -2 43 0 0.00 0.0 0 M M M M M M M M
17 28 22 25 1 40 0 0.01 T T M M M M M M 16 M M
18 38 22 30 6 35 0 T T 0 M M M M M M M M
19 42 19 31 7 34 0 T 0.1 0 M M M M M M M M
20 22 11 17 -7 48 0 T 0.2 T M M M M M M M M
21 24 7 16 -8 49 0 0.00 0.0 0 M M M M M M M M
22 28 13 21 -3 44 0 0.00 0.0 M M M M M M M M M
23 24 11 18 -6 47 0 0.17 3.2 2 M M M M M M 8 M M
24 26 11 19 -5 46 0 0.08 2.2 3 M M M M M M M M
25 25 0 13 -11 52 0 T 0.1 2 M M M M M M M M
26 14 -4 5 -19 60 0 T T 2 M M M M M M M M
27 29 4 17 -7 48 0 T T 2 M M M M M M M M
28 26 2 14 -10 51 0 T T 2 M M M M M M M M
29 18 -3 8 -16 57 0 0.00 0.0 2 M M M M M M M M
30 28 11 20 -5 45 0 0.00 0.0 2 M M M M M M M M
31 31 22 27 2 38 0 0.00 0.0 1 M M M M M M M M
================================================================================
SM 894 383 1367 0 0.73 7.0 M M M
================================================================================
AV 28.8 12.4 M FASTST M M M MAX(MPH)
MISC ----> M M M M
================================================================================
NOTES:
# LAST OF SEVERAL OCCURRENCES
COLUMN 17 PEAK WIND IN M.P.H.
PRELIMINARY LOCAL CLIMATOLOGICAL DATA (WS FORM: F-6) , PAGE 2
STATION: NORTH WEBSTER WFO
MONTH: JANUARY
YEAR: 2022
LATITUDE: 41 21 N
LONGITUDE: 85 42 W
[TEMPERATURE DATA] [PRECIPITATION DATA] SYMBOLS USED IN COLUMN 16
AVERAGE MONTHLY: 20.6 TOTAL FOR MONTH: 0.73 1 = FOG OR MIST
DPTR FM NORMAL: -3.8 DPTR FM NORMAL: -1.57 2 = FOG REDUCING VISIBILITY
HIGHEST: 47 ON 1 GRTST 24HR 0.32 ON 1- 1 TO 1/4 MILE OR LESS
LOWEST: -4 ON 26 3 = THUNDER
SNOW, ICE PELLETS, HAIL 4 = ICE PELLETS
TOTAL MONTH: 7.0 INCHES 5 = HAIL
GRTST 24HR 3.2 ON 23-23 6 = FREEZING RAIN OR DRIZZLE
GRTST DEPTH: 3 ON 24 7 = DUSTSTORM OR SANDSTORM:
VSBY 1/2 MILE OR LESS
8 = SMOKE OR HAZE
[NO. OF DAYS WITH] [WEATHER - DAYS WITH] 9 = BLOWING SNOW
X = TORNADO
MAX 32 OR BELOW: 22 0.01 INCH OR MORE: 8
MAX 90 OR ABOVE: 0 0.10 INCH OR MORE: 2
MIN 32 OR BELOW: 31 0.50 INCH OR MORE: 0
MIN 0 OR BELOW: 3 1.00 INCH OR MORE: 0
[HDD (BASE 65) ]
TOTAL THIS MO. 1367 CLEAR (SCALE 0-3) 0
DPTR FM NORMAL 110 PTCLDY (SCALE 4-7) 0
TOTAL FM JUL 1 3267 CLOUDY (SCALE 8-10) 31
DPTR FM NORMAL -314
[CDD (BASE 65) ]
TOTAL THIS MO. 0
DPTR FM NORMAL 0 [PRESSURE DATA]
TOTAL FM JAN 1 0 HIGHEST SLP M ON M
DPTR FM NORMAL 0 LOWEST SLP M ON M
[REMARKS]
#FINAL-01-22#