000
CDUS45 KCYS 270727
CLILAR

CLIMATE REPORT
NATIONAL WEATHER SERVICE CHEYENNE WY
1227 AM MST SAT FEB 27 2021

...................................

...THE LARAMIE WYOMING AIRPORT CLIMATE SUMMARY FOR FEBRUARY 26 2021...

CLIMATE NORMAL PERIOD 1981 TO 2010
CLIMATE RECORD PERIOD 1948 TO 2021


WEATHER ITEM   OBSERVED TIME   RECORD YEAR NORMAL DEPARTURE LAST
                VALUE   (LST)  VALUE       VALUE  FROM      YEAR
                                                  NORMAL
...................................................................
TEMPERATURE (F)
 YESTERDAY
  MAXIMUM         30    135 PM  62    1950  38     -8       34
  MINIMUM         16    531 AM -20    1964  14      2       -2
  AVERAGE         23                        26     -3       16

PRECIPITATION (IN)
  YESTERDAY        0.00          0.19 1954   0.01  -0.01     0.00
  MONTH TO DATE    0.21                      0.31  -0.10     0.03
  SINCE DEC 1      0.59                      0.90  -0.31     0.36
  SINCE JAN 1      0.33                      0.58  -0.25     0.03

DEGREE DAYS
 HEATING
  YESTERDAY       42                        39      3       49
  MONTH TO DATE 1160                      1082     78     1167
  SINCE DEC 1   3831                      3785     46     3735
  SINCE JUL 1   5894                      6097   -203     5993

 COOLING
  YESTERDAY        0                         0      0        0
  MONTH TO DATE    0                         0      0        0
  SINCE DEC 1      0                         0      0        0
  SINCE JAN 1      0                         0      0        0
...................................................................


WIND (MPH)
  HIGHEST WIND SPEED    38   HIGHEST WIND DIRECTION     W (270)
  HIGHEST GUST SPEED    51   HIGHEST GUST DIRECTION     W (260)
  AVERAGE WIND SPEED    21.0


SKY COVER
  POSSIBLE SUNSHINE  MM
  AVERAGE SKY COVER 0.3


WEATHER CONDITIONS
THE FOLLOWING WEATHER WAS RECORDED YESTERDAY.
  NO SIGNIFICANT WEATHER WAS OBSERVED.


RELATIVE HUMIDITY (PERCENT)
 HIGHEST    80          1100 PM
 LOWEST     31           100 AM
 AVERAGE    56

..........................................................


THE LARAMIE WYOMING AIRPORT CLIMATE NORMALS FOR TODAY
                         NORMAL    RECORD    YEAR
 MAXIMUM TEMPERATURE (F)   38        57      2006
 MINIMUM TEMPERATURE (F)   15       -24      1962


SUNRISE AND SUNSET
FEBRUARY 27 2021......SUNRISE   640 AM MST   SUNSET   552 PM MST
FEBRUARY 28 2021......SUNRISE   638 AM MST   SUNSET   553 PM MST


-  INDICATES NEGATIVE NUMBERS.
R  INDICATES RECORD WAS SET OR TIED.
MM INDICATES DATA IS MISSING.
T  INDICATES TRACE AMOUNT.




$$
