000
CXUS54 KTSA 010850
CF6MLC
PRELIMINARY LOCAL CLIMATOLOGICAL DATA (WS FORM: F-6)
STATION: MCALESTER OKLAHOMA
MONTH: MAY
YEAR: 2022
LATITUDE: 34 52 N
LONGITUDE: 95 47 W
TEMPERATURE IN F: :PCPN: SNOW: WIND :SUNSHINE: SKY :PK WND
================================================================================
1 2 3 4 5 6A 6B 7 8 9 10 11 12 13 14 15 16 17 18
12Z AVG MX 2MIN
DY MAX MIN AVG DEP HDD CDD WTR SNW DPTH SPD SPD DIR MIN PSBL S-S WX SPD DR
================================================================================
1 80 47 64 -1 1 0 0.00 0.0 M 2.3 7 100 M M 1 12 110
2 78 61 70 4 0 5 1.70 0.0 M 6.8 35 270 M M 7 13 50 260
3 62 50 56 -10 9 0 0.00 0.0 M 8.4 17 330 M M 9 1 26 320
4 79 57 68 2 0 3 T 0.0 M 6.5 16 130 M M 8 13 31 160
5 77 52 65 -1 0 0 1.08 0.0 M 7.4 26 220 M M 8 13 40 220
6 75 51 63 -4 2 0 0.00 0.0 M 4.9 14 280 M M 2 19 270
7 85 55 70 3 0 5 0.00 0.0 M 5.2 13 140 M M 2 23 100
8 89 70 80 13 0 15 0.00 0.0 M 11.5 18 180 M M 4 36 190
9 87 75 81 13 0 16 0.00 0.0 M 10.7 20 190 M M 5 36 170
10 87 75 81 13 0 16 0.00 0.0 M 7.9 15 200 M M 5 31 170
11 88 72 80 12 0 15 0.00 0.0 M 6.2 14 210 M M 1 21 220
12 90 72 81 12 0 16 0.00 0.0 M 6.8 13 190 M M 1 24 150
13 88 68 78 9 0 13 T 0.0 M 4.1 12 150 M M 1 3 22 160
14 90 67 79 10 0 14 0.00 0.0 M 4.1 9 220 M M 2 14 210
15 90 67 79 9 0 14 0.13 0.0 M 5.5 18 210 M M 1 13 24 230
16 85 65 75 5 0 10 0.00 0.0 M 5.1 13 20 M M 2 19 20
17 85 66 76 6 0 11 0.01 0.0 M 7.2 16 130 M M 1 28 140
18 88 72 80 10 0 15 0.00 0.0 M 4.6 16 340 M M 1 24 170
19 87 71 79 8 0 14 T 0.0 M 9.4 21 210 M M 2 3 36 170
20 88 73 81 10 0 16 0.00 0.0 M 10.4 20 190 M M 4 8 37 170
21 81 58 70 -1 0 5 0.01 0.0 M 11.0 20 360 M M 9 1 29 10
22 64 55 60 -12 5 0 0.00 0.0 M 9.3 18 20 M M 9 31 10
23 73 57 65 -7 0 0 0.00 0.0 M 4.3 12 80 M M 10 8 21 70
24 68 62 65 -7 0 0 0.76 0.0 M 5.2 17 240 M M 10 13 23 240
25 66 56 61 -12 4 0 0.24 0.0 M 7.3 17 250 M M 10 1 26 260
26 72 52 62 -11 3 0 T 0.0 M 9.6 21 310 M M 7 30 320
27 84 48 66 -7 0 1 0.00 0.0 M 1.9 10 330 M M 3 128 14 360
28 86 56 71 -3 0 6 0.00 0.0 M 7.8 17 160 M M 1 31 160
29 88 73 81 7 0 16 0.00 0.0 M 10.1 17 150 M M 1 33 170
30 86 73 80 6 0 15 T 0.0 M 11.1 20 200 M M 6 37 200
31 89 75 82 8 0 17 0.00 0.0 M 9.2 16 190 M M 4 32 190
================================================================================
SM 2535 1951 24 258 3.93 0.0 221.8 M 137
================================================================================
AV 81.8 62.9 7.2 FASTST M M 4 MAX(MPH)
MISC ----> 35 270 50 260
================================================================================
NOTES:
# LAST OF SEVERAL OCCURRENCES
COLUMN 17 PEAK WIND IN M.P.H.
PRELIMINARY LOCAL CLIMATOLOGICAL DATA (WS FORM: F-6) , PAGE 2
STATION: MCALESTER OKLAHOMA
MONTH: MAY
YEAR: 2022
LATITUDE: 34 52 N
LONGITUDE: 95 47 W
[TEMPERATURE DATA] [PRECIPITATION DATA] SYMBOLS USED IN COLUMN 16
AVERAGE MONTHLY: 72.4 TOTAL FOR MONTH: 3.93 1 = FOG OR MIST
DPTR FM NORMAL: 2.5 DPTR FM NORMAL: -1.37 2 = FOG REDUCING VISIBILITY
HIGHEST: 90 ON 15,14 GRTST 24HR 1.70 ON 2- 2 TO 1/4 MILE OR LESS
LOWEST: 47 ON 1 3 = THUNDER
SNOW, ICE PELLETS, HAIL 4 = ICE PELLETS
TOTAL MONTH: 0.0 INCH 5 = HAIL
GRTST 24HR 0.0 6 = FREEZING RAIN OR DRIZZLE
GRTST DEPTH: M ON M 7 = DUSTSTORM OR SANDSTORM:
VSBY 1/2 MILE OR LESS
8 = SMOKE OR HAZE
[NO. OF DAYS WITH] [WEATHER - DAYS WITH] 9 = BLOWING SNOW
X = TORNADO
MAX 32 OR BELOW: 0 0.01 INCH OR MORE: 7
MAX 90 OR ABOVE: 3 0.10 INCH OR MORE: 5
MIN 32 OR BELOW: 0 0.50 INCH OR MORE: 3
MIN 0 OR BELOW: 0 1.00 INCH OR MORE: 2
[HDD (BASE 65) ]
TOTAL THIS MO. 24 CLEAR (SCALE 0-3) 15
DPTR FM NORMAL -10 PTCLDY (SCALE 4-7) 9
TOTAL FM JUL 1 2744 CLOUDY (SCALE 8-10) 7
DPTR FM NORMAL -331
[CDD (BASE 65) ]
TOTAL THIS MO. 258
DPTR FM NORMAL 72 [PRESSURE DATA]
TOTAL FM JAN 1 353 HIGHEST SLP M ON M
DPTR FM NORMAL 85 LOWEST SLP 29.46 ON 20
[REMARKS]
#FINAL-05-22#