000
CXUS53 KOAX 011725
CF6TQE
PRELIMINARY LOCAL CLIMATOLOGICAL DATA (WS FORM: F-6)
STATION: TEKAMAH NE
MONTH: FEBRUARY
YEAR: 2021
LATITUDE: 41 46 N
LONGITUDE: 96 11 W
TEMPERATURE IN F: :PCPN: SNOW: WIND :SUNSHINE: SKY :PK WND
================================================================================
1 2 3 4 5 6A 6B 7 8 9 10 11 12 13 14 15 16 17 18
12Z AVG MX 2MIN
DY MAX MIN AVG DEP HDD CDD WTR SNW DPTH SPD SPD DIR MIN PSBL S-S WX SPD DR
================================================================================
1 29 12 21 -3 44 0 0.00 M M 5.8 16 340 M M 9 18 20 360
2 29 15 22 -2 43 0 0.00 M M 8.9 15 140 M M 8 128 18 160
3 40 14 27 3 38 0 0.00 M M 9.5 17 160 M M 0 128 22 150
4 38 14 26 2 39 0 0.03 M M 19.6 37 330 M M 4 189 45 330
5 22 5 14 -10 51 0 0.00 M M 10.9 22 320 M M 1 27 310
6 15 -7 4 -20 61 0 T M M 11.0 24 10 M M 5 18 31 10
7 6 -6 0 -24 65 0 0.02 M M 7.6 14 60 M M 9 18 17 70
8 4 -17 -6 -31 71 0 T M M 7.1 12 10 M M 3 8 15 10
9 7 -19 -6 -31 71 0 0.00 M M 2.8 9 330 M M 1 1 9 330
10 14 -1 7 -18 58 0 0.00 M M 8.4 14 350 M M 6 16 350
11 9 -9 0 -25 65 0 T M M 11.5 16 20 M M 8 8 20 20
12 0 -13 -6 -32 71 0 0.01 M M 9.9 20 360 M M 7 18 24 360
13 5 -8 -1 -27 66 0 0.01 M M 8.2 17 360 M M 4 189 20 330
14 -1 -11 -6 -32 71 0 0.00 M M 15.5 25 360 M M 7 30 360
15 -4 -21 -12 -38 77 0 0.00 M M 7.5 14 350 M M 0 15 350
16 2 -26 -12 -38 77 0 0.00 M M 5.2 15 140 M M 4 18 130
17 14 2 8 -19 57 0 T M M 7.3 15 150 M M 10 17 140
18 20 3 12 -15 53 0 T M M 5.9 13 250 M M 4 16 240
19 26 1 14 -14 51 0 0.00 M M 3.8 9 170 M M 3 10 170
20 30 3 17 -11 48 0 0.00 M M 5.2 17 130 M M 4 18 22 130
21 33 11 22 -6 43 0 0.52 M M 9.4 28 320 M M 7 12 35 310
22 43 11 27 -1 38 0 0.00 M M 15.7 25 260 M M 0 1 31 260
23 44 23 34 5 31 0 0.00 M M 11.1 23 300 M M 0 18 31 300
24 42 29 36 7 29 0 0.00 M M 14.5 35 300 M M 3 45 290
25 41 28 35 5 30 0 0.00 M M 7.6 16 320 M M 1 21 320
26 43 27 35 5 30 0 0.00 M M 11.0 20 180 M M 1 18 24 180
27 53 29 41 11 24 0 0.00 M M 8.8 18 270 M M 3 25 110
28 39 28 34 3 31 0 0.00 M M 13.6 29 330 M M 4 37 320
================================================================================
SM 643 117 1433 0 0.59 M 263.3 M 116
================================================================================
AV 23.0 4.2 9.4 FASTST M M 4 MAX(MPH)
MISC ----> 37 330 # 45 330
================================================================================
NOTES:
# LAST OF SEVERAL OCCURRENCES
COLUMN 17 PEAK WIND IN M.P.H.
PRELIMINARY LOCAL CLIMATOLOGICAL DATA (WS FORM: F-6) , PAGE 2
STATION: TEKAMAH NE
MONTH: FEBRUARY
YEAR: 2021
LATITUDE: 41 46 N
LONGITUDE: 96 11 W
[TEMPERATURE DATA] [PRECIPITATION DATA] SYMBOLS USED IN COLUMN 16
AVERAGE MONTHLY: 13.6 TOTAL FOR MONTH: 0.59 1 = FOG OR MIST
DPTR FM NORMAL: -12.9 DPTR FM NORMAL: 0.12 2 = FOG REDUCING VISIBILITY
HIGHEST: 53 ON 27 GRTST 24HR 0.52 ON 21-21 TO 1/4 MILE OR LESS
LOWEST: -26 ON 16 3 = THUNDER
SNOW, ICE PELLETS, HAIL 4 = ICE PELLETS
TOTAL MONTH: M 5 = HAIL
GRTST 24HR M ON M 6 = FREEZING RAIN OR DRIZZLE
GRTST DEPTH: M ON M 7 = DUSTSTORM OR SANDSTORM:
VSBY 1/2 MILE OR LESS
8 = SMOKE OR HAZE
[NO. OF DAYS WITH] [WEATHER - DAYS WITH] 9 = BLOWING SNOW
X = TORNADO
MAX 32 OR BELOW: 18 0.01 INCH OR MORE: 5
MAX 90 OR ABOVE: 0 0.10 INCH OR MORE: 1
MIN 32 OR BELOW: 28 0.50 INCH OR MORE: 1
MIN 0 OR BELOW: 11 1.00 INCH OR MORE: 0
[HDD (BASE 65) ]
TOTAL THIS MO. 1433 CLEAR (SCALE 0-3) 8
DPTR FM NORMAL 355 PTCLDY (SCALE 4-7) 16
TOTAL FM JUL 1 5064 CLOUDY (SCALE 8-10) 4
DPTR FM NORMAL 0
[CDD (BASE 65) ]
TOTAL THIS MO. 0
DPTR FM NORMAL 0 [PRESSURE DATA]
TOTAL FM JAN 1 0 HIGHEST SLP 30.82 ON 14
DPTR FM NORMAL 0 LOWEST SLP 29.59 ON 3
[REMARKS]
#FINAL-02-21#