000
CXUS51 KCLE 041050
CLSCAK

CLIMATE REPORT
NATIONAL WEATHER SERVICE CLEVELAND, OH
650 AM EDT THU JUN 04 2020

...................................

...THE AKRON CANTON OH CLIMATE SUMMARY FOR THE SEASON, FROM
3/1/2020 TO 5/31/2020...

CLIMATE NORMAL PERIOD 1981 TO 2010
CLIMATE RECORD PERIOD 1887 TO 2020

WEATHER         OBSERVED          NORMAL  DEPART
                VALUE   DATE(S)   VALUE   FROM
                                          NORMAL
................................................
TEMPERATURE (F)
RECORD
 HIGH             94   05/31/1895
 LOW              -6   03/12/1948
HIGHEST           90   05/25
LOWEST            18   03/01
AVG. MAXIMUM    60.0               58.5     1.5
AVG. MINIMUM    40.6               38.6     2.0
MEAN            50.3               48.5     1.8
DAYS MAX >= 90     1                0.1
DAYS MAX <= 32     0                3.8
DAYS MIN <= 32    25               28.1
DAYS MIN <= 0      0                0.0

PRECIPITATION (INCHES)
RECORD
 MAXIMUM       18.18   1964
 MINIMUM        4.26   1915
TOTALS         12.61              10.81    1.80
DAYS >= .01       51               42.3
DAYS >= .10       30               24.3
DAYS >= .50        6                6.6
DAYS >= 1.00       1                1.9

SNOWFALL (INCHES)
RECORDS
 TOTAL          30.7   1987
TOTALS           3.0               11.0
DAYS >= TRACE     14
DAYS >= 1.0        1                3.4

DEGREE DAYS
HEATING TOTAL   1399               1557    -158
COOLING TOTAL     70                 43      27
................................................

WIND (MPH)
HIGHEST GUST SPEED/DIRECTION    51/360    DATE  04/07
                                51/260          03/03

SKY COVER
POSSIBLE SUNSHINE (PERCENT)   MM
NUMBER OF DAYS FAIR            5
NUMBER OF DAYS PC             22
NUMBER OF DAYS CLOUDY         35


WEATHER CONDITIONS. NUMBER OF DAYS WITH
THUNDERSTORM             10     MIXED PRECIP               0
HEAVY RAIN                6     RAIN                      16
LIGHT RAIN               52     FREEZING RAIN              0
LT FREEZING RAIN          0     HAIL                       0
HEAVY SNOW                0     SNOW                       1
LIGHT SNOW               16     SLEET                      0
FOG                      50     FOG W/VIS <= 1/4 MILE      5
HAZE                     47

-  INDICATES NEGATIVE NUMBERS.
R  INDICATES RECORD WAS SET OR TIED.
MM INDICATES DATA IS MISSING.
T  INDICATES TRACE AMOUNT.

$$
