000
CXUS53 KDVN 011735
CLSIOW


CLIMATE REPORT
NATIONAL WEATHER SERVICE QUAD CITIES IA IL
1147 AM CDT MON JUN 1 2020

...................................

...THE IOWA CITY IA CLIMATE SUMMARY FOR THE SEASON, FROM
3/1/2020 TO 5/31/2020...

CLIMATE NORMAL PERIOD 1981 TO 2010
CLIMATE RECORD PERIOD 9999 TO 9999

WEATHER         OBSERVED          NORMAL  DEPART
                 VALUE   DATE(S)  VALUE   FROM
                                          NORMAL
................................................
TEMPERATURE (F)
HIGHEST            87   05/25        77      10
LOWEST             24   04/16        23       1
AVG. MAXIMUM     61.2              60.6     0.6
AVG. MINIMUM     40.9              40.1     0.8
MEAN             51.1              50.3     0.8
DAYS MAX >= 90      0
DAYS MAX <= 32      0
DAYS MIN <= 32     23
DAYS MIN <= 0       0

PRECIPITATION (INCHES)
TOTALS          10.67              9.93    0.74
DAILY AVG.       0.12              0.11    0.01
DAYS >= .01        40
DAYS >= .10        22
DAYS >= .50         8
DAYS >= 1.00        3
GREATEST
 24 HR. TOTAL    1.38   05/13 TO 05/14

DEGREE_DAYS
HEATING TOTAL    1294              1411    -117
 SINCE 7/1       5854              6361    -507
COOLING TOTAL      34                61     -27
 SINCE 1/1         34                61     -27
.................................................

WIND (MPH)
AVERAGE WIND SPEED              9.1
HIGHEST WIND SPEED/DIRECTION    36/300    DATE  04/09
HIGHEST GUST SPEED/DIRECTION    54/310    DATE  04/09

SKY COVER
POSSIBLE SUNSHINE (PERCENT)   MM
AVERAGE SKY COVER           0.50
NUMBER OF DAYS FAIR           35
NUMBER OF DAYS PC             29
NUMBER OF DAYS CLOUDY         28

AVERAGE RH (PERCENT)     66

WEATHER CONDITIONS. NUMBER OF DAYS WITH
THUNDERSTORM             15     HAIL                     0
SLEET                     0     FOG                     42
FOG W/VIS <= 1/4 MILE     7     HAZE                     8

WEATHER CONDITIONS. NUMBER OF DAYS WITH
  0
 42
  8

-  INDICATES NEGATIVE NUMBERS.
R  INDICATES RECORD WAS SET OR TIED.
MM INDICATES DATA IS MISSING.
T  INDICATES TRACE AMOUNT.

$$
