000
CXUS51 KPBZ 011515
CLSZZV

CLIMATE REPORT
NATIONAL WEATHER SERVICE PITTSBURGH PA
1115 AM EDT MON JUN 01 2020

...................................

...THE ZANESVILLE OH CLIMATE SUMMARY FOR THE SEASON, FROM
3/1/2020 TO 5/31/2020...

CLIMATE NORMAL PERIOD 1981 TO 2010
CLIMATE RECORD PERIOD 1895 TO 2020

WEATHER         OBSERVED          NORMAL  DEPART   LAST YEAR`S
                VALUE   DATE(S)   VALUE   FROM     VALUE DATE(S)
                                          NORMAL
................................................................
TEMPERATURE (F)
RECORD
 HIGH             98   05/28/1911
 LOW              -6   03/06/2015
HIGHEST           88   05/24         86       2       86  05/19
                       05/26
                                                          05/25
                                                          05/28
LOWEST            16   03/01         12       4        8  03/05
AVG. MAXIMUM    62.0               62.3    -0.3     63.4
AVG. MINIMUM    41.6               39.6     2.0     42.1
MEAN            51.8               50.9     0.9     52.8
DAYS MAX >= 90     0                0.0     0.0        0
DAYS MAX <= 32     0                2.0    -2.0        3
DAYS MIN <= 32    24               25.6    -1.6       26
DAYS MIN <= 0      0                0.1    -0.1        0

PRECIPITATION (INCHES)
RECORD
 MAXIMUM       18.55   1945
 MINIMUM        3.09   1906
TOTALS         15.90              10.63    5.27    11.46
DAILY AVG.      0.17               0.10    0.07     0.13
DAYS >= .01       52               38.4    13.6       MM
DAYS >= .10       36               23.7    12.3       MM
DAYS >= .50       12                7.3     4.7       MM
DAYS >= 1.00       2                1.7     0.3       MM
GREATEST
 24 HR. TOTAL   1.74
 STORM TOTAL    2.44
 (MM/DD(HH))


DEGREE DAYS
HEATING TOTAL   1240               1348    -108     1214
 SINCE 7/1      4916               5524    -608       MM
COOLING TOTAL     76                 55      21      111
 SINCE 1/1        76                 54      22       MM
................................................................

WIND (MPH)
AVERAGE WIND SPEED              6.9
HIGHEST WIND SPEED/DIRECTION    31/320    DATE  03/03
HIGHEST GUST SPEED/DIRECTION    46/270    DATE  04/13

AVERAGE RH (PERCENT)     68

WEATHER CONDITIONS. NUMBER OF DAYS WITH
THUNDERSTORM             10     MIXED PRECIP               0
HEAVY RAIN               13     RAIN                      27
LIGHT RAIN               52     FREEZING RAIN              0
LT FREEZING RAIN          0     HAIL                       0
HEAVY SNOW                0     SNOW                       1
LIGHT SNOW                3     SLEET                      0
FOG                      53     FOG W/VIS <= 1/4 MILE      3
HAZE                      1

-  INDICATES NEGATIVE NUMBERS.
R  INDICATES RECORD WAS SET OR TIED.
MM INDICATES DATA IS MISSING.
T  INDICATES TRACE AMOUNT.

$$
