000
CXUS55 KBOU 011000
CF6DEN
PRELIMINARY LOCAL CLIMATOLOGICAL DATA (WS FORM: F-6)
STATION: DENVER CO
MONTH: NOVEMBER
YEAR: 2022
LATITUDE: 39 52 N
LONGITUDE: 104 40 W
TEMPERATURE IN F: :PCPN: SNOW: WIND :SUNSHINE: SKY :PK WND
================================================================================
1 2 3 4 5 6A 6B 7 8 9 10 11 12 13 14 15 16 17 18
12Z AVG MX 2MIN
DY MAX MIN AVG DEP HDD CDD WTR SNW DPTH SPD SPD DIR MIN PSBL S-S WX SPD DR
================================================================================
1 75 40 58 13 7 0 0.00 0.0 0 9.4 20 200 M M 3 27 210
2 73 48 61 17 4 0 0.00 0.0 0 11.9 22 200 M M 5 29 200
3 53 26 40 -4 25 0 0.19 4.5 5 10.0 25 10 M M 7 12 31 20
4 45 22 34 -10 31 0 T T 4 5.9 18 280 M M 5 128 24 280
5 61 29 45 2 20 0 0.00 0.0 T 10.1 25 280 M M 7 34 290
6 49 30 40 -3 25 0 0.00 0.0 0 12.8 18 160 M M 7 26 110
7 57 35 46 3 19 0 0.00 0.0 0 12.5 39 170 M M 5 52 160
8 74 41 58 16 7 0 0.00 0.0 0 15.5 30 190 M M 5 38 190
9 49 26 38 -4 27 0 T T 0 8.1 23 20 M M 5 128 29 10
10 51 23 37 -5 28 0 0.00 0.0 T 12.4 32 280 M M 4 46 290
11 37 17 27 -14 38 0 T T T 8.3 16 100 M M 5 1 20 130
12 51 12 32 -9 33 0 0.00 0.0 0 6.0 15 90 M M 4 19 90
13 50 21 36 -4 29 0 0.00 0.0 0 9.5 21 40 M M 4 26 50
14 37 10 24 -16 41 0 T T 0 5.7 13 50 M M 6 19 70
15 36 16 26 -14 39 0 0.07 1.9 1 6.3 17 20 M M 5 1 24 20
16 42 19 31 -8 34 0 0.00 0.0 T 9.2 14 170 M M 6 20 360
17 29 13 21 -18 44 0 0.08 1.6 T 10.0 23 30 M M 9 18 28 30
18 22 6 14 -24 51 0 0.05 1.2 3 5.8 13 220 M M 5 1 16 110
19 38 8 23 -15 42 0 0.00 0.0 2 10.4 17 150 M M 2 20 130
20 50 16 33 -5 32 0 0.00 0.0 1 8.4 17 210 M M 0 20 200
21 55 19 37 0 28 0 0.00 0.0 T 8.2 17 110 M M 1 23 100
22 53 25 39 2 26 0 0.00 0.0 0 8.9 15 200 M M 5 18 110
23 52 30 41 4 24 0 0.00 0.0 0 12.2 22 10 M M 6 31 10
24 43 28 36 0 29 0 T T T 11.0 20 360 M M 6 25 340
25 61 27 44 8 21 0 0.00 0.0 0 7.5 16 210 M M 1 20 210
26 59 29 44 9 21 0 0.00 0.0 0 11.1 25 20 M M 4 32 20
27 51 27 39 4 26 0 0.00 0.0 0 6.2 14 350 M M 6 16 340
28 57 23 40 5 25 0 T T 0 11.2 23 30 M M 6 30 30
29 23 6 15 -19 50 0 0.08 1.7 1 9.1 21 20 M M 7 18 26 10
30 29 4 17 -17 48 0 0.00 0.0 1 4.1 13 230 M M 1 1 16 230
================================================================================
SM 1462 676 874 0 0.47 10.9 277.7 M 142
================================================================================
AV 48.7 22.5 9.3 FASTST M M 5 MAX(MPH)
MISC ----> 39 170 52 160
================================================================================
NOTES:
# LAST OF SEVERAL OCCURRENCES
COLUMN 17 PEAK WIND IN M.P.H.
PRELIMINARY LOCAL CLIMATOLOGICAL DATA (WS FORM: F-6) , PAGE 2
STATION: DENVER CO
MONTH: NOVEMBER
YEAR: 2022
LATITUDE: 39 52 N
LONGITUDE: 104 40 W
[TEMPERATURE DATA] [PRECIPITATION DATA] SYMBOLS USED IN COLUMN 16
AVERAGE MONTHLY: 35.6 TOTAL FOR MONTH: 0.47 1 = FOG OR MIST
DPTR FM NORMAL: -3.8 DPTR FM NORMAL: -0.17 2 = FOG REDUCING VISIBILITY
HIGHEST: 75 ON 1 GRTST 24HR 0.19 ON 3- 3 TO 1/4 MILE OR LESS
LOWEST: 4 ON 30 3 = THUNDER
SNOW, ICE PELLETS, HAIL 4 = ICE PELLETS
TOTAL MONTH: 10.9 INCHES 5 = HAIL
GRTST 24HR 4.5 ON 3- 3 6 = FREEZING RAIN OR DRIZZLE
GRTST DEPTH: 5 ON 3 7 = DUSTSTORM OR SANDSTORM:
VSBY 1/2 MILE OR LESS
8 = SMOKE OR HAZE
[NO. OF DAYS WITH] [WEATHER - DAYS WITH] 9 = BLOWING SNOW
X = TORNADO
MAX 32 OR BELOW: 4 0.01 INCH OR MORE: 5
MAX 90 OR ABOVE: 0 0.10 INCH OR MORE: 1
MIN 32 OR BELOW: 26 0.50 INCH OR MORE: 0
MIN 0 OR BELOW: 0 1.00 INCH OR MORE: 0
[HDD (BASE 65) ]
TOTAL THIS MO. 874 CLEAR (SCALE 0-3) 5
DPTR FM NORMAL 107 PTCLDY (SCALE 4-7) 24
TOTAL FM JUL 1 1266 CLOUDY (SCALE 8-10) 1
DPTR FM NORMAL -53
[CDD (BASE 65) ]
TOTAL THIS MO. 0
DPTR FM NORMAL 0 [PRESSURE DATA]
TOTAL FM JAN 1 1168 HIGHEST SLP 30.51 ON 19
DPTR FM NORMAL 319 LOWEST SLP 29.35 ON 28
[REMARKS]
#FINAL-11-22#