000
CXUS53 KTOP 010800
CF6LWC
PRELIMINARY LOCAL CLIMATOLOGICAL DATA (WS FORM: F-6)
STATION: Lawrence KS
MONTH: JULY
YEAR: 2020
LATITUDE: 39 0 N
LONGITUDE: 95 13 W
TEMPERATURE IN F: :PCPN: SNOW: WIND :SUNSHINE: SKY :PK WND
================================================================================
1 2 3 4 5 6A 6B 7 8 9 10 11 12 13 14 15 16 17 18
12Z AVG MX 2MIN
DY MAX MIN AVG DEP HDD CDD WTR SNW DPTH SPD SPD DIR MIN PSBL S-S WX SPD DR
================================================================================
1 86 70 78 1 0 13 0.03 M M 7.2 24 10 M M 5 3 33 360
2 91 72 82 5 0 17 0.00 M M 5.3 15 40 M M 0 1 21 30
3 90 71 81 4 0 16 1.22 M M 4.8 30 300 M M 4 123 41 300
4 87 71 79 1 0 14 0.07 M M 5.3 16 50 M M 4 1 20 50
5 90 71 81 3 0 16 0.00 M M 3.6 12 110 M M 2 128 21 130
6 92 69 81 3 0 16 0.00 M M 1.9 9 130 M M 0 128 13 130
7 94 70 82 4 0 17 0.00 M M 2.9 8 140 M M 0 18 10 130
8 93 72 83 5 0 18 0.00 M M 6.2 15 190 M M 1 1 20 190
9 87 67 77 -1 0 12 0.36 M M 9.7 31 330 M M 1 13 41 340
10 91 64 78 0 0 13 0.00 M M 4.0 10 170 M M 0 1 15 140
11 93 71 82 4 0 17 T M M 5.5 15 350 M M 2 3 22 340
12 87 59 73 -5 0 8 0.00 M M 6.5 15 330 M M 0 18 22 350
13 91 65 78 0 0 13 0.00 M M 7.2 14 140 M M 0 M M
14 91 67 79 1 0 14 0.09 M M 7.2 17 160 M M 3 13 22 170
15 86 68 77 -1 0 12 0.87 M M 7.1 26 70 M M 5 13 39 70
16 86 65 76 -2 0 11 0.00 M M 5.0 14 150 M M 0 1 17 120
17 94 72 83 4 0 18 0.00 M M 7.2 16 150 M M 0 23 140
18 95 77 86 7 0 21 0.00 M M 11.6 23 170 M M 0 35 190
19 91 73 82 3 0 17 0.00 M M 6.9 22 40 M M 4 3 30 50
20 82 69 76 -3 0 11 0.82 M M 6.5 23 340 M M 3 13 36 320
21 83 68 76 -3 0 11 0.59 M M 5.5 15 180 M M 5 13 22 170
22 91 66 79 0 0 14 0.00 M M 2.0 7 130 M M 3 12 9 300
23 94 71 83 4 0 18 0.00 M M 4.1 12 140 M M 1 15 150
24 94 72 83 4 0 18 0.00 M M 6.4 13 150 M M 1 8 18 160
25 93 74 84 5 0 19 0.00 M M 6.6 15 160 M M 1 21 150
26 94 73 84 5 0 19 T M M 5.5 17 210 M M 2 29 220
27 85 72 79 0 0 14 0.32 M M 5.4 13 50 M M 6 1 18 40
28 89 71 80 1 0 15 0.01 M M 5.2 14 140 M M 5 1 20 170
29 86 72 79 0 0 14 1.21 M M 5.6 22 160 M M 7 13 26 160
30 76 71 74 -5 0 9 0.75 M M 5.7 15 10 M M 10 1 22 360
31 81 65 73 -6 0 8 0.13 M M 6.8 14 20 M M 4 1 19 360
================================================================================
SM 2763 2158 0 453 6.47 M 180.4 M 79
================================================================================
AV 89.1 69.6 5.8 FASTST M M 3 MAX(MPH)
MISC ----> # 31 330 # 41 300
================================================================================
NOTES:
# LAST OF SEVERAL OCCURRENCES
COLUMN 17 PEAK WIND IN M.P.H.
PRELIMINARY LOCAL CLIMATOLOGICAL DATA (WS FORM: F-6) , PAGE 2
STATION: Lawrence KS
MONTH: JULY
YEAR: 2020
LATITUDE: 39 0 N
LONGITUDE: 95 13 W
[TEMPERATURE DATA] [PRECIPITATION DATA] SYMBOLS USED IN COLUMN 16
AVERAGE MONTHLY: 79.4 TOTAL FOR MONTH: 6.47 1 = FOG OR MIST
DPTR FM NORMAL: 1.1 DPTR FM NORMAL: 2.29 2 = FOG REDUCING VISIBILITY
HIGHEST: 95 ON 18 GRTST 24HR 1.22 ON 3- 3 TO 1/4 MILE OR LESS
LOWEST: 59 ON 12 3 = THUNDER
SNOW, ICE PELLETS, HAIL 4 = ICE PELLETS
TOTAL MONTH: M 5 = HAIL
GRTST 24HR M ON M 6 = FREEZING RAIN OR DRIZZLE
GRTST DEPTH: M ON M 7 = DUSTSTORM OR SANDSTORM:
VSBY 1/2 MILE OR LESS
8 = SMOKE OR HAZE
[NO. OF DAYS WITH] [WEATHER - DAYS WITH] 9 = BLOWING SNOW
X = TORNADO
MAX 32 OR BELOW: 0 0.01 INCH OR MORE: 13
MAX 90 OR ABOVE: 18 0.10 INCH OR MORE: 9
MIN 32 OR BELOW: 0 0.50 INCH OR MORE: 6
MIN 0 OR BELOW: 0 1.00 INCH OR MORE: 2
[HDD (BASE 65) ]
TOTAL THIS MO. 0 CLEAR (SCALE 0-3) 18
DPTR FM NORMAL -1 PTCLDY (SCALE 4-7) 12
TOTAL FM JUL 1 0 CLOUDY (SCALE 8-10) 1
DPTR FM NORMAL -1
[CDD (BASE 65) ]
TOTAL THIS MO. 453
DPTR FM NORMAL 39 [PRESSURE DATA]
TOTAL FM JAN 1 933 HIGHEST SLP M ON M
DPTR FM NORMAL 125 LOWEST SLP 29.67 ON 9
[REMARKS]
#FINAL-07-20#