000
CXUS56 KOTX 010910
CF6LWS
PRELIMINARY LOCAL CLIMATOLOGICAL DATA (WS FORM: F-6)
STATION: LEWISTON ID AIRPORT
MONTH: JUNE
YEAR: 2022
LATITUDE: 46 22 N
LONGITUDE: 117 1 W
TEMPERATURE IN F: :PCPN: SNOW: WIND :SUNSHINE: SKY :PK WND
================================================================================
1 2 3 4 5 6A 6B 7 8 9 10 11 12 13 14 15 16 17 18
12Z AVG MX 2MIN
DY MAX MIN AVG DEP HDD CDD WTR SNW DPTH SPD SPD DIR MIN PSBL S-S WX SPD DR
================================================================================
1 80 54 67 3 0 2 0.00 0.0 0 5.0 10 130 M M 3 14 80
2 87 59 73 9 0 8 0.16 0.0 0 6.7 29 280 M M 4 3 37 280
3 79 57 68 4 0 3 0.30 0.0 0 4.9 25 290 M M 4 138 33 290
4 66 53 60 -4 5 0 0.18 0.0 0 3.8 12 320 M M 7 1 17 320
5 74 56 65 1 0 0 0.46 0.0 0 4.6 32 270 M M 8 13 50 280
6 71 53 62 -2 3 0 0.05 0.0 0 3.8 15 250 M M 6 3 20 260
7 79 50 65 1 0 0 0.00 0.0 0 4.3 15 50 M M 0 21 60
8 79 60 70 5 0 5 0.00 0.0 0 3.3 10 210 M M 5 15 110
9 83 56 70 5 0 5 T 0.0 0 3.1 8 300 M M 4 12 280
10 72 62 67 2 0 2 0.32 0.0 0 5.7 20 310 M M 9 1 28 320
11 72 58 65 0 0 0 0.45 0.0 0 4.8 17 160 M M 6 1 21 170
12 72 52 62 -3 3 0 0.53 0.0 0 4.8 22 290 M M 8 123 29 290
13 54 48 51 -15 14 0 0.46 0.0 0 5.3 13 260 M M 10 21 260
14 67 48 58 -8 7 0 0.00 0.0 0 8.2 21 280 M M 8 29 290
15 78 48 63 -3 2 0 0.00 0.0 M 6.4 16 80 M M 1 21 90
16 77 59 68 2 0 3 0.00 0.0 M 5.5 15 350 M M 0 8 20 320
17 74 60 67 1 0 2 T 0.0 0 7.9 22 330 M M 1 27 290
18 66 53 60 -7 5 0 0.18 0.0 0 4.0 12 320 M M 10 18 22 20
19 71 51 61 -6 4 0 T 0.0 0 6.1 18 310 M M 9 25 320
20 74 54 64 -3 1 0 0.09 0.0 0 2.6 7 180 M M 7 1 12 100
21 83 52 68 0 0 3 0.00 0.0 0 4.4 10 30 M M 0 15 20
22 88 58 73 5 0 8 0.00 0.0 0 4.8 12 320 M M 0 14 320
23 79 58 69 1 0 4 0.00 0.0 0 9.0 17 310 M M 2 22 330
24 78 50 64 -5 1 0 T M M 5.0 16 290 M M 1 22 330
25 85 52 69 0 0 4 0.00 0.0 M 3.9 12 40 M M 0 16 50
26 92 53 73 4 0 8 0.00 0.0 M 4.2 9 40 M M 0 13 80
27 99 63 81 11 0 16 T 0.0 M 3.8 9 50 M M 0 13 40
28 91 66 79 9 0 14 T 0.0 M 9.9 25 300 M M 0 32 310
29 83 56 70 0 0 5 0.00 0.0 0 4.6 16 320 M M 0 20 340
30 88 54 71 0 0 6 0.00 0.0 0 3.7 12 60 M M 0 17 50
================================================================================
SM 2341 1653 45 98 3.18 0.0 154.1 M 113
================================================================================
AV 78.0 55.1 5.1 FASTST M M 4 MAX(MPH)
MISC ----> 32 270 50 280
================================================================================
NOTES:
# LAST OF SEVERAL OCCURRENCES
COLUMN 17 PEAK WIND IN M.P.H.
PRELIMINARY LOCAL CLIMATOLOGICAL DATA (WS FORM: F-6) , PAGE 2
STATION: LEWISTON ID AIRPORT
MONTH: JUNE
YEAR: 2022
LATITUDE: 46 22 N
LONGITUDE: 117 1 W
[TEMPERATURE DATA] [PRECIPITATION DATA] SYMBOLS USED IN COLUMN 16
AVERAGE MONTHLY: 66.6 TOTAL FOR MONTH: 3.18 1 = FOG OR MIST
DPTR FM NORMAL: 0.1 DPTR FM NORMAL: 1.93 2 = FOG REDUCING VISIBILITY
HIGHEST: 99 ON 27 GRTST 24HR 0.96 ON 12-13 TO 1/4 MILE OR LESS
LOWEST: 48 ON 15,14 3 = THUNDER
SNOW, ICE PELLETS, HAIL 4 = ICE PELLETS
TOTAL MONTH: 0.0 INCH 5 = HAIL
GRTST 24HR 0.0 6 = FREEZING RAIN OR DRIZZLE
GRTST DEPTH: 0 7 = DUSTSTORM OR SANDSTORM:
VSBY 1/2 MILE OR LESS
8 = SMOKE OR HAZE
[NO. OF DAYS WITH] [WEATHER - DAYS WITH] 9 = BLOWING SNOW
X = TORNADO
MAX 32 OR BELOW: 0 0.01 INCH OR MORE: 11
MAX 90 OR ABOVE: 3 0.10 INCH OR MORE: 9
MIN 32 OR BELOW: 0 0.50 INCH OR MORE: 1
MIN 0 OR BELOW: 0 1.00 INCH OR MORE: 0
[HDD (BASE 65) ]
TOTAL THIS MO. 45 CLEAR (SCALE 0-3) 15
DPTR FM NORMAL -16 PTCLDY (SCALE 4-7) 10
TOTAL FM JUL 1 4922 CLOUDY (SCALE 8-10) 5
DPTR FM NORMAL -59
[CDD (BASE 65) ]
TOTAL THIS MO. 98
DPTR FM NORMAL -9 [PRESSURE DATA]
TOTAL FM JAN 1 104 HIGHEST SLP M ON M
DPTR FM NORMAL -39 LOWEST SLP 29.55 ON 12
[REMARKS]
#FINAL-06-22#