000
CXUS56 KOTX 010900
CF6LWS
PRELIMINARY LOCAL CLIMATOLOGICAL DATA (WS FORM: F-6)
STATION: LEWISTON ID AIRPORT
MONTH: JUNE
YEAR: 2020
LATITUDE: 46 22 N
LONGITUDE: 117 1 W
TEMPERATURE IN F: :PCPN: SNOW: WIND :SUNSHINE: SKY :PK WND
================================================================================
1 2 3 4 5 6A 6B 7 8 9 10 11 12 13 14 15 16 17 18
12Z AVG MX 2MIN
DY MAX MIN AVG DEP HDD CDD WTR SNW DPTH SPD SPD DIR MIN PSBL S-S WX SPD DR
================================================================================
1 72 51 62 -1 3 0 0.01 0.0 0 3.3 9 80 M M 3 12 90
2 81 49 65 2 0 0 0.00 0.0 0 3.8 12 330 M M 0 14 330
3 78 57 68 5 0 3 0.00 0.0 0 5.4 13 320 M M 0 17 320
4 76 53 65 2 0 0 0.00 0.0 0 4.5 14 320 M M 1 17 340
5 80 52 66 3 0 1 0.18 0.0 0 5.4 18 310 M M 4 3 25 310
6 65 55 60 -4 5 0 T 0.0 0 4.7 14 320 M M 7 19 300
7 61 51 56 -8 9 0 0.06 0.0 0 6.5 14 130 M M 6 20 190
8 70 52 61 -3 4 0 0.00 0.0 0 8.3 20 260 M M 7 26 270
9 63 50 57 -7 8 0 0.02 0.0 0 5.8 13 70 M M 8 16 140
10 83 51 67 3 0 2 T 0.0 0 4.6 14 260 M M 3 17 260
11 87 61 74 9 0 9 0.00 0.0 0 4.7 10 290 M M 0 8 14 310
12 85 63 74 9 0 9 0.06 0.0 0 5.3 20 250 M M 0 3 26 320
13 63 50 57 -8 8 0 0.34 0.0 0 8.4 20 170 M M 8 1 25 320
14 64 49 57 -8 8 0 0.08 0.0 0 7.4 15 70 M M 5 3 20 150
15 61 47 54 -12 11 0 0.11 0.0 0 4.4 10 40 M M 7 14 160
16 65 53 59 -7 6 0 0.17 0.0 0 4.5 10 200 M M 7 13 140
17 76 54 65 -1 0 0 T 0.0 0 7.0 20 340 M M 7 25 330
18 81 57 69 3 0 4 0.00 0.0 0 4.4 10 80 M M 2 13 80
19 87 57 72 5 0 7 0.00 0.0 0 5.8 13 50 M M 0 17 40
20 76 60 68 1 0 3 0.14 0.0 0 4.9 14 230 M M 7 21 70
21 81 61 71 4 0 6 0.00 0.0 0 4.0 15 350 M M 3 1 19 10
22 87 54 71 3 0 6 0.00 0.0 0 3.8 12 20 M M 0 15 40
23 93 59 76 8 0 11 0.00 0.0 0 4.2 8 200 M M 0 11 50
24 93 64 79 11 0 14 0.00 0.0 0 6.0 21 290 M M 1 8 27 300
25 89 63 76 8 0 11 0.00 0.0 0 5.3 14 10 M M 1 18 340
26 95 59 77 8 0 12 0.00 0.0 0 4.2 14 320 M M 0 18 280
27 85 63 74 5 0 9 0.00 0.0 0 11.1 24 300 M M 5 32 300
28 67 54 61 -8 4 0 0.54 0.0 0 8.2 18 270 M M 6 13 22 280
29 66 54 60 -10 5 0 0.30 0.0 0 4.0 14 60 M M 9 1 17 130
30 78 58 68 -2 0 3 0.21 0.0 0 7.2 25 250 M M 7 1 30 250
================================================================================
SM 2308 1661 71 110 2.22 0.0 167.1 M 114
================================================================================
AV 76.9 55.4 5.6 FASTST M M 4 MAX(MPH)
MISC ----> # 25 250 # 32 300
================================================================================
NOTES:
# LAST OF SEVERAL OCCURRENCES
COLUMN 17 PEAK WIND IN M.P.H.
PRELIMINARY LOCAL CLIMATOLOGICAL DATA (WS FORM: F-6) , PAGE 2
STATION: LEWISTON ID AIRPORT
MONTH: JUNE
YEAR: 2020
LATITUDE: 46 22 N
LONGITUDE: 117 1 W
[TEMPERATURE DATA] [PRECIPITATION DATA] SYMBOLS USED IN COLUMN 16
AVERAGE MONTHLY: 66.2 TOTAL FOR MONTH: 2.22 1 = FOG OR MIST
DPTR FM NORMAL: 0.2 DPTR FM NORMAL: 0.98 2 = FOG REDUCING VISIBILITY
HIGHEST: 95 ON 26 GRTST 24HR 0.54 ON 28-28 TO 1/4 MILE OR LESS
LOWEST: 47 ON 15 3 = THUNDER
SNOW, ICE PELLETS, HAIL 4 = ICE PELLETS
TOTAL MONTH: 0.0 INCH 5 = HAIL
GRTST 24HR 0.0 6 = FREEZING RAIN OR DRIZZLE
GRTST DEPTH: 0 7 = DUSTSTORM OR SANDSTORM:
VSBY 1/2 MILE OR LESS
8 = SMOKE OR HAZE
[NO. OF DAYS WITH] [WEATHER - DAYS WITH] 9 = BLOWING SNOW
X = TORNADO
MAX 32 OR BELOW: 0 0.01 INCH OR MORE: 13
MAX 90 OR ABOVE: 3 0.10 INCH OR MORE: 8
MIN 32 OR BELOW: 0 0.50 INCH OR MORE: 1
MIN 0 OR BELOW: 0 1.00 INCH OR MORE: 0
[HDD (BASE 65) ]
TOTAL THIS MO. 71 CLEAR (SCALE 0-3) 14
DPTR FM NORMAL 1 PTCLDY (SCALE 4-7) 15
TOTAL FM JUL 1 4932 CLOUDY (SCALE 8-10) 1
DPTR FM NORMAL -235
[CDD (BASE 65) ]
TOTAL THIS MO. 110
DPTR FM NORMAL 12 [PRESSURE DATA]
TOTAL FM JAN 1 148 HIGHEST SLP M ON M
DPTR FM NORMAL 18 LOWEST SLP 29.54 ON 5
[REMARKS]
#FINAL-06-20#