000
CXUS56 KOTX 030131
CF6LWS
PRELIMINARY LOCAL CLIMATOLOGICAL DATA (WS FORM: F-6)
STATION: LEWISTON ID AIRPORT
MONTH: JANUARY
YEAR: 2022
LATITUDE: 46 22 N
LONGITUDE: 117 1 W
TEMPERATURE IN F: :PCPN: SNOW: WIND :SUNSHINE: SKY :PK WND
================================================================================
1 2 3 4 5 6A 6B 7 8 9 10 11 12 13 14 15 16 17 18
12Z AVG MX 2MIN
DY MAX MIN AVG DEP HDD CDD WTR SNW DPTH SPD SPD DIR MIN PSBL S-S WX SPD DR
================================================================================
1 24 -1 12 -23 53 0 T 0.0 7 2.6 12 130 M M 6 18 150
2 32 23 28 -7 37 0 0.00 0.0 6 14.3 33 130 M M 0 8 38 140
3 39 23 31 -4 34 0 0.03 T 5 4.9 16 190 M M 8 12 20 200
4 37 25 31 -4 34 0 0.07 T 3 4.0 13 80 M M 8 128 15 70
5 36 31 34 -1 31 0 0.22 1.4 4 4.7 23 280 M M 10 12 29 280
6 34 31 33 -2 32 0 0.72 2.4 6 4.6 14 60 M M 10 12 17 80
7 46 33 40 5 25 0 0.03 0.0 6 8.8 26 250 M M 7 12 33 250
8 40 24 32 -3 33 0 0.00 0.0 4 3.5 15 250 M M 1 17 240
9 37 21 29 -7 36 0 0.00 0.0 3 9.5 18 80 M M 0 23 80
10 37 22 30 -6 35 0 0.00 0.0 3 7.0 20 120 M M 0 23 120
11 45 32 39 3 26 0 0.01 0.0 3 8.8 24 190 M M 7 28 180
12 49 40 45 9 20 0 T 0.0 M 11.9 24 170 M M 6 30 170
13 47 35 41 5 24 0 0.00 0.0 0 5.8 24 120 M M 2 28 120
14 45 32 39 3 26 0 T 0.0 0 3.0 10 70 M M 1 18 14 60
15 43 30 37 1 28 0 0.00 0.0 0 3.0 10 140 M M 1 12 14 130
16 43 30 37 1 28 0 0.00 0.0 M 6.3 18 110 M M 0 20 110
17 42 32 37 1 28 0 T 0.0 0 5.8 16 90 M M 1 8 20 90
18 42 32 37 1 28 0 0.01 T 0 1.9 8 90 M M 9 1 10 80
19 48 36 42 5 23 0 T M M 2.1 8 20 M M 7 18 10 40
20 51 39 45 8 20 0 0.21 0.0 0 9.8 23 170 M M 9 32 180
21 49 33 41 4 24 0 0.00 0.0 0 3.7 10 240 M M 1 13 210
22 34 29 32 -5 33 0 0.00 0.0 0 1.8 7 110 M M 8 12 8 80
23 39 30 35 -2 30 0 0.00 0.0 0 3.3 8 70 M M 5 12 13 70
24 35 30 33 -4 32 0 T T 0 3.8 13 300 M M 9 1 15 300
25 42 29 36 -1 29 0 0.00 0.0 0 3.2 8 70 M M 4 11 60
26 36 27 32 -5 33 0 0.00 0.0 0 3.5 12 260 M M 6 13 260
27 34 27 31 -6 34 0 0.00 0.0 0 4.5 10 60 M M 8 13 60
28 42 24 33 -4 32 0 0.00 0.0 0 6.7 24 160 M M 0 29 160
29 40 22 31 -6 34 0 0.00 0.0 M 3.2 14 70 M M 0 16 70
30 45 23 34 -4 31 0 T 0.0 0 9.1 30 170 M M 5 40 160
31 45 32 39 1 26 0 T 0.0 0 10.0 29 250 M M 6 35 250
================================================================================
SM 1258 876 939 0 1.30 3.8 175.1 M 145
================================================================================
AV 40.6 28.3 5.6 FASTST M M 5 MAX(MPH)
MISC ----> 33 130 40 160
================================================================================
NOTES:
# LAST OF SEVERAL OCCURRENCES
COLUMN 17 PEAK WIND IN M.P.H.
PRELIMINARY LOCAL CLIMATOLOGICAL DATA (WS FORM: F-6) , PAGE 2
STATION: LEWISTON ID AIRPORT
MONTH: JANUARY
YEAR: 2022
LATITUDE: 46 22 N
LONGITUDE: 117 1 W
[TEMPERATURE DATA] [PRECIPITATION DATA] SYMBOLS USED IN COLUMN 16
AVERAGE MONTHLY: 34.4 TOTAL FOR MONTH: 1.30 1 = FOG OR MIST
DPTR FM NORMAL: -1.8 DPTR FM NORMAL: 0.17 2 = FOG REDUCING VISIBILITY
HIGHEST: 51 ON 20 GRTST 24HR 0.72 ON 6- 6 TO 1/4 MILE OR LESS
LOWEST: -1 ON 1 3 = THUNDER
SNOW, ICE PELLETS, HAIL 4 = ICE PELLETS
TOTAL MONTH: 4.1 INCHES 5 = HAIL
GRTST 24HR 2.4 ON 6- 6 6 = FREEZING RAIN OR DRIZZLE
GRTST DEPTH: 8 ON M 7 = DUSTSTORM OR SANDSTORM:
VSBY 1/2 MILE OR LESS
8 = SMOKE OR HAZE
[NO. OF DAYS WITH] [WEATHER - DAYS WITH] 9 = BLOWING SNOW
X = TORNADO
MAX 32 OR BELOW: 2 0.01 INCH OR MORE: 8
MAX 90 OR ABOVE: 0 0.10 INCH OR MORE: 3
MIN 32 OR BELOW: 25 0.50 INCH OR MORE: 1
MIN 0 OR BELOW: 1 1.00 INCH OR MORE: 0
[HDD (BASE 65) ]
TOTAL THIS MO. 939 CLEAR (SCALE 0-3) 12
DPTR FM NORMAL 46 PTCLDY (SCALE 4-7) 13
TOTAL FM JUL 1 2794 CLOUDY (SCALE 8-10) 6
DPTR FM NORMAL -205
[CDD (BASE 65) ]
TOTAL THIS MO. 0
DPTR FM NORMAL 0 [PRESSURE DATA]
TOTAL FM JAN 1 0 HIGHEST SLP 30.69 ON 27
DPTR FM NORMAL 0 LOWEST SLP 29.38 ON 7
[REMARKS]
#FINAL-01-22#