000
CXUS52 KTAE 010900
CF6TLH
PRELIMINARY LOCAL CLIMATOLOGICAL DATA (WS FORM: F-6)
STATION: TALLAHASSEE
MONTH: FEBRUARY
YEAR: 2022
LATITUDE: 30 22 N
LONGITUDE: 84 22 W
TEMPERATURE IN F: :PCPN: SNOW: WIND :SUNSHINE: SKY :PK WND
================================================================================
1 2 3 4 5 6A 6B 7 8 9 10 11 12 13 14 15 16 17 18
12Z AVG MX 2MIN
DY MAX MIN AVG DEP HDD CDD WTR SNW DPTH SPD SPD DIR MIN PSBL S-S WX SPD DR
================================================================================
1 68 36 52 -1 13 0 0.00 0.0 0 3.9 17 160 M M 8 12 21 160
2 75 46 61 8 4 0 0.00 0.0 0 8.9 25 150 M M 4 35 140
3 73 55 64 10 1 0 0.00 0.0 0 12.2 25 170 M M 7 32 160
4 70 48 59 5 6 0 0.69 0.0 0 8.4 16 330 M M 8 1 21 340
5 53 39 46 -8 19 0 0.03 0.0 0 9.5 20 340 M M 8 26 330
6 59 36 48 -6 17 0 0.00 0.0 0 6.7 12 50 M M 7 1 16 60
7 52 45 49 -5 16 0 0.07 0.0 0 5.9 12 330 M M 10 14 330
8 54 34 44 -10 21 0 0.01 0.0 0 3.6 12 350 M M 6 16 360
9 64 27 46 -8 19 0 0.00 0.0 0 2.9 13 320 M M 0 18 290
10 69 30 50 -5 15 0 0.00 0.0 0 1.8 9 180 M M 1 13 270
11 69 33 51 -4 14 0 0.00 0.0 0 2.3 10 170 M M 4 16 120
12 64 46 55 0 10 0 T 0.0 0 1.1 7 170 M M 9 9 140
13 63 35 49 -6 16 0 T 0.0 0 8.4 23 320 M M 4 8 30 300
14 62 25 44 -12 21 0 0.00 0.0 0 3.7 14 360 M M 2 19 330
15 69 29 49 -7 16 0 0.00 0.0 M 5.1 20 100 M M 2 18 23 90
16 77 40 59 3 6 0 0.00 0.0 M 6.5 24 130 M M 3 28 130
17 75 54 65 9 0 0 T 0.0 M 10.0 25 180 M M 8 1 34 180
18 73 54 64 8 1 0 0.46 0.0 0 8.8 16 170 M M 9 1 24 190
19 64 37 51 -5 14 0 0.00 0.0 M 8.1 18 360 M M 3 24 330
20 72 34 53 -4 12 0 0.00 0.0 M 5.1 15 90 M M 1 19 80
21 74 44 59 2 6 0 0.00 0.0 0 6.0 17 150 M M 5 22 160
22 78 52 65 8 0 0 0.00 0.0 0 6.6 20 160 M M 1 1 24 170
23 83 55 69 12 0 4 0.00 0.0 0 2.4 12 190 M M 6 12 16 190
24 82 54 68 10 0 3 0.00 0.0 0 3.4 16 220 M M 6 12 20 220
25 82 52 67 9 0 2 0.00 0.0 0 4.0 13 290 M M 4 12 19 290
26 83 56 70 12 0 5 0.00 0.0 0 4.5 12 290 M M 1 14 280
27 84 50 67 9 0 2 0.00 0.0 0 5.8 18 300 M M 3 18 23 300
28 65 48 57 -1 8 0 0.02 0.0 0 7.5 15 20 M M 9 1 19 10
================================================================================
SM 1956 1194 255 16 1.28 0.0 163.1 M 139
================================================================================
AV 69.9 42.6 5.8 FASTST M M 5 MAX(MPH)
MISC ----> # 25 150 35 140
================================================================================
NOTES:
# LAST OF SEVERAL OCCURRENCES
COLUMN 17 PEAK WIND IN M.P.H.
PRELIMINARY LOCAL CLIMATOLOGICAL DATA (WS FORM: F-6) , PAGE 2
STATION: TALLAHASSEE
MONTH: FEBRUARY
YEAR: 2022
LATITUDE: 30 22 N
LONGITUDE: 84 22 W
[TEMPERATURE DATA] [PRECIPITATION DATA] SYMBOLS USED IN COLUMN 16
AVERAGE MONTHLY: 56.3 TOTAL FOR MONTH: 1.28 1 = FOG OR MIST
DPTR FM NORMAL: 0.7 DPTR FM NORMAL: -3.00 2 = FOG REDUCING VISIBILITY
HIGHEST: 84 ON 27 GRTST 24HR 0.72 ON 4- 5 TO 1/4 MILE OR LESS
LOWEST: 25 ON 14 3 = THUNDER
SNOW, ICE PELLETS, HAIL 4 = ICE PELLETS
TOTAL MONTH: 0.0 INCH 5 = HAIL
GRTST 24HR 0.0 6 = FREEZING RAIN OR DRIZZLE
GRTST DEPTH: 0 7 = DUSTSTORM OR SANDSTORM:
VSBY 1/2 MILE OR LESS
8 = SMOKE OR HAZE
[NO. OF DAYS WITH] [WEATHER - DAYS WITH] 9 = BLOWING SNOW
X = TORNADO
MAX 32 OR BELOW: 0 0.01 INCH OR MORE: 6
MAX 90 OR ABOVE: 0 0.10 INCH OR MORE: 2
MIN 32 OR BELOW: 4 0.50 INCH OR MORE: 1
MIN 0 OR BELOW: 0 1.00 INCH OR MORE: 0
[HDD (BASE 65) ]
TOTAL THIS MO. 255 CLEAR (SCALE 0-3) 10
DPTR FM NORMAL -20 PTCLDY (SCALE 4-7) 14
TOTAL FM JUL 1 1098 CLOUDY (SCALE 8-10) 4
DPTR FM NORMAL -156
[CDD (BASE 65) ]
TOTAL THIS MO. 16
DPTR FM NORMAL 2 [PRESSURE DATA]
TOTAL FM JAN 1 36 HIGHEST SLP 30.52 ON 15
DPTR FM NORMAL 19 LOWEST SLP 29.96 ON 18
[REMARKS]
#FINAL-02-22#