000
CDUS43 KTOP 050631
CLITOP


CLIMATE REPORT
NATIONAL WEATHER SERVICE TOPEKA KS
131 AM CDT THU APR 5 2018


...................................

...THE TOPEKA KS CLIMATE SUMMARY FOR APRIL 4 2018...

CLIMATE NORMAL PERIOD 1981 TO 2010
CLIMATE RECORD PERIOD 1887 TO 2018


WEATHER ITEM   OBSERVED TIME   RECORD YEAR NORMAL DEPARTURE LAST
                VALUE   (LST)  VALUE       VALUE  FROM      YEAR
                                                  NORMAL
..................................................................
TEMPERATURE (F)
 YESTERDAY
  MAXIMUM         49    422 PM  93    1942  63    -14       54
  MINIMUM         18    605 AM  16    1920  39    -21       47
  AVERAGE         34                        51    -17       51

PRECIPITATION (IN)
  YESTERDAY        0.00          1.94 1969   0.10  -0.10     0.94
  MONTH TO DATE    0.30                      0.40  -0.10     1.75
  SINCE MAR 1      1.35                      2.89  -1.54     5.78
  SINCE JAN 1      3.10                      5.07  -1.97     7.17

SNOWFALL (IN)
  YESTERDAY        0.0           3.0  1983   0.0    0.0      0.0
  MONTH TO DATE    0.7                       0.1    0.6      0.0
  SINCE JAN 1      6.0                      11.1   -5.1      3.5
  SINCE JUL 1      8.1                      17.6   -9.5      6.6
  SNOW DEPTH       0

DEGREE DAYS
 HEATING
  YESTERDAY       31                        14     17       14
  MONTH TO DATE  129                        58     71       48
  SINCE MAR 1    720                       686     34      548
  SINCE JUL 1   4500                      4653   -153     3729

 COOLING
  YESTERDAY        0                         0      0        0
  MONTH TO DATE    0                         0      0        0
  SINCE MAR 1      0                         3     -3        9
  SINCE JAN 1      0                         3     -3        9
..................................................................


WIND (MPH)
  HIGHEST WIND SPEED    17   HIGHEST WIND DIRECTION     S (160)
  HIGHEST GUST SPEED    23   HIGHEST GUST DIRECTION    SE (150)
  AVERAGE WIND SPEED     8.1


SKY COVER
  AVERAGE SKY COVER 0.0


WEATHER CONDITIONS
 THE FOLLOWING WEATHER WAS RECORDED YESTERDAY.
  NO SIGNIFICANT WEATHER WAS OBSERVED.


RELATIVE HUMIDITY (PERCENT)
 HIGHEST    77           700 AM
 LOWEST     31           300 PM
 AVERAGE    54

..........................................................


THE TOPEKA KS CLIMATE NORMALS FOR TODAY
                         NORMAL    RECORD    YEAR
 MAXIMUM TEMPERATURE (F)   64        89      2000
 MINIMUM TEMPERATURE (F)   40        13      1920


SUNRISE AND SUNSET
APRIL  5 2018.........SUNRISE   701 AM CDT   SUNSET   750 PM CDT
APRIL  6 2018.........SUNRISE   659 AM CDT   SUNSET   751 PM CDT


-  INDICATES NEGATIVE NUMBERS.
R  INDICATES RECORD WAS SET OR TIED.
MM INDICATES DATA IS MISSING.
T  INDICATES TRACE AMOUNT.




$$
