000
CXUS55 KPUB 011630 RRB
CF6COS
PRELIMINARY LOCAL CLIMATOLOGICAL DATA (WS FORM: F-6)
STATION: COLORADO SPRINGS CO
MONTH: FEBRUARY
YEAR: 2022
LATITUDE: 38 49 N
LONGITUDE: 104 43 W
TEMPERATURE IN F: :PCPN: SNOW: WIND :SUNSHINE: SKY :PK WND
================================================================================
1 2 3 4 5 6A 6B 7 8 9 10 11 12 13 14 15 16 17 18
12Z AVG MX 2MIN
DY MAX MIN AVG DEP HDD CDD WTR SNW DPTH SPD SPD DIR MIN PSBL S-S WX SPD DR
================================================================================
1 37 18 28 -4 37 0 0.13 4.9 0 11.5 23 170 M M 8 1 29 160
2 18 0 9 -23 56 0 0.18 1.8 5 8.3 16 110 M M 10 1 21 130
3 12 -2 5 -27 60 0 T T 4 4.2 10 10 M M 4 1 11 10
4 33 3 18 -14 47 0 0.00 0.0 4 6.0 14 20 M M 0 14 20
5 51 12 32 0 33 0 0.00 0.0 3 8.8 22 360 M M 2 29 330
6 39 18 29 -3 36 0 T T 1 10.6 30 350 M M 5 39 360
7 48 19 34 2 31 0 0.00 0.0 T 5.9 13 160 M M 0 15 170
8 51 27 39 7 26 0 0.00 0.0 T 11.4 31 30 M M 3 38 20
9 47 26 37 5 28 0 0.00 0.0 0 8.2 23 40 M M 6 29 40
10 56 22 39 7 26 0 0.00 0.0 0 6.7 16 330 M M 5 21 330
11 44 21 33 1 32 0 0.10 2.0 0 15.2 38 10 M M 7 18 48 10
12 35 8 22 -11 43 0 0.00 0.0 2 4.8 10 330 M M 4 12 320
13 56 21 39 6 26 0 0.00 0.0 0 5.7 13 20 M M 1 14 20
14 53 27 40 7 25 0 0.00 0.0 0 8.0 15 140 M M 2 20 140
15 67 31 49 16 16 0 0.00 0.0 0 7.1 24 210 M M 7 30 230
16 50 21 36 3 29 0 T 0.1 0 11.9 26 360 M M 6 32 350
17 33 14 24 -9 41 0 0.00 0.0 0 7.5 24 350 M M 4 31 340
18 51 19 35 1 30 0 0.00 0.0 0 6.0 18 20 M M 2 24 20
19 56 23 40 6 25 0 0.00 0.0 0 6.4 21 330 M M 1 28 340
20 65 39 52 18 13 0 0.00 0.0 0 10.2 30 230 M M 4 42 320
21 57 14 36 2 29 0 T T 0 12.3 32 10 M M 8 42 220
22 14 2 8 -26 57 0 0.10 1.4 1 9.2 20 360 M M 9 12 24 350
23 7 -6 1 -34 64 0 0.02 0.1 1 14.3 20 140 M M 8 19 25 150
24 18 -1 9 -26 56 0 0.03 0.2 1 5.0 15 150 M M 5 1 17 150
25 30 5 18 -17 47 0 0.00 0.0 1 4.7 14 150 M M 2 16 140
26 39 9 24 -12 41 0 0.00 0.0 T 4.1 12 180 M M 1 18 10
27 56 13 35 -1 30 0 0.00 0.0 0 6.5 13 170 M M 1 18 160
28 59 30 45 9 20 0 0.00 0.0 0 8.2 23 360 M M 4 26 360
================================================================================
SM 1182 433 1004 0 0.56 10.5 228.7 M 119
================================================================================
AV 42.2 15.5 8.2 FASTST M M 4 MAX(MPH)
MISC ----> 38 10 48 10
================================================================================
NOTES:
COLUMN 17 PEAK WIND IN M.P.H.
PRELIMINARY LOCAL CLIMATOLOGICAL DATA (WS FORM: F-6) , PAGE 2
STATION: COLORADO SPRINGS CO
MONTH: FEBRUARY
YEAR: 2022
LATITUDE: 38 49 N
LONGITUDE: 104 43 W
[TEMPERATURE DATA] [PRECIPITATION DATA] SYMBOLS USED IN COLUMN 16
AVERAGE MONTHLY: 28.8 TOTAL FOR MONTH: 0.56 1 = FOG OR MIST
DPTR FM NORMAL: -4.6 DPTR FM NORMAL: 0.24 2 = FOG REDUCING VISIBILITY
HIGHEST: 67 ON 15 GRTST 24HR 0.31 ON 1-2 TO 1/4 MILE OR LESS
LOWEST: -6 ON 23 3 = THUNDER
SNOW, ICE PELLETS, HAIL 4 = ICE PELLETS
TOTAL MONTH: 10.5 INCHES 5 = HAIL
GRTST 24HR 6.5 ON 1-2 6 = FREEZING RAIN OR DRIZZLE
GRTST DEPTH: 6 ON 2 7 = DUSTSTORM OR SANDSTORM:
VSBY 1/2 MILE OR LESS
8 = SMOKE OR HAZE
[NO. OF DAYS WITH] [WEATHER - DAYS WITH] 9 = BLOWING SNOW
X = TORNADO
MAX 32 OR BELOW: 6 0.01 INCH OR MORE: 6
MAX 90 OR ABOVE: 0 0.10 INCH OR MORE: 4
MIN 32 OR BELOW: 27 0.50 INCH OR MORE: 0
MIN 0 OR BELOW: 4 1.00 INCH OR MORE: 0
[HDD (BASE 65) ]
TOTAL THIS MO. 1004 CLEAR (SCALE 0-3) 11
DPTR FM NORMAL 118 PTCLDY (SCALE 4-7) 12
TOTAL FM JUL 1 3690 CLOUDY (SCALE 8-10) 5
DPTR FM NORMAL -618
[CDD (BASE 65) ]
TOTAL THIS MO. 0
DPTR FM NORMAL 0 [PRESSURE DATA]
TOTAL FM JAN 1 0 HIGHEST SLP 30.74 ON 4
DPTR FM NORMAL 0 LOWEST SLP 29.36 ON 21
[REMARKS]
#FINAL-02-22#