000
CXUS54 KOUN 011551
CF6LAW
PRELIMINARY LOCAL CLIMATOLOGICAL DATA (WS FORM: F-6)
STATION: LAWTON
MONTH: FEBRUARY
YEAR: 2023
LATITUDE: 34 34 N
LONGITUDE: 98 25 W
TEMPERATURE IN F: :PCPN: SNOW: WIND :SUNSHINE: SKY :PK WND
================================================================================
1 2 3 4 5 6A 6B 7 8 9 10 11 12 13 14 15 16 17 18
12Z AVG MX 2MIN
DY MAX MIN AVG DEP HDD CDD WTR SNW DPTH SPD SPD DIR MIN PSBL S-S WX SPD DR
================================================================================
1 32 20 26 -16 39 0 0.04 T 0 2.5 8 80 M M 3 46 10 90
2 48 26 37 -5 28 0 0.03 T 0 2.5 14 360 M M 6 146 16 340
3 52 27 40 -3 25 0 0.00 0.0 0 8.3 17 10 M M 0 22 360
4 63 27 45 2 20 0 0.00 0.0 0 7.7 24 190 M M 0 30 190
5 66 27 47 4 18 0 0.00 0.0 0 4.8 14 180 M M 0 1 23 170
6 77 32 55 12 10 0 0.00 0.0 0 10.1 28 10 M M 0 12 35 10
7 56 41 49 6 16 0 0.47 0.0 0 19.9 31 20 M M 10 13 40 30
8 44 33 39 -4 26 0 0.50 0.0 0 10.3 26 20 M M 9 1 32 10
9 55 27 41 -3 24 0 0.00 0.0 0 10.4 28 10 M M 1 1 34 20
10 47 27 37 -7 28 0 0.00 0.0 0 12.3 24 10 M M 4 29 350
11 54 23 39 -5 26 0 0.00 0.0 0 3.1 9 10 M M 0 13 210
12 67 24 46 2 19 0 0.00 0.0 0 5.3 18 200 M M 0 26 220
13 62 34 48 4 17 0 0.00 0.0 0 8.1 15 120 M M 0 20 160
14 69 48 59 14 6 0 0.33 0.0 0 13.9 35 230 M M 7 18 52 230
15 76 35 56 11 9 0 0.01 0.0 0 12.1 33 360 M M 2 38 42 350
16 43 27 35 -10 30 0 0.00 0.0 0 13.5 24 350 M M 2 33 340
17 49 19 34 -11 31 0 0.00 0.0 0 4.5 12 230 M M 0 16 200
18 49 24 37 -9 28 0 0.00 0.0 0 7.6 23 170 M M 1 30 170
19 65 34 50 4 15 0 0.00 0.0 0 9.0 18 210 M M 0 27 210
20 73 53 63 17 2 0 0.00 0.0 0 9.0 18 250 M M 0 30 260
21 84 46 65 19 0 0 0.00 0.0 0 9.7 25 180 M M 0 35 180
22 76 50 63 16 2 0 0.15 0.0 0 13.5 25 220 M M 4 38 210
23 52 25 39 -8 26 0 0.00 0.0 0 18.2 31 360 M M 0 37 350
24 33 28 31 -16 34 0 0.00 0.0 0 14.1 26 20 M M 8 35 20
25 43 31 37 -11 28 0 0.00 0.0 0 5.0 13 10 M M 10 8 15 360
26 72 42 57 9 8 0 M 0.0 0 10.1 28 160 M M 8 18 40 170
27 73 42 58 10 7 0 0.00 0.0 0 12.1 33 270 M M 0 138 55 280
28 79 32 56 8 9 0 0.00 0.0 0 7.3 17 240 M M 0 22 230
================================================================================
SM 1659 904 531 0 1.53 T 264.9 M 75
================================================================================
AV 59.3 32.3 9.5 FASTST M M 3 MAX(MPH)
MISC ----> 35 230 55 280
================================================================================
NOTES:
# LAST OF SEVERAL OCCURRENCES
COLUMN 17 PEAK WIND IN M.P.H.
PRELIMINARY LOCAL CLIMATOLOGICAL DATA (WS FORM: F-6) , PAGE 2
STATION: LAWTON
MONTH: FEBRUARY
YEAR: 2023
LATITUDE: 34 34 N
LONGITUDE: 98 25 W
[TEMPERATURE DATA] [PRECIPITATION DATA] SYMBOLS USED IN COLUMN 16
AVERAGE MONTHLY: 45.8 TOTAL FOR MONTH: 1.53 1 = FOG OR MIST
DPTR FM NORMAL: 0.9 DPTR FM NORMAL: 0.64 2 = FOG REDUCING VISIBILITY
HIGHEST: 84 ON 21 GRTST 24HR 0.68 ON 7- 8 TO 1/4 MILE OR LESS
LOWEST: 19 ON 17 3 = THUNDER
SNOW, ICE PELLETS, HAIL 4 = ICE PELLETS
TOTAL MONTH: T 5 = HAIL
GRTST 24HR T ON 1- 1 6 = FREEZING RAIN OR DRIZZLE
GRTST DEPTH: 0 7 = DUSTSTORM OR SANDSTORM:
VSBY 1/2 MILE OR LESS
8 = SMOKE OR HAZE
[NO. OF DAYS WITH] [WEATHER - DAYS WITH] 9 = BLOWING SNOW
X = TORNADO
MAX 32 OR BELOW: 1 0.01 INCH OR MORE: 7
MAX 90 OR ABOVE: 0 0.10 INCH OR MORE: 4
MIN 32 OR BELOW: 17 0.50 INCH OR MORE: 1
MIN 0 OR BELOW: 0 1.00 INCH OR MORE: 0
[HDD (BASE 65) ]
TOTAL THIS MO. 531 CLEAR (SCALE 0-3) 18
DPTR FM NORMAL -32 PTCLDY (SCALE 4-7) 6
TOTAL FM JUL 1 2418 CLOUDY (SCALE 8-10) 4
DPTR FM NORMAL -193
[CDD (BASE 65) ]
TOTAL THIS MO. 0
DPTR FM NORMAL -2 [PRESSURE DATA]
TOTAL FM JAN 1 0 HIGHEST SLP 30.64 ON 3
DPTR FM NORMAL 0 LOWEST SLP 29.27 ON 26
[REMARKS]
#FINAL-02-23#