000
CXUS53 KARX 010900
CF6PDC
PRELIMINARY LOCAL CLIMATOLOGICAL DATA (WS FORM: F-6)
STATION: PRAIRIE_DU_CHIEN_MUN
MONTH: APRIL
YEAR: 2021
LATITUDE: 43 1 N
LONGITUDE: 91 7 W
TEMPERATURE IN F: :PCPN: SNOW: WIND :SUNSHINE: SKY :PK WND
================================================================================
1 2 3 4 5 6A 6B 7 8 9 10 11 12 13 14 15 16 17 18
12Z AVG MX 2MIN
DY MAX MIN AVG DEP HDD CDD WTR SNW DPTH SPD SPD DIR MIN PSBL S-S WX SPD DR
================================================================================
1 42 21 32 M 33 0 0.00 0.0 0 3.0 9 310 M M 0 M M
2 54 26 40 M 25 0 0.00 0.0 0 8.5 17 170 M M 0 24 150
3 73 44 59 M 6 0 0.00 0.0 0 3.5 8 330 M M 0 M M
4 78 36 57 M 8 0 0.00 0.0 0 6.0 13 200 M M 3 8 22 160
5 79 56 68 M 0 3 0.01 0.0 0 5.8 14 190 M M 2 23 170
6 79 59 69 M 0 4 T 0.0 0 6.3 13 180 M M 3 21 170
7 75 59 67 M 0 2 0.15 0.0 0 7.2 13 120 M M 3 21 160
8 61 49 55 M 10 0 0.02 0.0 0 6.5 12 110 M M 9 20 160
9 58 48 53 M 12 0 0.08 0.0 0 6.3 15 270 M M 10 1 22 250
10 49 46 48 M 17 0 0.20 0.0 0 8.6 16 330 M M 10 23 330
11 53 46 50 M 15 0 0.01 0.0 0 11.1 15 300 M M 10 24 320
12 56 37 47 M 18 0 0.00 0.0 0 8.2 17 290 M M 6 23 260
13 50 36 43 M 22 0 0.00 0.0 0 12.5 18 250 M M 9 27 270
14 41 32 37 M 28 0 0.00 0.0 0 8.4 15 290 M M 8 20 310
15 51 33 42 M 23 0 0.00 0.0 0 5.2 12 300 M M 9 17 310
16 62 37 50 M 15 0 0.00 0.0 0 4.6 15 310 M M 2 20 310
17 60 34 47 M 18 0 0.00 0.0 0 3.5 13 310 M M 0 21 310
18 64 37 51 M 14 0 0.00 0.0 0 5.2 14 270 M M 6 23 240
19 53 33 43 M 22 0 T 0.0 0 11.1 16 310 M M 9 23 300
20 44 29 37 M 28 0 0.00 0.0 0 4.1 10 310 M M 6 M M
21 46 26 36 M 29 0 0.00 0.0 0 6.5 17 290 M M 5 22 290
22 64 32 48 M 17 0 0.00 0.0 0 6.4 16 250 M M 4 24 250
23 60 43 52 M 13 0 0.00 0.0 0 5.1 15 190 M M 8 18 200
24 56 35 46 M 19 0 0.00 0.0 0 6.3 14 310 M M 7 23 310
25 52 30 41 M 24 0 T 0.0 0 5.2 15 110 M M 4 21 110
26 75 38 57 M 8 0 0.00 0.0 0 7.1 13 120 M M 4 20 110
27 81 50 66 M 0 1 0.00 0.0 0 4.4 12 310 M M 5 16 360
28 66 49 58 M 7 0 0.00 0.0 0 6.7 13 330 M M 2 M M
29 73 46 60 M 5 0 M 0.0 0 5.8 16 320 M M 4 27 300
30 64 46 55 M 10 0 0.00 0.0 0 5.3 14 320 M M 1 20 350
================================================================================
SM 1819 1193 446 10 0.47 0.0 194.4 M 149
================================================================================
AV 60.6 39.8 6.5 FASTST M M 5 MAX(MPH)
MISC ----> 18 250 # 27 270
================================================================================
NOTES:
# LAST OF SEVERAL OCCURRENCES
COLUMN 17 PEAK WIND IN M.P.H.
PRELIMINARY LOCAL CLIMATOLOGICAL DATA (WS FORM: F-6) , PAGE 2
STATION: PRAIRIE_DU_CHIEN_MUN
MONTH: APRIL
YEAR: 2021
LATITUDE: 43 1 N
LONGITUDE: 91 7 W
[TEMPERATURE DATA] [PRECIPITATION DATA] SYMBOLS USED IN COLUMN 16
AVERAGE MONTHLY: 50.2 TOTAL FOR MONTH: 0.47 1 = FOG OR MIST
DPTR FM NORMAL: 0.0 DPTR FM NORMAL: M 2 = FOG REDUCING VISIBILITY
HIGHEST: 81 ON 27 GRTST 24HR 0.20 ON 10-10 TO 1/4 MILE OR LESS
LOWEST: 21 ON 1 3 = THUNDER
SNOW, ICE PELLETS, HAIL 4 = ICE PELLETS
TOTAL MONTH: 0.0 INCH 5 = HAIL
GRTST 24HR 0.0 6 = FREEZING RAIN OR DRIZZLE
GRTST DEPTH: 0 7 = DUSTSTORM OR SANDSTORM:
VSBY 1/2 MILE OR LESS
8 = SMOKE OR HAZE
[NO. OF DAYS WITH] [WEATHER - DAYS WITH] 9 = BLOWING SNOW
X = TORNADO
MAX 32 OR BELOW: 0 0.01 INCH OR MORE: 6
MAX 90 OR ABOVE: 0 0.10 INCH OR MORE: 2
MIN 32 OR BELOW: 7 0.50 INCH OR MORE: 0
MIN 0 OR BELOW: 0 1.00 INCH OR MORE: 0
[HDD (BASE 65) ]
TOTAL THIS MO. 446 CLEAR (SCALE 0-3) 10
DPTR FM NORMAL M PTCLDY (SCALE 4-7) 11
TOTAL FM JUL 1 6351 CLOUDY (SCALE 8-10) 9
DPTR FM NORMAL M
[CDD (BASE 65) ]
TOTAL THIS MO. 10
DPTR FM NORMAL M [PRESSURE DATA]
TOTAL FM JAN 1 10 HIGHEST SLP M ON M
DPTR FM NORMAL M LOWEST SLP M ON M
[REMARKS]
#FINAL-04-21#