000
CXUS51 KGYX 021346
CF6CON
PRELIMINARY LOCAL CLIMATOLOGICAL DATA (WS FORM: F-6)
STATION: CONCORD NH
MONTH: APRIL
YEAR: 2021
LATITUDE: 43 12 N
LONGITUDE: 71 30 W
TEMPERATURE IN F: :PCPN: SNOW: WIND :SUNSHINE: SKY :PK WND
================================================================================
1 2 3 4 5 6A 6B 7 8 9 10 11 12 13 14 15 16 17 18
12Z AVG MX 2MIN
DY MAX MIN AVG DEP HDD CDD WTR SNW DPTH SPD SPD DIR MIN PSBL S-S WX SPD DR
================================================================================
1 54 29 42 3 23 0 0.35 T 0 15.2 28 320 M M 9 1 39 310
2 34 24 29 -11 36 0 0.00 0.0 0 13.1 24 320 M M 7 32 320
3 49 18 34 -6 31 0 0.00 0.0 0 4.4 17 290 M M 1 22 300
4 59 19 39 -1 26 0 0.00 0.0 0 7.4 23 320 M M 0 30 320
5 56 43 50 9 15 0 0.00 0.0 0 16.2 26 350 M M 6 39 350
6 63 35 49 8 16 0 0.00 0.0 0 9.3 20 320 M M 3 26 340
7 67 30 49 7 16 0 0.00 0.0 0 3.4 16 60 M M 5 30 50
8 71 41 56 14 9 0 0.00 0.0 0 2.9 16 140 M M 3 21 140
9 72 34 53 11 12 0 0.00 0.0 0 3.8 13 150 M M 0 1 17 150
10 79 38 59 16 6 0 0.00 0.0 0 1.6 12 160 M M 2 16 120
11 61 42 52 9 13 0 0.00 0.0 0 6.8 17 90 M M 2 22 80
12 54 30 42 -2 23 0 T 0.0 0 6.4 17 80 M M 5 27 80
13 66 31 49 5 16 0 0.00 0.0 0 3.5 14 10 M M 8 1 20 60
14 67 42 55 11 10 0 0.03 0.0 0 5.2 14 160 M M 6 21 150
15 52 39 46 1 19 0 0.18 0.0 0 5.1 14 100 M M 9 19 110
16 39 34 37 -8 28 0 0.64 T 0 10.8 22 10 M M 10 1 30 10
17 48 34 41 -5 24 0 0.01 0.0 0 7.5 15 30 M M 10 21 350
18 59 31 45 -1 20 0 0.00 0.0 0 3.2 15 300 M M 6 20 310
19 63 30 47 1 18 0 0.02 0.0 0 2.4 16 210 M M 3 21 200
20 70 30 50 3 15 0 0.00 0.0 0 7.2 24 270 M M 4 1 37 280
21 60 32 46 -1 19 0 0.45 0.0 0 8.3 26 300 M M 6 13 36 280
22 41 29 35 -13 30 0 T T 0 17.2 31 300 M M 6 8 45 290
23 58 33 46 -2 19 0 0.00 0.0 0 13.9 31 260 M M 2 45 270
24 72 29 51 3 14 0 0.00 0.0 0 5.7 20 260 M M 1 24 260
25 59 42 51 2 14 0 0.02 0.0 0 2.4 17 150 M M 7 1 21 140
26 50 35 43 -6 22 0 0.00 0.0 0 17.8 32 320 M M 3 1 45 330
27 68 31 50 0 15 0 0.00 0.0 0 8.1 21 310 M M 1 27 320
28 64 45 55 5 10 0 0.37 0.0 0 3.0 10 260 M M 9 1 12 250
29 52 48 50 0 15 0 0.70 0.0 0 2.7 14 50 M M 10 1 16 50
30 60 42 51 0 14 0 0.09 0.0 0 11.1 32 280 M M 10 1 45 290
================================================================================
SM 1767 1020 548 0 2.86 T 225.6 M 154
================================================================================
AV 58.9 34.0 7.5 FASTST M M 5 MAX(MPH)
MISC ----> # 32 320 # 45 290
================================================================================
NOTES:
# LAST OF SEVERAL OCCURRENCES
COLUMN 17 PEAK WIND IN M.P.H.
PRELIMINARY LOCAL CLIMATOLOGICAL DATA (WS FORM: F-6) , PAGE 2
STATION: CONCORD NH
MONTH: APRIL
YEAR: 2021
LATITUDE: 43 12 N
LONGITUDE: 71 30 W
[TEMPERATURE DATA] [PRECIPITATION DATA] SYMBOLS USED IN COLUMN 16
AVERAGE MONTHLY: 46.5 TOTAL FOR MONTH: 2.86 1 = FOG OR MIST
DPTR FM NORMAL: 1.4 DPTR FM NORMAL: -0.55 2 = FOG REDUCING VISIBILITY
HIGHEST: 79 ON 10 GRTST 24HR 0.80 ON 15-16 TO 1/4 MILE OR LESS
LOWEST: 18 ON 3 3 = THUNDER
SNOW, ICE PELLETS, HAIL 4 = ICE PELLETS
TOTAL MONTH: T 5 = HAIL
GRTST 24HR T ON 1- 1 6 = FREEZING RAIN OR DRIZZLE
GRTST DEPTH: 0 7 = DUSTSTORM OR SANDSTORM:
VSBY 1/2 MILE OR LESS
8 = SMOKE OR HAZE
[NO. OF DAYS WITH] [WEATHER - DAYS WITH] 9 = BLOWING SNOW
X = TORNADO
MAX 32 OR BELOW: 0 0.01 INCH OR MORE: 11
MAX 90 OR ABOVE: 0 0.10 INCH OR MORE: 6
MIN 32 OR BELOW: 14 0.50 INCH OR MORE: 2
MIN 0 OR BELOW: 0 1.00 INCH OR MORE: 0
[HDD (BASE 65) ]
TOTAL THIS MO. 548 CLEAR (SCALE 0-3) 10
DPTR FM NORMAL -52 PTCLDY (SCALE 4-7) 13
TOTAL FM JUL 1 6212 CLOUDY (SCALE 8-10) 7
DPTR FM NORMAL -636
[CDD (BASE 65) ]
TOTAL THIS MO. 0
DPTR FM NORMAL -2 [PRESSURE DATA]
TOTAL FM JAN 1 0 HIGHEST SLP 30.30 ON 3
DPTR FM NORMAL -2 LOWEST SLP 29.20 ON 30
[REMARKS]
#FINAL-04-21#