000
CXHW53 PHFO 011250
CF6KOA
PRELIMINARY LOCAL CLIMATOLOGICAL DATA (WS FORM: F-6)
STATION: KONA HI
MONTH: NOVEMBER
YEAR: 2023
LATITUDE: 19 38 N
LONGITUDE: 156 0 W
TEMPERATURE IN F: :PCPN: SNOW: WIND :SUNSHINE: SKY :PK WND
================================================================================
1 2 3 4 5 6A 6B 7 8 9 10 11 12 13 14 15 16 17 18
12Z AVG MX 2MIN
DY MAX MIN AVG DEP HDD CDD WTR SNW DPTH SPD SPD DIR MIN PSBL S-S WX SPD DR
================================================================================
1 86 73 80 0 0 15 0.00 M M 6.3 12 290 M M 2 16 300
2 86 73 80 0 0 15 0.00 M M 8.1 13 110 M M 2 15 280
3 86 73 80 1 0 15 0.00 M M 6.7 13 200 M M 3 16 200
4 87 75 81 2 0 16 0.00 M M 8.6 16 50 M M 4 21 10
5 86 73 80 1 0 15 0.00 M M 6.4 16 160 M M 3 21 40
6 86 73 80 1 0 15 0.00 M M 8.9 14 200 M M 4 19 190
7 84 75 80 1 0 15 0.12 M M 7.4 17 240 M M 7 1 21 240
8 85 74 80 1 0 15 T M M 5.9 12 280 M M 7 1 14 280
9 86 73 80 1 0 15 0.00 M M 6.5 13 270 M M 4 15 270
10 86 74 80 1 0 15 0.02 M M 6.4 14 190 M M 5 17 220
11 82 73 78 -1 0 13 0.04 M M 7.0 16 120 M M 8 1 19 120
12 84 71 78 -1 0 13 0.00 M M 6.7 12 130 M M 4 16 200
13 85 73 79 0 0 14 0.00 M M 6.2 13 190 M M 3 16 200
14 89 72 81 3 0 16 0.01 M M 12.8 32 20 M M 4 46 40
15 88 71 80 2 0 15 0.01 M M 8.6 29 40 M M 4 34 50
16 84 70 77 -1 0 12 T M M 6.4 18 30 M M 3 23 40
17 84 70 77 -1 0 12 0.00 M M 7.1 16 110 M M 2 20 110
18 84 72 78 0 0 13 0.00 M M 6.7 14 210 M M 2 18 200
19 84 71 78 0 0 13 0.00 M M 8.1 20 170 M M 4 23 180
20 85 70 78 0 0 13 0.00 M M 6.8 14 290 M M 3 16 290
21 85 73 79 1 0 14 0.00 M M 7.3 15 210 M M 4 18 10
22 85 74 80 2 0 15 1.78 M M 6.6 16 90 M M 4 1 19 200
23 83 73 78 0 0 13 T M M 6.9 15 180 M M 5 21 180
24 84 73 79 1 0 14 0.00 M M 5.6 13 140 M M 5 15 150
25 85 72 79 1 0 14 0.00 M M 8.0 17 40 M M 3 21 40
26 84 73 79 1 0 14 0.22 M M 9.6 20 360 M M 7 22 360
27 83 71 77 -1 0 12 0.00 M M 7.1 15 230 M M 5 18 230
28 83 72 78 1 0 13 0.03 M M 8.1 15 360 M M 5 17 330
29 86 73 80 3 0 15 0.27 M M 9.7 22 20 M M 8 1 26 170
30 84 73 79 2 0 14 0.10 M M 8.3 25 60 M M 5 32 60
================================================================================
SM 2549 2176 0 423 2.60 M 224.8 M 129
================================================================================
AV 85.0 72.5 7.5 FASTST M M 4 MAX(MPH)
MISC ----> 32 20 46 40
================================================================================
NOTES:
# LAST OF SEVERAL OCCURRENCES
COLUMN 17 PEAK WIND IN M.P.H.
PRELIMINARY LOCAL CLIMATOLOGICAL DATA (WS FORM: F-6) , PAGE 2
STATION: KONA HI
MONTH: NOVEMBER
YEAR: 2023
LATITUDE: 19 38 N
LONGITUDE: 156 0 W
[TEMPERATURE DATA] [PRECIPITATION DATA] SYMBOLS USED IN COLUMN 16
AVERAGE MONTHLY: 78.8 TOTAL FOR MONTH: 2.60 1 = FOG OR MIST
DPTR FM NORMAL: 0.3 DPTR FM NORMAL: 1.77 2 = FOG REDUCING VISIBILITY
HIGHEST: 89 ON 14 GRTST 24HR 1.78 ON 22-22 TO 1/4 MILE OR LESS
LOWEST: 70 ON 20,17 3 = THUNDER
SNOW, ICE PELLETS, HAIL 4 = ICE PELLETS
TOTAL MONTH: M 5 = HAIL
GRTST 24HR M ON M 6 = FREEZING RAIN OR DRIZZLE
GRTST DEPTH: M ON M 7 = DUSTSTORM OR SANDSTORM:
VSBY 1/2 MILE OR LESS
8 = SMOKE OR HAZE
[NO. OF DAYS WITH] [WEATHER - DAYS WITH] 9 = BLOWING SNOW
X = TORNADO
MAX 32 OR BELOW: 0 0.01 INCH OR MORE: 10
MAX 90 OR ABOVE: 0 0.10 INCH OR MORE: 5
MIN 32 OR BELOW: 0 0.50 INCH OR MORE: 1
MIN 0 OR BELOW: 0 1.00 INCH OR MORE: 1
[HDD (BASE 65) ]
TOTAL THIS MO. 0 CLEAR (SCALE 0-3) 7
DPTR FM NORMAL 0 PTCLDY (SCALE 4-7) 23
TOTAL FM JUL 1 0 CLOUDY (SCALE 8-10) 0
DPTR FM NORMAL 0
[CDD (BASE 65) ]
TOTAL THIS MO. 423
DPTR FM NORMAL 21 [PRESSURE DATA]
TOTAL FM JAN 1 4715 HIGHEST SLP 30.10 ON 16
DPTR FM NORMAL 222 LOWEST SLP 29.75 ON 29
[REMARKS]
#FINAL-11-23#