000
CXHW53 PHFO 011250
CF6KOA
PRELIMINARY LOCAL CLIMATOLOGICAL DATA (WS FORM: F-6)
STATION: KONA HI
MONTH: OCTOBER
YEAR: 2023
LATITUDE: 19 38 N
LONGITUDE: 156 0 W
TEMPERATURE IN F: :PCPN: SNOW: WIND :SUNSHINE: SKY :PK WND
================================================================================
1 2 3 4 5 6A 6B 7 8 9 10 11 12 13 14 15 16 17 18
12Z AVG MX 2MIN
DY MAX MIN AVG DEP HDD CDD WTR SNW DPTH SPD SPD DIR MIN PSBL S-S WX SPD DR
================================================================================
1 85 76 81 0 0 16 0.00 M M 7.3 14 150 M M 4 17 170
2 87 74 81 0 0 16 0.00 M M 6.6 13 200 M M 3 17 210
3 86 77 82 1 0 17 0.00 M M 8.5 15 330 M M 6 16 320
4 86 73 80 -1 0 15 0.00 M M 6.6 12 160 M M 2 14 140
5 86 74 80 -1 0 15 0.00 M M 8.1 13 150 M M 3 16 180
6 86 76 81 0 0 16 0.00 M M 7.8 17 40 M M 4 21 50
7 86 74 80 -1 0 15 0.00 M M 8.2 18 50 M M 2 22 60
8 84 75 80 -1 0 15 T M M 7.2 15 170 M M 6 18 170
9 85 73 79 -2 0 14 0.06 M M 6.9 18 160 M M 5 18 21 160
10 85 74 80 -1 0 15 0.01 M M 6.7 13 240 M M 3 8 15 210
11 86 73 80 -1 0 15 0.00 M M 9.2 17 340 M M 4 22 60
12 85 75 80 -1 0 15 0.00 M M 8.5 21 50 M M 4 25 50
13 85 75 80 0 0 15 0.00 M M 6.6 14 200 M M 6 17 210
14 85 74 80 0 0 15 0.00 M M 7.2 13 200 M M 4 15 210
15 86 74 80 0 0 15 T M M 6.5 14 150 M M 5 15 150
16 86 75 81 1 0 16 0.00 M M 7.4 13 220 M M 5 17 210
17 86 75 81 1 0 16 0.00 M M 8.2 17 20 M M 2 20 10
18 86 73 80 0 0 15 0.00 M M 6.5 14 250 M M 3 16 250
19 86 72 79 -1 0 14 0.00 M M 7.0 16 200 M M 3 20 180
20 86 74 80 0 0 15 0.00 M M 7.1 14 210 M M 5 19 210
21 85 74 80 0 0 15 0.00 M M 8.1 17 320 M M 6 19 290
22 84 74 79 -1 0 14 0.00 M M 6.3 14 210 M M 6 8 17 210
23 87 74 81 1 0 16 T M M 8.3 20 130 M M 4 24 130
24 86 73 80 0 0 15 0.00 M M 6.9 14 320 M M 2 17 290
25 85 73 79 -1 0 14 0.00 M M 6.2 10 320 M M 1 14 300
26 86 73 80 0 0 15 0.00 M M 6.4 12 260 M M 1 14 290
27 86 73 80 0 0 15 0.00 M M 7.1 15 200 M M 4 19 220
28 87 74 81 1 0 16 0.00 M M 7.6 15 230 M M 3 17 230
29 88 75 82 2 0 17 T M M 6.8 15 320 M M 3 18 310
30 86 73 80 0 0 15 0.02 M M 7.3 14 190 M M 2 19 200
31 86 74 80 0 0 15 0.01 M M 6.9 13 290 M M 3 16 300
================================================================================
SM 2659 2296 0 472 0.10 M 226.0 M 114
================================================================================
AV 85.8 74.1 7.3 FASTST M M 4 MAX(MPH)
MISC ----> 21 50 25 50
================================================================================
NOTES:
# LAST OF SEVERAL OCCURRENCES
COLUMN 17 PEAK WIND IN M.P.H.
PRELIMINARY LOCAL CLIMATOLOGICAL DATA (WS FORM: F-6) , PAGE 2
STATION: KONA HI
MONTH: OCTOBER
YEAR: 2023
LATITUDE: 19 38 N
LONGITUDE: 156 0 W
[TEMPERATURE DATA] [PRECIPITATION DATA] SYMBOLS USED IN COLUMN 16
AVERAGE MONTHLY: 79.9 TOTAL FOR MONTH: 0.10 1 = FOG OR MIST
DPTR FM NORMAL: -0.4 DPTR FM NORMAL: -0.79 2 = FOG REDUCING VISIBILITY
HIGHEST: 88 ON 29 GRTST 24HR 0.06 ON 8- 9 TO 1/4 MILE OR LESS
LOWEST: 72 ON 19 3 = THUNDER
SNOW, ICE PELLETS, HAIL 4 = ICE PELLETS
TOTAL MONTH: M 5 = HAIL
GRTST 24HR M ON M 6 = FREEZING RAIN OR DRIZZLE
GRTST DEPTH: M ON M 7 = DUSTSTORM OR SANDSTORM:
VSBY 1/2 MILE OR LESS
8 = SMOKE OR HAZE
[NO. OF DAYS WITH] [WEATHER - DAYS WITH] 9 = BLOWING SNOW
X = TORNADO
MAX 32 OR BELOW: 0 0.01 INCH OR MORE: 4
MAX 90 OR ABOVE: 0 0.10 INCH OR MORE: 0
MIN 32 OR BELOW: 0 0.50 INCH OR MORE: 0
MIN 0 OR BELOW: 0 1.00 INCH OR MORE: 0
[HDD (BASE 65) ]
TOTAL THIS MO. 0 CLEAR (SCALE 0-3) 10
DPTR FM NORMAL 0 PTCLDY (SCALE 4-7) 21
TOTAL FM JUL 1 0 CLOUDY (SCALE 8-10) 0
DPTR FM NORMAL 0
[CDD (BASE 65) ]
TOTAL THIS MO. 472
DPTR FM NORMAL -4 [PRESSURE DATA]
TOTAL FM JAN 1 4292 HIGHEST SLP 30.07 ON 10
DPTR FM NORMAL 201 LOWEST SLP 29.86 ON 31
[REMARKS]
#FINAL-10-23#