000
CXUS52 KTAE 010800
CF6MAI
PRELIMINARY LOCAL CLIMATOLOGICAL DATA (WS FORM: F-6)
STATION: MARIANNA
MONTH: APRIL
YEAR: 2022
LATITUDE: 30 50 N
LONGITUDE: 85 11 W
TEMPERATURE IN F: :PCPN: SNOW: WIND :SUNSHINE: SKY :PK WND
================================================================================
1 2 3 4 5 6A 6B 7 8 9 10 11 12 13 14 15 16 17 18
12Z AVG MX 2MIN
DY MAX MIN AVG DEP HDD CDD WTR SNW DPTH SPD SPD DIR MIN PSBL S-S WX SPD DR
================================================================================
1 77 53 65 1 0 0 0.00 0.0 M 4.5 13 290 M M 0 18 290
2 65 49 57 -8 8 0 0.00 0.0 0 1.7 9 340 M M 1 11 40
3 79 47 63 -2 2 0 0.00 0.0 M 3.2 14 20 M M 0 18 300
4 82 48 65 0 0 0 0.00 M M 2.4 10 200 M M 0 14 200
5 84 62 73 8 0 8 1.31 0.0 0 9.9 40 290 M M 8 13 53 310
6 85 65 75 10 0 10 0.03 0.0 M 13.4 30 220 M M 9 13 40 220
7 76 55 66 0 0 1 0.01 0.0 M 11.4 21 280 M M 3 27 320
8 71 46 59 -7 6 0 0.00 0.0 0 12.7 29 280 M M 1 35 240
9 65 41 53 -13 12 0 0.00 0.0 0 9.6 26 300 M M 0 34 300
10 78 41 60 -6 5 0 0.00 0.0 0 4.2 21 200 M M 0 25 210
11 80 46 63 -3 2 0 0.00 0.0 0 6.4 15 180 M M 0 8 22 140
12 82 55 69 2 0 4 0.00 0.0 0 5.4 15 200 M M 1 21 170
13 81 62 72 5 0 7 0.00 0.0 0 7.0 16 180 M M 1 21 180
14 75 61 68 1 0 3 0.03 0.0 0 4.7 14 320 M M 2 1 18 330
15 84 56 70 3 0 5 0.00 0.0 0 5.0 12 40 M M 1 14 40
16 82 59 71 3 0 6 0.68 0.0 M 5.0 22 340 M M 5 13 31 360
17 80 61 71 3 0 6 0.74 0.0 M 3.6 30 10 M M 6 123 38 360
18 80 56 68 0 0 3 1.45 M M 9.8 24 330 M M 5 13 31 320
19 70 48 59 -9 6 0 0.00 M M 6.9 23 30 M M 0 27 30
20 77 45 61 -8 4 0 0.00 0.0 M 5.9 17 110 M M 0 23 100
21 81 60 71 2 0 6 0.00 0.0 0 6.0 13 70 M M 1 17 100
22 82 57 70 1 0 5 0.00 0.0 0 6.0 15 70 M M 1 23 60
23 83 57 70 1 0 5 0.00 0.0 0 5.8 14 110 M M 1 19 110
24 83 62 73 3 0 8 0.00 0.0 0 5.2 13 170 M M 2 17 170
25 86 62 74 4 0 9 0.54 0.0 0 5.0 17 210 M M 5 13 24 190
26 84 64 74 4 0 9 0.30 0.0 M 4.1 23 60 M M 7 123 30 60
27 82 57 70 0 0 5 0.00 0.0 M 4.1 12 10 M M 1 14 340
28 82 57 70 -1 0 5 0.00 0.0 M 6.0 14 90 M M 2 23 70
29 81 60 71 0 0 6 0.00 0.0 0 5.1 14 160 M M 3 20 170
30 82 65 74 3 0 9 T 0.0 0 6.7 23 250 M M 2 13 29 260
================================================================================
SM 2379 1657 45 120 5.09 0.0 186.7 M 68
================================================================================
AV 79.3 55.2 6.2 FASTST M M 2 MAX(MPH)
MISC ----> 40 290 53 310
================================================================================
NOTES:
# LAST OF SEVERAL OCCURRENCES
COLUMN 17 PEAK WIND IN M.P.H.
PRELIMINARY LOCAL CLIMATOLOGICAL DATA (WS FORM: F-6) , PAGE 2
STATION: MARIANNA
MONTH: APRIL
YEAR: 2022
LATITUDE: 30 50 N
LONGITUDE: 85 11 W
[TEMPERATURE DATA] [PRECIPITATION DATA] SYMBOLS USED IN COLUMN 16
AVERAGE MONTHLY: 67.3 TOTAL FOR MONTH: 5.09 1 = FOG OR MIST
DPTR FM NORMAL: -0.3 DPTR FM NORMAL: 1.37 2 = FOG REDUCING VISIBILITY
HIGHEST: 86 ON 25 GRTST 24HR 1.45 ON 18-18 TO 1/4 MILE OR LESS
LOWEST: 41 ON 10, 9 3 = THUNDER
SNOW, ICE PELLETS, HAIL 4 = ICE PELLETS
TOTAL MONTH: 0.0 INCH 5 = HAIL
GRTST 24HR 0.0 6 = FREEZING RAIN OR DRIZZLE
GRTST DEPTH: 0 7 = DUSTSTORM OR SANDSTORM:
VSBY 1/2 MILE OR LESS
8 = SMOKE OR HAZE
[NO. OF DAYS WITH] [WEATHER - DAYS WITH] 9 = BLOWING SNOW
X = TORNADO
MAX 32 OR BELOW: 0 0.01 INCH OR MORE: 9
MAX 90 OR ABOVE: 0 0.10 INCH OR MORE: 6
MIN 32 OR BELOW: 0 0.50 INCH OR MORE: 5
MIN 0 OR BELOW: 0 1.00 INCH OR MORE: 2
[HDD (BASE 65) ]
TOTAL THIS MO. 45 CLEAR (SCALE 0-3) 23
DPTR FM NORMAL -4 PTCLDY (SCALE 4-7) 6
TOTAL FM JUL 1 1345 CLOUDY (SCALE 8-10) 1
DPTR FM NORMAL -170
[CDD (BASE 65) ]
TOTAL THIS MO. 120
DPTR FM NORMAL -7 [PRESSURE DATA]
TOTAL FM JAN 1 206 HIGHEST SLP M ON M
DPTR FM NORMAL 1 LOWEST SLP 29.69 ON 6
[REMARKS]
#FINAL-04-22#