000
CXUS52 KTAE 010800
CF6MAI
PRELIMINARY LOCAL CLIMATOLOGICAL DATA (WS FORM: F-6)
STATION: MARIANNA
MONTH: MAY
YEAR: 2020
LATITUDE: 30 50 N
LONGITUDE: 85 11 W
TEMPERATURE IN F: :PCPN: SNOW: WIND :SUNSHINE: SKY :PK WND
================================================================================
1 2 3 4 5 6A 6B 7 8 9 10 11 12 13 14 15 16 17 18
12Z AVG MX 2MIN
DY MAX MIN AVG DEP HDD CDD WTR SNW DPTH SPD SPD DIR MIN PSBL S-S WX SPD DR
================================================================================
1 81 51 66 -5 0 1 0.00 0.0 0 4.3 14 300 M M 0 8 19 360
2 86 52 69 -2 0 4 0.00 0.0 0 2.5 12 190 M M 0 1 14 260
3 86 55 71 -1 0 6 0.00 0.0 0 4.8 17 210 M M 0 20 210
4 89 60 75 3 0 10 0.00 0.0 0 6.2 17 220 M M 1 12 21 230
5 89 64 77 5 0 12 0.00 0.0 0 7.7 18 260 M M 3 24 280
6 84 60 72 0 0 7 0.00 0.0 0 12.5 26 310 M M 1 35 310
7 74 49 62 -11 3 0 0.00 0.0 0 6.2 21 20 M M 0 29 10
8 81 46 64 -9 1 0 T M 0 11.3 28 200 M M 1 34 200
9 76 57 67 -6 0 2 0.00 0.0 0 10.2 21 10 M M 2 27 10
10 82 56 69 -5 0 4 0.00 0.0 0 5.1 12 80 M M 2 16 80
11 84 52 68 -6 0 3 0.00 0.0 0 6.4 18 310 M M 0 25 340
12 82 52 67 -7 0 2 0.00 0.0 0 6.2 15 80 M M 0 20 50
13 87 56 72 -2 0 7 0.00 0.0 0 5.7 14 150 M M 0 20 140
14 87 66 77 2 0 12 0.00 0.0 0 8.1 16 100 M M 1 8 24 140
15 88 65 77 2 0 12 0.00 0.0 0 5.7 14 140 M M 2 19 40
16 90 65 78 3 0 13 0.00 0.0 0 5.5 15 70 M M 1 19 80
17 90 70 80 5 0 15 0.68 0.0 0 5.7 22 240 M M 2 13 32 240
18 87 70 79 3 0 14 0.15 0.0 0 9.4 22 220 M M 6 13 30 180
19 87 66 77 1 0 12 0.09 0.0 0 7.9 16 250 M M 3 1 20 260
20 79 69 74 -2 0 9 0.01 0.0 0 6.1 14 230 M M 8 13 19 220
21 88 65 77 1 0 12 T 0.0 0 5.2 15 240 M M 6 20 240
22 93 67 80 3 0 15 0.00 0.0 0 6.2 18 10 M M 3 13 23 10
23 92 68 80 3 0 15 0.54 0.0 0 4.4 21 170 M M 2 13 28 170
24 91 69 80 3 0 15 0.00 0.0 0 5.4 14 90 M M 0 19 120
25 88 70 79 2 0 14 0.13 0.0 0 8.2 25 110 M M 4 1 38 110
26 80 70 75 -3 0 10 0.05 0.0 0 7.7 16 70 M M 9 1 20 70
27 86 69 78 0 0 13 0.39 0.0 0 3.2 26 300 M M 7 13 33 290
28 91 71 81 3 0 16 0.00 0.0 0 6.0 15 250 M M 3 1 19 250
29 86 72 79 1 0 14 0.81 0.0 0 4.0 23 190 M M 4 13 26 200
30 92 71 82 4 0 17 T 0.0 0 3.4 10 360 M M 2 1 22 150
31 91 70 81 3 0 16 0.00 0.0 0 4.0 13 330 M M 0 17 10
================================================================================
SM 2667 1943 4 302 2.85 0.0 195.2 M 73
================================================================================
AV 86.0 62.7 6.3 FASTST M M 2 MAX(MPH)
MISC ----> # 28 200 # 38 110
================================================================================
NOTES:
# LAST OF SEVERAL OCCURRENCES
COLUMN 17 PEAK WIND IN M.P.H.
PRELIMINARY LOCAL CLIMATOLOGICAL DATA (WS FORM: F-6) , PAGE 2
STATION: MARIANNA
MONTH: MAY
YEAR: 2020
LATITUDE: 30 50 N
LONGITUDE: 85 11 W
[TEMPERATURE DATA] [PRECIPITATION DATA] SYMBOLS USED IN COLUMN 16
AVERAGE MONTHLY: 74.4 TOTAL FOR MONTH: 2.85 1 = FOG OR MIST
DPTR FM NORMAL: -0.5 DPTR FM NORMAL: -0.14 2 = FOG REDUCING VISIBILITY
HIGHEST: 93 ON 22 GRTST 24HR 0.81 ON 29-29 TO 1/4 MILE OR LESS
LOWEST: 46 ON 8 3 = THUNDER
SNOW, ICE PELLETS, HAIL 4 = ICE PELLETS
TOTAL MONTH: 0.0 INCH 5 = HAIL
GRTST 24HR 0.0 6 = FREEZING RAIN OR DRIZZLE
GRTST DEPTH: 0 7 = DUSTSTORM OR SANDSTORM:
VSBY 1/2 MILE OR LESS
8 = SMOKE OR HAZE
[NO. OF DAYS WITH] [WEATHER - DAYS WITH] 9 = BLOWING SNOW
X = TORNADO
MAX 32 OR BELOW: 0 0.01 INCH OR MORE: 9
MAX 90 OR ABOVE: 8 0.10 INCH OR MORE: 6
MIN 32 OR BELOW: 0 0.50 INCH OR MORE: 3
MIN 0 OR BELOW: 0 1.00 INCH OR MORE: 0
[HDD (BASE 65) ]
TOTAL THIS MO. 4 CLEAR (SCALE 0-3) 23
DPTR FM NORMAL 1 PTCLDY (SCALE 4-7) 7
TOTAL FM JUL 1 1150 CLOUDY (SCALE 8-10) 1
DPTR FM NORMAL -499
[CDD (BASE 65) ]
TOTAL THIS MO. 302
DPTR FM NORMAL -10 [PRESSURE DATA]
TOTAL FM JAN 1 677 HIGHEST SLP 30.28 ON 14
DPTR FM NORMAL 207 LOWEST SLP 29.78 ON 19
[REMARKS]
#FINAL-05-20#