000
CXUS51 KAKQ 010810
CF6ECG
PRELIMINARY LOCAL CLIMATOLOGICAL DATA (WS FORM: F-6)
STATION: ELIZABETH CITY NC
MONTH: JANUARY
YEAR: 2024
LATITUDE: 36 16 N
LONGITUDE: 76 11 W
TEMPERATURE IN F: :PCPN: SNOW: WIND :SUNSHINE: SKY :PK WND
================================================================================
1 2 3 4 5 6A 6B 7 8 9 10 11 12 13 14 15 16 17 18
12Z AVG MX 2MIN
DY MAX MIN AVG DEP HDD CDD WTR SNW DPTH SPD SPD DIR MIN PSBL S-S WX SPD DR
================================================================================
1 56 32 44 1 21 0 T 0.0 0 8.0 20 340 M M 3 1 27 340
2 49 29 39 -4 26 0 T 0.0 0 10.0 20 330 M M 4 26 330
3 52 25 39 -4 26 0 0.00 0.0 0 4.6 12 230 M M 0 19 220
4 50 28 39 -4 26 0 0.24 0.0 0 9.8 28 350 M M 6 1 36 340
5 44 25 35 -8 30 0 0.00 0.0 0 4.6 10 30 M M 0 15 60
6 61 28 45 2 20 0 0.61 0.0 0 12.5 25 170 M M 6 1 38 180
7 57 42 50 7 15 0 0.00 0.0 0 10.7 22 280 M M 7 1 29 280
8 49 32 41 -2 24 0 0.00 0.0 0 7.1 17 50 M M 0 23 50
9 67 38 53 10 12 0 1.03 0.0 0 18.0 36 170 M M 9 1 61 160
10 57 38 48 6 17 0 0.02 0.0 0 15.2 33 250 M M 2 50 260
11 54 34 44 2 21 0 0.00 0.0 0 6.1 13 220 M M 0 8 16 290
12 65 30 48 6 17 0 0.13 0.0 0 8.2 26 180 M M 2 1 46 160
13 67 36 52 10 13 0 T 0.0 0 16.6 32 290 M M 3 46 260
14 58 32 45 3 20 0 0.00 0.0 0 11.0 25 230 M M 0 41 240
15 51 39 45 3 20 0 0.00 0.0 0 6.9 14 80 M M 2 18 80
16 50 30 40 -2 25 0 0.03 0.0 0 9.7 22 340 M M 8 1 32 350
17 37 18 28 -14 37 0 0.00 0.0 0 10.5 22 330 M M 0 30 340
18 49 25 37 -5 28 0 0.00 0.0 0 6.7 21 220 M M 0 27 210
19 51 30 41 -1 24 0 0.01 0.0 0 10.5 29 300 M M 8 41 310
20 35 21 28 -14 37 0 0.00 0.0 0 11.4 22 330 M M 2 28 320
21 36 19 28 -14 37 0 0.00 0.0 0 10.0 23 340 M M 0 29 320
22 45 18 32 -10 33 0 0.00 0.0 0 3.8 10 250 M M 0 16 220
23 53 27 40 -3 25 0 T 0.0 0 3.5 8 130 M M 3 11 140
24 69 45 57 14 8 0 0.00 0.0 0 5.7 15 180 M M 5 24 170
25 71 60 66 23 0 1 0.26 0.0 0 8.8 16 220 M M 10 1 22 220
26 77 62 70 27 0 5 0.02 0.0 0 10.3 21 220 M M 6 1 27 220
27 63 51 57 14 8 0 0.07 0.0 0 8.9 16 80 M M 6 12 21 60
28 72 48 60 17 5 0 0.11 0.0 0 10.7 23 280 M M 8 1 31 290
29 51 37 44 1 21 0 0.02 0.0 0 11.5 22 350 M M 8 30 350
30 48 29 39 -4 26 0 0.00 0.0 0 7.5 13 70 M M 1 18 70
31 53 40 47 4 18 0 0.00 0.0 0 12.1 23 360 M M 7 30 10
================================================================================
SM 1697 1048 640 6 2.55 0.0 290.9 M 116
================================================================================
AV 54.7 33.8 9.4 FASTST M M 4 MAX(MPH)
MISC ----> 36 170 61 160
================================================================================
NOTES:
# LAST OF SEVERAL OCCURRENCES
COLUMN 17 PEAK WIND IN M.P.H.
PRELIMINARY LOCAL CLIMATOLOGICAL DATA (WS FORM: F-6) , PAGE 2
STATION: ELIZABETH CITY NC
MONTH: JANUARY
YEAR: 2024
LATITUDE: 36 16 N
LONGITUDE: 76 11 W
[TEMPERATURE DATA] [PRECIPITATION DATA] SYMBOLS USED IN COLUMN 16
AVERAGE MONTHLY: 44.3 TOTAL FOR MONTH: 2.55 1 = FOG OR MIST
DPTR FM NORMAL: 1.6 DPTR FM NORMAL: -0.75 2 = FOG REDUCING VISIBILITY
HIGHEST: 77 ON 26 GRTST 24HR 2.65 ON 9-10 TO 1/4 MILE OR LESS
LOWEST: 18 ON 22,17 3 = THUNDER
SNOW, ICE PELLETS, HAIL 4 = ICE PELLETS
TOTAL MONTH: 0.0 INCH 5 = HAIL
GRTST 24HR 0.0 6 = FREEZING RAIN OR DRIZZLE
GRTST DEPTH: 0 7 = DUSTSTORM OR SANDSTORM:
VSBY 1/2 MILE OR LESS
8 = SMOKE OR HAZE
[NO. OF DAYS WITH] [WEATHER - DAYS WITH] 9 = BLOWING SNOW
X = TORNADO
MAX 32 OR BELOW: 0 0.01 INCH OR MORE: 12
MAX 90 OR ABOVE: 0 0.10 INCH OR MORE: 6
MIN 32 OR BELOW: 18 0.50 INCH OR MORE: 2
MIN 0 OR BELOW: 0 1.00 INCH OR MORE: 1
[HDD (BASE 65) ]
TOTAL THIS MO. 640 CLEAR (SCALE 0-3) 16
DPTR FM NORMAL -52 PTCLDY (SCALE 4-7) 12
TOTAL FM JUL 1 1659 CLOUDY (SCALE 8-10) 3
DPTR FM NORMAL -135
[CDD (BASE 65) ]
TOTAL THIS MO. 6
DPTR FM NORMAL 5 [PRESSURE DATA]
TOTAL FM JAN 1 6 HIGHEST SLP 30.70 ON 22
DPTR FM NORMAL 5 LOWEST SLP 29.24 ON 9
[REMARKS]
#FINAL-01-24#