000
CXUS51 KCAR 010600
CF6FVE
PRELIMINARY LOCAL CLIMATOLOGICAL DATA (WS FORM: F-6)
STATION: FRENCHVILLE ME
MONTH: AUGUST
YEAR: 2021
LATITUDE: 47 16 N
LONGITUDE: 68 19 W
TEMPERATURE IN F: :PCPN: SNOW: WIND :SUNSHINE: SKY :PK WND
================================================================================
1 2 3 4 5 6A 6B 7 8 9 10 11 12 13 14 15 16 17 18
12Z AVG MX 2MIN
DY MAX MIN AVG DEP HDD CDD WTR SNW DPTH SPD SPD DIR MIN PSBL S-S WX SPD DR
================================================================================
1 73 49 61 -5 4 0 T M M 6.9 16 220 M M 2 24 280
2 66 52 59 -7 6 0 0.42 M M 4.4 10 270 M M 7 12 16 310
3 75 50 63 -3 2 0 0.11 M M 9.4 23 250 M M 5 1 31 260
4 75 55 65 -1 0 0 0.00 M M 4.2 10 280 M M 5 12 13 300
5 77 60 69 3 0 4 0.00 M M 6.7 14 150 M M 4 12 20 140
6 85 62 74 8 0 9 0.00 M M 6.1 16 270 M M 4 128 21 250
7 75 61 68 2 0 3 T M M 7.2 17 260 M M 6 23 70
8 77 55 66 0 0 1 0.00 M M 5.7 15 20 M M 2 23 340
9 69 56 63 -3 2 0 0.02 M M 7.0 15 160 M M 8 20 150
10 85 65 75 9 0 10 0.00 M M 7.9 16 150 M M 2 20 150
11 77 67 72 6 0 7 T M M 9.9 16 150 M M 10 21 150
12 89 69 79 14 0 14 T M M 8.2 26 200 M M 7 13 34 180
13 92 69 81 16 0 16 0.00 M M 6.2 14 250 M M 2 1 18 220
14 76 62 69 4 0 4 0.40 M M 5.8 25 290 M M 4 13 33 270
15 70 54 62 -3 3 0 T M M 10.6 20 330 M M 2 26 330
16 79 48 64 -1 1 0 0.00 M M 6.6 13 260 M M 0 18 250
17 88 57 73 8 0 8 0.00 M M 5.5 12 260 M M 0 16 260
18 83 65 74 10 0 9 0.00 M M 6.3 14 190 M M 3 16 230
19 90 65 78 14 0 13 0.00 M M 5.6 13 330 M M 0 1 17 280
20 84 65 75 11 0 10 0.00 M M 7.6 18 340 M M 2 1 24 340
21 84 60 72 8 0 7 0.00 M M 5.4 9 150 M M 3 14 140
22 81 62 72 8 0 7 0.00 M M 6.9 14 210 M M 5 1 18 210
23 73 63 68 4 0 3 0.04 M M 6.6 13 150 M M 7 1 16 150
24 87 68 78 15 0 13 0.14 M M 6.3 17 290 M M 7 12 21 280
25 88 61 75 12 0 10 0.00 M M 4.3 13 300 M M 3 16 310
26 90 66 78 15 0 13 0.14 M M 8.9 24 260 M M 3 13 32 270
27 68 50 59 -4 6 0 0.00 M M 12.7 26 320 M M 3 33 320
28 72 42 57 -5 8 0 0.00 M M 5.0 12 350 M M 0 15 290
29 69 49 59 -3 6 0 T M M 6.6 14 140 M M 5 18 150
30 69 57 63 1 2 0 0.30 M M 8.2 15 170 M M 9 12 19 180
31 79 54 67 5 0 2 0.00 M M 10.1 25 250 M M 2 35 250
================================================================================
SM 2445 1818 40 163 1.57 M 218.8 M 122
================================================================================
AV 78.9 58.6 7.1 FASTST M M 4 MAX(MPH)
MISC ----> # 26 200 35 250
================================================================================
NOTES:
# LAST OF SEVERAL OCCURRENCES
COLUMN 17 PEAK WIND IN M.P.H.
PRELIMINARY LOCAL CLIMATOLOGICAL DATA (WS FORM: F-6) , PAGE 2
STATION: FRENCHVILLE ME
MONTH: AUGUST
YEAR: 2021
LATITUDE: 47 16 N
LONGITUDE: 68 19 W
[TEMPERATURE DATA] [PRECIPITATION DATA] SYMBOLS USED IN COLUMN 16
AVERAGE MONTHLY: 68.8 TOTAL FOR MONTH: 1.57 1 = FOG OR MIST
DPTR FM NORMAL: 4.2 DPTR FM NORMAL: -2.20 2 = FOG REDUCING VISIBILITY
HIGHEST: 92 ON 13 GRTST 24HR 0.42 ON 1- 2 TO 1/4 MILE OR LESS
LOWEST: 42 ON 28 3 = THUNDER
SNOW, ICE PELLETS, HAIL 4 = ICE PELLETS
TOTAL MONTH: M 5 = HAIL
GRTST 24HR M ON M 6 = FREEZING RAIN OR DRIZZLE
GRTST DEPTH: M ON M 7 = DUSTSTORM OR SANDSTORM:
VSBY 1/2 MILE OR LESS
8 = SMOKE OR HAZE
[NO. OF DAYS WITH] [WEATHER - DAYS WITH] 9 = BLOWING SNOW
X = TORNADO
MAX 32 OR BELOW: 0 0.01 INCH OR MORE: 8
MAX 90 OR ABOVE: 3 0.10 INCH OR MORE: 6
MIN 32 OR BELOW: 0 0.50 INCH OR MORE: 0
MIN 0 OR BELOW: 0 1.00 INCH OR MORE: 0
[HDD (BASE 65) ]
TOTAL THIS MO. 40 CLEAR (SCALE 0-3) 15
DPTR FM NORMAL -39 PTCLDY (SCALE 4-7) 14
TOTAL FM JUL 1 145 CLOUDY (SCALE 8-10) 2
DPTR FM NORMAL 16
[CDD (BASE 65) ]
TOTAL THIS MO. 163
DPTR FM NORMAL 98 [PRESSURE DATA]
TOTAL FM JAN 1 289 HIGHEST SLP M ON M
DPTR FM NORMAL 98 LOWEST SLP 29.53 ON 31
[REMARKS]
#FINAL-08-21#