000
CXUS54 KLZK 011330
CF6LLQ
PRELIMINARY LOCAL CLIMATOLOGICAL DATA (WS FORM: F-6)
STATION: MONTICELLO
MONTH: JANUARY
YEAR: 2024
LATITUDE: 33 37 N
LONGITUDE: 91 45 W
TEMPERATURE IN F: :PCPN: SNOW: WIND :SUNSHINE: SKY :PK WND
================================================================================
1 2 3 4 5 6A 6B 7 8 9 10 11 12 13 14 15 16 17 18
12Z AVG MX 2MIN
DY MAX MIN AVG DEP HDD CDD WTR SNW DPTH SPD SPD DIR MIN PSBL S-S WX SPD DR
================================================================================
1 48 28 38 -6 27 0 0.00 0.0 0 5.9 17 60 M M 0 23 50
2 50 23 37 -7 28 0 0.00 0.0 0 2.3 9 80 M M 0 12 50
3 54 32 43 -1 22 0 0.00 0.0 0 1.7 9 260 M M 4 14 250
4 51 28 40 -4 25 0 0.00 0.0 0 5.3 15 50 M M 0 1 19 60
5 42 31 37 -7 28 0 1.44 0.0 0 7.0 17 90 M M 7 1 24 50
6 45 38 42 -2 23 0 0.00 0.0 0 5.6 12 270 M M 10 1 16 270
7 58 32 45 1 20 0 0.00 0.0 0 3.2 10 270 M M 1 1 17 250
8 53 33 43 -1 22 0 1.86 0.0 0 7.0 17 110 M M 7 13 27 110
9 50 35 43 -1 22 0 0.10 0.0 0 13.1 25 280 M M 7 1 41 290
10 58 30 44 0 21 0 0.00 0.0 0 8.6 20 180 M M 0 28 210
11 66 37 52 8 13 0 T 0.0 0 6.3 18 170 M M 5 1 33 160
12 65 33 49 5 16 0 0.13 0.0 0 13.6 36 310 M M 7 138 57 310
13 53 26 40 -4 25 0 0.00 0.0 0 5.0 15 200 M M 0 23 200
14 36 16 26 -18 39 0 0.10 T 0 7.2 16 50 M M 8 168 22 50
15 17 14 16 -28 49 0 0.40 1.5 0 6.2 13 50 M M 9 18 21 10
16 26 9 18 -26 47 0 0.00 0.0 2 4.7 12 70 M M 0 22 30
17 38 9 24 -20 41 0 0.00 0.0 2 4.8 13 200 M M 0 19 230
18 42 27 35 -9 30 0 0.00 0.0 0 3.7 12 160 M M 9 12 19 160
19 38 24 31 -13 34 0 0.00 0.0 0 5.6 15 30 M M 3 12 28 40
20 28 18 23 -21 42 0 0.00 0.0 0 7.4 17 50 M M 0 24 50
21 35 15 25 -19 40 0 0.00 0.0 0 6.4 14 60 M M 3 19 50
22 51 31 41 -3 24 0 0.68 0.0 0 7.8 14 130 M M 9 1 25 150
23 61 50 56 12 9 0 1.50 0.0 0 7.3 14 150 M M 10 1 22 150
24 63 58 61 17 4 0 0.43 0.0 0 4.2 13 170 M M 10 12 19 290
25 67 50 59 15 6 0 0.56 0.0 0 3.2 9 220 M M 8 12 14 220
26 58 44 51 7 14 0 0.39 0.0 0 4.9 16 50 M M 10 12 23 40
27 55 46 51 7 14 0 1.21 0.0 0 7.5 17 50 M M 10 1 24 310
28 57 37 47 2 18 0 0.00 0.0 0 5.8 13 300 M M 5 21 320
29 63 32 48 3 17 0 0.00 0.0 0 3.5 10 220 M M 0 17 220
30 75 47 61 16 4 0 0.00 0.0 0 7.1 16 270 M M 0 22 270
31 61 39 50 5 15 0 0.00 0.0 0 2.9 12 80 M M 0 16 60
================================================================================
SM 1564 972 739 0 8.80 1.5 184.8 M 142
================================================================================
AV 50.5 31.4 6.0 FASTST M M 5 MAX(MPH)
MISC ----> 36 310 57 310
================================================================================
NOTES:
# LAST OF SEVERAL OCCURRENCES
COLUMN 17 PEAK WIND IN M.P.H.
PRELIMINARY LOCAL CLIMATOLOGICAL DATA (WS FORM: F-6) , PAGE 2
STATION: MONTICELLO
MONTH: JANUARY
YEAR: 2024
LATITUDE: 33 37 N
LONGITUDE: 91 45 W
[TEMPERATURE DATA] [PRECIPITATION DATA] SYMBOLS USED IN COLUMN 16
AVERAGE MONTHLY: 40.9 TOTAL FOR MONTH: 8.80 1 = FOG OR MIST
DPTR FM NORMAL: -3.1 DPTR FM NORMAL: 4.19 2 = FOG REDUCING VISIBILITY
HIGHEST: 75 ON 30 GRTST 24HR 1.86 ON 8- 8 TO 1/4 MILE OR LESS
LOWEST: 9 ON 17,16 3 = THUNDER
SNOW, ICE PELLETS, HAIL 4 = ICE PELLETS
TOTAL MONTH: 1.5 INCHES 5 = HAIL
GRTST 24HR 1.5 ON 15-15 6 = FREEZING RAIN OR DRIZZLE
GRTST DEPTH: 2 ON 17,16 7 = DUSTSTORM OR SANDSTORM:
VSBY 1/2 MILE OR LESS
8 = SMOKE OR HAZE
[NO. OF DAYS WITH] [WEATHER - DAYS WITH] 9 = BLOWING SNOW
X = TORNADO
MAX 32 OR BELOW: 3 0.01 INCH OR MORE: 12
MAX 90 OR ABOVE: 0 0.10 INCH OR MORE: 12
MIN 32 OR BELOW: 18 0.50 INCH OR MORE: 6
MIN 0 OR BELOW: 0 1.00 INCH OR MORE: 4
[HDD (BASE 65) ]
TOTAL THIS MO. 739 CLEAR (SCALE 0-3) 14
DPTR FM NORMAL 86 PTCLDY (SCALE 4-7) 9
TOTAL FM JUL 1 1583 CLOUDY (SCALE 8-10) 8
DPTR FM NORMAL -111
[CDD (BASE 65) ]
TOTAL THIS MO. 0
DPTR FM NORMAL -2 [PRESSURE DATA]
TOTAL FM JAN 1 0 HIGHEST SLP 30.67 ON 20
DPTR FM NORMAL -2 LOWEST SLP 29.35 ON 12
[REMARKS]
#FINAL-01-24#