000
CXUS54 KJAN 012028
CF6MEI
PRELIMINARY LOCAL CLIMATOLOGICAL DATA (WS FORM: F-6)
STATION: MERIDIAN
MONTH: AUGUST
YEAR: 2022
LATITUDE: 32 19 N
LONGITUDE: 88 45 W
TEMPERATURE IN F: :PCPN: SNOW: WIND :SUNSHINE: SKY :PK WND
================================================================================
1 2 3 4 5 6A 6B 7 8 9 10 11 12 13 14 15 16 17 18
12Z AVG MX 2MIN
DY MAX MIN AVG DEP HDD CDD WTR SNW DPTH SPD SPD DIR MIN PSBL S-S WX SPD DR
================================================================================
1 92 72 82 -1 0 17 1.01 0.0 0 3.9 24 180 M M 2 13 33 180
2 85 73 79 -4 0 14 0.00 0.0 0 4.9 15 200 M M 4 13 19 210
3 92 73 83 0 0 18 0.02 0.0 0 3.3 17 210 M M 6 13 24 210
4 91 73 82 -1 0 17 T 0.0 0 3.5 12 140 M M 4 15 150
5 94 71 83 0 0 18 0.00 0.0 0 4.6 18 210 M M 1 24 200
6 95 71 83 0 0 18 0.00 0.0 0 3.9 13 190 M M 1 17 190
7 95 72 84 1 0 19 0.14 0.0 0 3.9 20 170 M M 2 13 25 190
8 93 73 83 0 0 18 0.00 0.0 0 3.8 22 160 M M 1 13 30 180
9 91 72 82 -1 0 17 0.17 0.0 0 2.6 21 180 M M 2 13 29 180
10 90 73 82 -1 0 17 0.00 0.0 0 4.7 14 190 M M 3 3 25 140
11 91 73 82 -1 0 17 1.64 0.0 0 2.6 21 200 M M 5 13 26 200
12 91 72 82 -1 0 17 0.00 0.0 0 2.5 10 230 M M 7 12 15 90
13 92 71 82 -1 0 17 0.00 0.0 0 1.7 8 230 M M 1 12 220
14 95 72 84 2 0 19 0.00 0.0 0 2.3 10 290 M M 2 12 13 280
15 95 72 84 2 0 19 0.00 0.0 0 4.3 13 270 M M 0 17 250
16 96 73 85 3 0 20 0.02 0.0 0 4.1 20 320 M M 1 3 28 350
17 88 71 80 -2 0 15 0.03 0.0 0 3.9 13 30 M M 3 1 16 40
18 84 72 78 -4 0 13 T 0.0 0 2.9 9 170 M M 7 12 30
19 84 73 79 -3 0 14 T 0.0 0 4.6 15 200 M M 6 1 21 210
20 90 72 81 -1 0 16 1.06 0.0 0 6.1 29 190 M M 5 13 42 200
21 86 71 79 -3 0 14 0.36 0.0 0 3.8 17 190 M M 7 13 26 220
22 82 72 77 -5 0 12 0.40 0.0 0 3.4 12 230 M M 8 1 16 210
23 75 72 74 -8 0 9 1.00 0.0 0 2.3 12 230 M M 8 1 18 220
24 76 69 73 -9 0 8 4.61 0.0 0 5.8 22 60 M M 9 13 32 80
25 83 72 78 -4 0 13 0.05 0.0 0 2.9 10 130 M M 8 13 16 130
26 89 72 81 0 0 16 0.79 0.0 0 2.4 16 160 M M 7 13 19 160
27 90 73 82 1 0 17 0.00 0.0 0 2.3 10 160 M M 5 128 14 170
28 91 73 82 1 0 17 0.00 0.0 0 3.1 12 170 M M 3 12 15 180
29 93 73 83 2 0 18 0.00 0.0 0 1.5 13 150 M M 1 18 150
30 92 73 83 2 0 18 0.12 0.0 0 1.5 23 360 M M 2 13 32 350
31 92 70 81 0 0 16 0.00 0.0 0 3.5 13 30 M M 1 1 18 330
================================================================================
SM 2773 2234 0 498 11.42 0.0 106.6 M 122
================================================================================
AV 89.5 72.1 3.4 FASTST M M 4 MAX(MPH)
MISC ----> 29 190 42 200
================================================================================
NOTES:
# LAST OF SEVERAL OCCURRENCES
COLUMN 17 PEAK WIND IN M.P.H.
PRELIMINARY LOCAL CLIMATOLOGICAL DATA (WS FORM: F-6) , PAGE 2
STATION: MERIDIAN
MONTH: AUGUST
YEAR: 2022
LATITUDE: 32 19 N
LONGITUDE: 88 45 W
[TEMPERATURE DATA] [PRECIPITATION DATA] SYMBOLS USED IN COLUMN 16
AVERAGE MONTHLY: 80.8 TOTAL FOR MONTH: 11.42 1 = FOG OR MIST
DPTR FM NORMAL: -1.4 DPTR FM NORMAL: 7.06 2 = FOG REDUCING VISIBILITY
HIGHEST: 96 ON 16 GRTST 24HR 4.79 ON 23-24 TO 1/4 MILE OR LESS
LOWEST: 69 ON 24 3 = THUNDER
SNOW, ICE PELLETS, HAIL 4 = ICE PELLETS
TOTAL MONTH: 0.0 INCH 5 = HAIL
GRTST 24HR 0.0 6 = FREEZING RAIN OR DRIZZLE
GRTST DEPTH: 0 7 = DUSTSTORM OR SANDSTORM:
VSBY 1/2 MILE OR LESS
8 = SMOKE OR HAZE
[NO. OF DAYS WITH] [WEATHER - DAYS WITH] 9 = BLOWING SNOW
X = TORNADO
MAX 32 OR BELOW: 0 0.01 INCH OR MORE: 15
MAX 90 OR ABOVE: 21 0.10 INCH OR MORE: 11
MIN 32 OR BELOW: 0 0.50 INCH OR MORE: 6
MIN 0 OR BELOW: 0 1.00 INCH OR MORE: 5
[HDD (BASE 65) ]
TOTAL THIS MO. 0 CLEAR (SCALE 0-3) 15
DPTR FM NORMAL 0 PTCLDY (SCALE 4-7) 14
TOTAL FM JUL 1 0 CLOUDY (SCALE 8-10) 2
DPTR FM NORMAL 0
[CDD (BASE 65) ]
TOTAL THIS MO. 498
DPTR FM NORMAL -35 [PRESSURE DATA]
TOTAL FM JAN 1 2159 HIGHEST SLP 30.21 ON 7
DPTR FM NORMAL 213 LOWEST SLP 29.86 ON 15
[REMARKS]
#FINAL-08-22#