000
CXUS54 KMAF 011110
CF6MDD
PRELIMINARY LOCAL CLIMATOLOGICAL DATA (WS FORM: F-6)
STATION: MIDLAND AIRPARK
MONTH: SEPTEMBER
YEAR: 2021
LATITUDE: 32 2 N
LONGITUDE: 102 6 W
TEMPERATURE IN F: :PCPN: SNOW: WIND :SUNSHINE: SKY :PK WND
================================================================================
1 2 3 4 5 6A 6B 7 8 9 10 11 12 13 14 15 16 17 18
12Z AVG MX 2MIN
DY MAX MIN AVG DEP HDD CDD WTR SNW DPTH SPD SPD DIR MIN PSBL S-S WX SPD DR
================================================================================
1 98 74 86 M 0 21 M M M 10.5 16 160 M M 1 22 160
2 96 74 85 M 0 20 M M M 9.8 15 160 M M 3 21 120
3 96 74 85 M 0 20 M M M 10.3 15 160 M M 1 8 22 170
4 96 71 84 M 0 19 M M M 8.3 14 170 M M 1 18 180
5 95 71 83 M 0 18 M M M 4.7 16 320 M M 1 26 80
6 94 68 81 M 0 16 M M M 5.7 14 140 M M 1 20 140
7 98 70 84 M 0 19 M M M 6.6 13 70 M M 0 M M
8 94 69 82 M 0 17 M M M 6.5 16 150 M M 1 21 100
9 95 69 82 M 0 17 M M M 5.4 14 150 M M 0 18 130
10 98 68 83 M 0 18 M M M 9.3 14 170 M M 0 17 200
11 96 68 82 M 0 17 M M M 7.8 12 120 M M 0 18 110
12 91 64 78 M 0 13 M M M 7.7 13 210 M M 0 18 130
13 91 66 79 M 0 14 M M M 8.7 14 170 M M 1 8 18 160
14 92 67 80 M 0 15 M M M 9.8 15 130 M M 0 21 140
15 89 64 77 M 0 12 M M M 7.8 12 140 M M 0 18 110
16 93 68 81 M 0 16 M M M 9.7 14 150 M M 0 21 160
17 98 66 82 M 0 17 0.02 M M 8.9 21 100 M M 0 29 100
18 95 66 81 M 0 16 M M M 5.8 14 110 M M 0 8 21 110
19 96 65 81 M 0 16 M M M 6.4 14 170 M M 0 20 140
20 103 75 89 M 0 24 M M M 9.0 16 250 M M 1 21 190
21 81 62 72 M 0 7 M M M 16.4 26 40 M M 0 35 40
22 81 54 68 M 0 3 M M M 5.4 12 110 M M 0 8 20 100
23 87 56 72 M 0 7 M M M 10.1 16 160 M M 0 21 180
24 88 61 75 M 0 10 M M M 8.8 14 160 M M 0 20 150
25 87 57 72 M 0 7 M M M 5.0 13 120 M M 0 8 18 120
26 89 56 73 M 0 8 M M M 8.1 15 140 M M 0 21 190
27 90 69 80 M 0 15 M M M 9.3 15 170 M M 2 22 170
28 88 66 77 M 0 12 M M M 9.4 23 200 M M 1 30 200
29 92 62 77 M 0 12 M M M 7.9 15 250 M M 1 8 20 250
30 81 63 72 M 0 7 0.01 M M 9.4 18 40 M M 3 26 70
================================================================================
SM 2768 1983 0 433 0.03 M 248.3 M 18
================================================================================
AV 92.3 66.1 8.3 FASTST M M 1 MAX(MPH)
MISC ----> 26 40 35 40
================================================================================
NOTES:
# LAST OF SEVERAL OCCURRENCES
COLUMN 17 PEAK WIND IN M.P.H.
PRELIMINARY LOCAL CLIMATOLOGICAL DATA (WS FORM: F-6) , PAGE 2
STATION: MIDLAND AIRPARK
MONTH: SEPTEMBER
YEAR: 2021
LATITUDE: 32 2 N
LONGITUDE: 102 6 W
[TEMPERATURE DATA] [PRECIPITATION DATA] SYMBOLS USED IN COLUMN 16
AVERAGE MONTHLY: 79.2 TOTAL FOR MONTH: 0.03 1 = FOG OR MIST
DPTR FM NORMAL: 0.0 DPTR FM NORMAL: M 2 = FOG REDUCING VISIBILITY
HIGHEST: 103 ON 20 GRTST 24HR 0.02 ON 17-17 TO 1/4 MILE OR LESS
LOWEST: 54 ON 22 3 = THUNDER
SNOW, ICE PELLETS, HAIL 4 = ICE PELLETS
TOTAL MONTH: M 5 = HAIL
GRTST 24HR M ON M 6 = FREEZING RAIN OR DRIZZLE
GRTST DEPTH: M ON M 7 = DUSTSTORM OR SANDSTORM:
VSBY 1/2 MILE OR LESS
8 = SMOKE OR HAZE
[NO. OF DAYS WITH] [WEATHER - DAYS WITH] 9 = BLOWING SNOW
X = TORNADO
MAX 32 OR BELOW: 0 0.01 INCH OR MORE: 2
MAX 90 OR ABOVE: 21 0.10 INCH OR MORE: 0
MIN 32 OR BELOW: 0 0.50 INCH OR MORE: 0
MIN 0 OR BELOW: 0 1.00 INCH OR MORE: 0
[HDD (BASE 65) ]
TOTAL THIS MO. 0 CLEAR (SCALE 0-3) 30
DPTR FM NORMAL M PTCLDY (SCALE 4-7) 0
TOTAL FM JUL 1 0 CLOUDY (SCALE 8-10) 0
DPTR FM NORMAL M
[CDD (BASE 65) ]
TOTAL THIS MO. 433
DPTR FM NORMAL M [PRESSURE DATA]
TOTAL FM JAN 1 2292 HIGHEST SLP M ON M
DPTR FM NORMAL M LOWEST SLP M ON M
[REMARKS]
#FINAL-09-21#