000
CXAK56 PAFG 010954
CF6OME
PRELIMINARY LOCAL CLIMATOLOGICAL DATA (WS FORM: F-6)
STATION: NOME AK
MONTH: SEPTEMBER
YEAR: 2023
LATITUDE: 64 30 N
LONGITUDE: 165 26 W
TEMPERATURE IN F: :PCPN: SNOW: WIND :SUNSHINE: SKY :PK WND
================================================================================
1 2 3 4 5 6A 6B 7 8 9 10 11 12 13 14 15 16 17 18
12Z AVG MX 2MIN
DY MAX MIN AVG DEP HDD CDD WTR SNW DPTH SPD SPD DIR MIN PSBL S-S WX SPD DR
================================================================================
1 49 34 42 -6 23 0 0.05 M M 15.6 29 280 M M 8 1 46 300
2 50 33 42 -6 23 0 0.83 M M 15.9 28 150 M M 9 1 38 150
3 56 38 47 -1 18 0 0.41 M M 14.4 28 300 M M 6 1 38 310
4 48 35 42 -6 23 0 1.00 M M 12.8 24 160 M M 7 1 33 160
5 48 42 45 -2 20 0 0.16 M M 13.4 24 240 M M 10 1 29 230
6 50 40 45 -2 20 0 T M M 12.3 25 310 M M 8 1 35 300
7 50 35 43 -4 22 0 T M M 11.5 28 350 M M 7 37 360
8 48 28 38 -8 27 0 0.00 M M 4.5 10 340 M M 0 12 210
9 51 43 47 1 18 0 0.08 M M 7.3 17 20 M M 9 1 22 10
10 46 40 43 -3 22 0 0.01 M M 5.8 17 270 M M 10 1 20 260
11 45 38 42 -3 23 0 0.03 M M 3.7 12 220 M M 9 1 15 220
12 44 36 40 -5 25 0 0.01 M M 3.2 10 290 M M 10 1 14 290
13 44 38 41 -3 24 0 0.22 M M 6.8 16 200 M M 10 1 20 170
14 46 38 42 -2 23 0 0.16 M M 5.9 10 80 M M 9 1 16 170
15 45 38 42 -2 23 0 T M M 3.2 8 220 M M 9 1 12 200
16 45 36 41 -2 24 0 0.01 M M 8.4 20 290 M M 9 27 300
17 45 36 41 -2 24 0 T M M 14.2 22 300 M M 8 1 28 300
18 41 35 38 -4 27 0 0.01 M M 15.7 26 280 M M 9 1 32 270
19 40 33 37 -5 28 0 0.01 M M 8.0 17 260 M M 10 1 21 260
20 45 30 38 -3 27 0 0.00 M M 8.3 22 310 M M 2 29 310
21 42 26 34 -7 31 0 0.00 M M 3.4 12 310 M M 3 14 310
22 41 31 36 -4 29 0 0.05 M M 6.4 16 160 M M 9 1 23 170
23 44 34 39 -1 26 0 0.01 M M 8.6 16 100 M M 8 1 21 100
24 43 31 37 -3 28 0 T M M 7.0 13 100 M M 6 18 70
25 43 38 41 2 24 0 0.03 M M 7.4 15 70 M M 10 1 21 70
26 42 31 37 -2 28 0 0.03 M M 4.2 9 350 M M 7 14 190
27 42 28 35 -3 30 0 0.06 M M 6.3 13 120 M M 7 1 17 120
28 41 38 40 2 25 0 0.17 M M 8.3 17 170 M M 10 18 30 170
29 42 33 38 1 27 0 0.01 M M 3.1 12 210 M M 9 8 19 220
30 42 28 35 -2 30 0 0.01 M M 6.7 13 350 M M 8 16 340
================================================================================
SM 1358 1044 742 0 3.36 M 252.3 M 236
================================================================================
AV 45.3 34.8 8.4 FASTST M M 8 MAX(MPH)
MISC ----> 29 280 46 300
================================================================================
NOTES:
# LAST OF SEVERAL OCCURRENCES
COLUMN 17 PEAK WIND IN M.P.H.
PRELIMINARY LOCAL CLIMATOLOGICAL DATA (WS FORM: F-6) , PAGE 2
STATION: NOME AK
MONTH: SEPTEMBER
YEAR: 2023
LATITUDE: 64 30 N
LONGITUDE: 165 26 W
[TEMPERATURE DATA] [PRECIPITATION DATA] SYMBOLS USED IN COLUMN 16
AVERAGE MONTHLY: 40.0 TOTAL FOR MONTH: 3.36 1 = FOG OR MIST
DPTR FM NORMAL: -3.1 DPTR FM NORMAL: 1.16 2 = FOG REDUCING VISIBILITY
HIGHEST: 56 ON 3 GRTST 24HR 1.24 ON 2- 3 TO 1/4 MILE OR LESS
LOWEST: 26 ON 21 3 = THUNDER
SNOW, ICE PELLETS, HAIL 4 = ICE PELLETS
TOTAL MONTH: M 5 = HAIL
GRTST 24HR M ON M 6 = FREEZING RAIN OR DRIZZLE
GRTST DEPTH: M ON M 7 = DUSTSTORM OR SANDSTORM:
VSBY 1/2 MILE OR LESS
8 = SMOKE OR HAZE
[NO. OF DAYS WITH] [WEATHER - DAYS WITH] 9 = BLOWING SNOW
X = TORNADO
MAX 32 OR BELOW: 0 0.01 INCH OR MORE: 22
MAX 90 OR ABOVE: 0 0.10 INCH OR MORE: 7
MIN 32 OR BELOW: 8 0.50 INCH OR MORE: 2
MIN 0 OR BELOW: 0 1.00 INCH OR MORE: 1
[HDD (BASE 65) ]
TOTAL THIS MO. 742 CLEAR (SCALE 0-3) 3
DPTR FM NORMAL 85 PTCLDY (SCALE 4-7) 9
TOTAL FM JUL 1 1538 CLOUDY (SCALE 8-10) 18
DPTR FM NORMAL 15
[CDD (BASE 65) ]
TOTAL THIS MO. 0
DPTR FM NORMAL 0 [PRESSURE DATA]
TOTAL FM JAN 1 0 HIGHEST SLP M ON M
DPTR FM NORMAL -3 LOWEST SLP 29.18 ON 3
[REMARKS]
#FINAL-09-23#