000
CXUS54 KFWD 010730
CF6AFW
PRELIMINARY LOCAL CLIMATOLOGICAL DATA (WS FORM: F-6)
STATION: FORT WORTH ALLIANCE
MONTH: SEPTEMBER
YEAR: 2023
LATITUDE: 32 58 N
LONGITUDE: 97 19 W
TEMPERATURE IN F: :PCPN: SNOW: WIND :SUNSHINE: SKY :PK WND
================================================================================
1 2 3 4 5 6A 6B 7 8 9 10 11 12 13 14 15 16 17 18
12Z AVG MX 2MIN
DY MAX MIN AVG DEP HDD CDD WTR SNW DPTH SPD SPD DIR MIN PSBL S-S WX SPD DR
================================================================================
1 99 77 88 5 0 23 0.00 M M 9.3 17 120 M M 0 26 110
2 98 73 86 3 0 21 0.00 M M 6.3 14 70 M M 5 17 60
3 102 77 90 8 0 25 T M M 9.8 24 110 M M 7 3 34 100
4 101 76 89 7 0 24 0.00 M M 13.1 24 150 M M 3 36 190
5 104 82 93 11 0 28 0.00 M M 13.2 22 160 M M 2 30 170
6 105 82 94 12 0 29 0.00 M M 5.8 15 190 M M 5 3 21 190
7 108 81 95 14 0 30 0.00 M M 5.7 14 200 M M 1 21 170
8 110 73 92 11 0 27 0.05 M M 10.1 36 160 M M 3 3 46 20
9 96 76 86 5 0 21 M M M 9.2 17 130 M M 3 3 23 120
10 93 70 82 2 0 17 0.00 M M 7.6 16 110 M M 5 23 120
11 90 69 80 0 0 15 0.39 M M 8.2 29 300 M M 8 38 40 300
12 81 70 76 -4 0 11 0.04 M M 9.8 17 360 M M 9 22 360
13 85 68 77 -2 0 12 0.03 M M 6.1 12 140 M M 9 17 140
14 77 71 74 -5 0 9 T M M 8.2 14 130 M M 10 8 25 70
15 83 69 76 -3 0 11 T M M 5.9 16 110 M M 8 23 120
16 88 67 78 0 0 13 0.01 M M 4.0 17 360 M M 5 21 350
17 92 65 79 1 0 14 0.00 M M 4.6 15 40 M M 2 18 40
18 93 65 79 1 0 14 0.00 M M 8.2 16 150 M M 2 8 24 170
19 97 69 83 6 0 18 0.79 M M 14.8 32 290 M M 6 13 52 280
20 95 71 83 6 0 18 0.00 M M 14.2 22 160 M M 3 3 30 130
21 97 77 87 10 0 22 0.00 M M 13.0 22 180 M M 6 3 29 180
22 98 78 88 12 0 23 0.00 M M 12.5 22 140 M M 5 29 150
23 100 78 89 13 0 24 0.00 M M 14.7 24 180 M M 2 32 160
24 102 79 91 15 0 26 0.00 M M 11.3 23 190 M M 4 3 31 200
25 93 75 84 9 0 19 0.00 M M 7.6 17 40 M M 5 24 40
26 94 68 81 6 0 16 0.00 M M 4.6 12 120 M M 2 21 60
27 96 70 83 8 0 18 0.00 M M 5.1 13 100 M M 2 20 200
28 97 73 85 11 0 20 0.00 M M 7.3 17 160 M M 2 22 110
29 95 75 85 11 0 20 0.00 M M 9.7 20 180 M M 1 26 150
30 94 74 84 10 0 19 0.00 M M 9.2 18 160 M M 2 25 160
================================================================================
SM 2863 2198 0 587 1.31 M 269.1 M 127
================================================================================
AV 95.4 73.3 9.0 FASTST M M 4 MAX(MPH)
MISC ----> 36 160 52 280
================================================================================
NOTES:
# LAST OF SEVERAL OCCURRENCES
COLUMN 17 PEAK WIND IN M.P.H.
PRELIMINARY LOCAL CLIMATOLOGICAL DATA (WS FORM: F-6) , PAGE 2
STATION: FORT WORTH ALLIANCE
MONTH: SEPTEMBER
YEAR: 2023
LATITUDE: 32 58 N
LONGITUDE: 97 19 W
[TEMPERATURE DATA] [PRECIPITATION DATA] SYMBOLS USED IN COLUMN 16
AVERAGE MONTHLY: 84.4 TOTAL FOR MONTH: 1.31 1 = FOG OR MIST
DPTR FM NORMAL: 6.0 DPTR FM NORMAL: -1.86 2 = FOG REDUCING VISIBILITY
HIGHEST: 110 ON 8 GRTST 24HR 0.79 ON 19-19 TO 1/4 MILE OR LESS
LOWEST: 65 ON 18,17 3 = THUNDER
SNOW, ICE PELLETS, HAIL 4 = ICE PELLETS
TOTAL MONTH: M 5 = HAIL
GRTST 24HR M ON M 6 = FREEZING RAIN OR DRIZZLE
GRTST DEPTH: M ON M 7 = DUSTSTORM OR SANDSTORM:
VSBY 1/2 MILE OR LESS
8 = SMOKE OR HAZE
[NO. OF DAYS WITH] [WEATHER - DAYS WITH] 9 = BLOWING SNOW
X = TORNADO
MAX 32 OR BELOW: 0 0.01 INCH OR MORE: 6
MAX 90 OR ABOVE: 25 0.10 INCH OR MORE: 2
MIN 32 OR BELOW: 0 0.50 INCH OR MORE: 1
MIN 0 OR BELOW: 0 1.00 INCH OR MORE: 0
[HDD (BASE 65) ]
TOTAL THIS MO. 0 CLEAR (SCALE 0-3) 12
DPTR FM NORMAL -3 PTCLDY (SCALE 4-7) 14
TOTAL FM JUL 1 0 CLOUDY (SCALE 8-10) 4
DPTR FM NORMAL 0
[CDD (BASE 65) ]
TOTAL THIS MO. 587
DPTR FM NORMAL 182 [PRESSURE DATA]
TOTAL FM JAN 1 3276 HIGHEST SLP M ON M
DPTR FM NORMAL 541 LOWEST SLP 29.66 ON 23
[REMARKS]
#FINAL-09-23#