000
CXUS56 KSGX 011145
CF6OKB
PRELIMINARY LOCAL CLIMATOLOGICAL DATA (WS FORM: F-6)
STATION: OCEANSIDE AIRPORT CA
MONTH: NOVEMBER
YEAR: 2022
LATITUDE: 33 13 N
LONGITUDE: 117 21 W
TEMPERATURE IN F: :PCPN: SNOW: WIND :SUNSHINE: SKY :PK WND
================================================================================
1 2 3 4 5 6A 6B 7 8 9 10 11 12 13 14 15 16 17 18
12Z AVG MX 2MIN
DY MAX MIN AVG DEP HDD CDD WTR SNW DPTH SPD SPD DIR MIN PSBL S-S WX SPD DR
================================================================================
1 70 52 61 0 4 0 0.00 M M 6.3 14 230 M M 6 8 19 240
2 67 57 62 2 3 0 0.26 M M 6.6 15 260 M M 5 18 20 250
3 65 44 55 -5 10 0 T M M 10.2 20 290 M M 3 34 300
4 70 39 55 -5 10 0 0.00 M M 5.1 16 280 M M 0 19 290
5 70 39 55 -5 10 0 0.00 M M 3.2 13 240 M M 0 15 250
6 69 43 56 -4 9 0 0.00 M M 3.4 12 240 M M 2 14 270
7 69 55 62 3 3 0 0.15 M M 5.4 15 210 M M 10 18 19 200
8 65 55 60 1 5 0 1.10 M M 10.1 22 310 M M 10 1 31 320
9 64 45 55 -4 10 0 0.15 M M 5.4 17 290 M M 4 1 23 290
10 65 41 53 -6 12 0 0.00 M M 4.3 13 270 M M 0 17 250
11 73 42 58 0 7 0 0.00 M M 4.6 16 250 M M 0 19 250
12 67 37 52 -6 13 0 0.00 M M 3.5 13 250 M M 0 8 17 240
13 65 43 54 -4 11 0 T M M 3.9 14 230 M M 3 19 220
14 69 40 55 -3 10 0 0.00 M M 4.8 15 270 M M 0 18 280
15 68 40 54 -3 11 0 0.00 M M 4.0 15 270 M M 0 18 270
16 78 38 58 1 7 0 0.00 M M 4.0 16 250 M M 0 19 250
17 73 41 57 0 8 0 0.00 M M 4.6 16 290 M M 0 21 290
18 66 35 51 -6 14 0 0.00 M M 2.5 12 250 M M 0 1 14 250
19 79 37 58 2 7 0 0.00 M M 5.3 15 270 M M 0 1 19 40
20 77 44 61 5 4 0 0.00 M M 6.0 16 300 M M 0 19 300
21 76 41 59 3 6 0 0.00 M M 4.8 12 280 M M 0 8 13 280
22 73 39 56 0 9 0 0.00 M M 2.8 13 280 M M 0 1 15 260
23 71 33 52 -4 13 0 0.00 M M 3.1 13 250 M M 0 15 260
24 83 35 59 4 6 0 0.00 M M 3.3 17 240 M M 0 22 50
25 76 34 55 0 10 0 0.00 M M 3.2 17 280 M M 0 22 290
26 68 35 52 -3 13 0 0.00 M M 2.7 12 220 M M 0 1 14 240
27 69 35 52 -3 13 0 0.00 M M 3.1 13 240 M M 1 1 16 240
28 64 50 57 2 8 0 0.00 M M 3.8 14 230 M M 8 19 230
29 65 42 54 0 11 0 0.00 M M 3.5 14 220 M M 5 1 16 240
30 62 40 51 -3 14 0 0.00 M M 3.0 12 230 M M 8 1 17 200
================================================================================
SM 2096 1251 271 0 1.66 M 136.5 M 65
================================================================================
AV 69.9 41.7 4.6 FASTST M M 2 MAX(MPH)
MISC ----> 22 310 34 300
================================================================================
NOTES:
# LAST OF SEVERAL OCCURRENCES
COLUMN 17 PEAK WIND IN M.P.H.
PRELIMINARY LOCAL CLIMATOLOGICAL DATA (WS FORM: F-6) , PAGE 2
STATION: OCEANSIDE AIRPORT CA
MONTH: NOVEMBER
YEAR: 2022
LATITUDE: 33 13 N
LONGITUDE: 117 21 W
[TEMPERATURE DATA] [PRECIPITATION DATA] SYMBOLS USED IN COLUMN 16
AVERAGE MONTHLY: 55.8 TOTAL FOR MONTH: 1.66 1 = FOG OR MIST
DPTR FM NORMAL: -1.6 DPTR FM NORMAL: 0.87 2 = FOG REDUCING VISIBILITY
HIGHEST: 83 ON 24 GRTST 24HR 1.21 ON 8- 9 TO 1/4 MILE OR LESS
LOWEST: 33 ON 23 3 = THUNDER
SNOW, ICE PELLETS, HAIL 4 = ICE PELLETS
TOTAL MONTH: M 5 = HAIL
GRTST 24HR M ON M 6 = FREEZING RAIN OR DRIZZLE
GRTST DEPTH: M ON M 7 = DUSTSTORM OR SANDSTORM:
VSBY 1/2 MILE OR LESS
8 = SMOKE OR HAZE
[NO. OF DAYS WITH] [WEATHER - DAYS WITH] 9 = BLOWING SNOW
X = TORNADO
MAX 32 OR BELOW: 0 0.01 INCH OR MORE: 4
MAX 90 OR ABOVE: 0 0.10 INCH OR MORE: 4
MIN 32 OR BELOW: 0 0.50 INCH OR MORE: 1
MIN 0 OR BELOW: 0 1.00 INCH OR MORE: 1
[HDD (BASE 65) ]
TOTAL THIS MO. 271 CLEAR (SCALE 0-3) 21
DPTR FM NORMAL 37 PTCLDY (SCALE 4-7) 6
TOTAL FM JUL 1 310 CLOUDY (SCALE 8-10) 3
DPTR FM NORMAL -14
[CDD (BASE 65) ]
TOTAL THIS MO. 0
DPTR FM NORMAL -5 [PRESSURE DATA]
TOTAL FM JAN 1 872 HIGHEST SLP 30.28 ON 4
DPTR FM NORMAL 363 LOWEST SLP 29.83 ON 8
[REMARKS]
#FINAL-11-22#