000
CXUS52 KMLB 010628
CF6ORL
PRELIMINARY LOCAL CLIMATOLOGICAL DATA (WS FORM: F-6)
STATION: ORLANDO EXEC
MONTH: JUNE
YEAR: 2023
LATITUDE: 28 32 N
LONGITUDE: 81 20 W
TEMPERATURE IN F: :PCPN: SNOW: WIND :SUNSHINE: SKY :PK WND
================================================================================
1 2 3 4 5 6A 6B 7 8 9 10 11 12 13 14 15 16 17 18
12Z AVG MX 2MIN
DY MAX MIN AVG DEP HDD CDD WTR SNW DPTH SPD SPD DIR MIN PSBL S-S WX SPD DR
================================================================================
1 87 72 80 -1 0 15 0.04 0.0 0 9.4 20 70 M M 4 3 25 80
2 89 73 81 0 0 16 0.00 0.0 0 9.1 18 60 M M 3 26 30
3 87 70 79 -2 0 14 1.67 0.0 0 5.6 18 30 M M 5 123 26 20
4 88 72 80 -1 0 15 0.00 0.0 0 9.7 21 30 M M 3 29 40
5 86 72 79 -2 0 14 0.01 0.0 0 9.5 20 50 M M 3 1 28 70
6 89 69 79 -2 0 14 0.00 0.0 0 6.2 17 110 M M 1 21 120
7 86 71 79 -3 0 14 0.01 0.0 0 6.0 20 320 M M 2 3 30 10
8 89 73 81 -1 0 16 0.08 0.0 0 8.0 15 200 M M 2 3 23 250
9 91 73 82 0 0 17 T 0.0 0 7.3 18 80 M M 2 38 24 80
10 92 73 83 1 0 18 0.57 0.0 0 3.9 24 280 M M 2 138 33 270
11 91 73 82 0 0 17 0.00 0.0 0 4.9 15 140 M M 2 3 19 150
12 93 75 84 2 0 19 0.00 0.0 0 8.4 18 230 M M 2 23 230
13 95 76 86 4 0 21 0.00 0.0 0 9.6 17 280 M M 1 24 290
14 96 77 87 5 0 22 0.00 0.0 0 9.5 20 230 M M 2 3 29 260
15 96 70 83 1 0 18 0.02 0.0 0 10.0 33 360 M M 2 3 52 20
16 93 73 83 1 0 18 T 0.0 0 12.1 28 280 M M 1 3 41 280
17 89 71 80 -2 0 15 1.34 0.0 0 8.7 21 270 M M 4 138 31 320
18 92 71 82 0 0 17 T 0.0 0 8.7 22 290 M M 2 3 32 280
19 95 72 84 2 0 19 0.83 0.0 0 8.4 25 310 M M 1 3 40 310
20 89 71 80 -2 0 15 0.10 0.0 0 8.7 24 240 M M 3 38 39 250
21 87 70 79 -3 0 14 0.61 0.0 0 9.7 30 270 M M 3 13 40 270
22 90 70 80 -2 0 15 0.65 0.0 0 6.9 39 190 M M 3 123 58 190
23 90 72 81 -1 0 16 0.48 0.0 0 5.6 21 170 M M 2 13 28 160
24 92 74 83 0 0 18 0.66 0.0 0 6.7 29 170 M M 3 138 37 180
25 93 75 84 1 0 19 0.00 0.0 0 5.7 15 150 M M 2 20 140
26 94 74 84 1 0 19 0.00 0.0 0 5.7 14 270 M M 1 17 250
27 95 77 86 3 0 21 0.00 0.0 0 9.5 15 250 M M 2 26 230
28 93 77 85 2 0 20 0.71 0.0 0 9.3 25 280 M M 3 138 41 10
29 94 76 85 2 0 20 0.00 0.0 0 5.9 18 70 M M 2 24 70
30 92 75 84 1 0 19 0.00 0.0 0 7.2 17 60 M M 1 24 70
================================================================================
SM 2733 2187 0 515 7.78 0.0 235.9 M 69
================================================================================
AV 91.1 72.9 7.9 FASTST M M 2 MAX(MPH)
MISC ----> 39 190 58 190
================================================================================
NOTES:
# LAST OF SEVERAL OCCURRENCES
COLUMN 17 PEAK WIND IN M.P.H.
PRELIMINARY LOCAL CLIMATOLOGICAL DATA (WS FORM: F-6) , PAGE 2
STATION: ORLANDO EXEC
MONTH: JUNE
YEAR: 2023
LATITUDE: 28 32 N
LONGITUDE: 81 20 W
[TEMPERATURE DATA] [PRECIPITATION DATA] SYMBOLS USED IN COLUMN 16
AVERAGE MONTHLY: 82.0 TOTAL FOR MONTH: 7.78 1 = FOG OR MIST
DPTR FM NORMAL: -0.1 DPTR FM NORMAL: -0.39 2 = FOG REDUCING VISIBILITY
HIGHEST: 96 ON 15,14 GRTST 24HR 1.67 ON 3- 3 TO 1/4 MILE OR LESS
LOWEST: 69 ON 6 3 = THUNDER
SNOW, ICE PELLETS, HAIL 4 = ICE PELLETS
TOTAL MONTH: 0.0 INCH 5 = HAIL
GRTST 24HR 0.0 6 = FREEZING RAIN OR DRIZZLE
GRTST DEPTH: 0 7 = DUSTSTORM OR SANDSTORM:
VSBY 1/2 MILE OR LESS
8 = SMOKE OR HAZE
[NO. OF DAYS WITH] [WEATHER - DAYS WITH] 9 = BLOWING SNOW
X = TORNADO
MAX 32 OR BELOW: 0 0.01 INCH OR MORE: 15
MAX 90 OR ABOVE: 19 0.10 INCH OR MORE: 10
MIN 32 OR BELOW: 0 0.50 INCH OR MORE: 8
MIN 0 OR BELOW: 0 1.00 INCH OR MORE: 2
[HDD (BASE 65) ]
TOTAL THIS MO. 0 CLEAR (SCALE 0-3) 23
DPTR FM NORMAL 0 PTCLDY (SCALE 4-7) 7
TOTAL FM JUL 1 272 CLOUDY (SCALE 8-10) 0
DPTR FM NORMAL -197
[CDD (BASE 65) ]
TOTAL THIS MO. 515
DPTR FM NORMAL 4 [PRESSURE DATA]
TOTAL FM JAN 1 1872 HIGHEST SLP M ON M
DPTR FM NORMAL 420 LOWEST SLP 29.68 ON 3
[REMARKS]
#FINAL-06-23#