163
CXUS56 KPDT 011910
CF6PDT
PRELIMINARY LOCAL CLIMATOLOGICAL DATA (WS FORM: F-6)
STATION: PENDLETON OR
MONTH: FEBRUARY
YEAR: 2021
LATITUDE: 45 40 N
LONGITUDE: 118 51 W
TEMPERATURE IN F: :PCPN: SNOW: WIND :SUNSHINE: SKY :PK WND
================================================================================
1 2 3 4 5 6A 6B 7 8 9 10 11 12 13 14 15 16 17 18
12Z AVG MX 2MIN
DY MAX MIN AVG DEP HDD CDD WTR SNW DPTH SPD SPD DIR MIN PSBL S-S WX SPD DR
================================================================================
1 62 49 56 19 9 0 0.02 0.0 0 13.8 25 120 M M 6 34 160
2 51 30 41 4 24 0 0.05 0.0 0 9.9 29 220 M M 7 38 210
3 46 31 39 2 26 0 0.01 0.0 0 7.3 17 170 M M 7 25 180
4 47 33 40 3 25 0 0.00 0.0 0 14.8 35 250 M M 6 46 250
5 54 43 49 12 16 0 T 0.0 0 27.5 39 250 M M 2 52 260
6 54 40 47 10 18 0 0.00 0.0 0 25.8 46 260 M M 4 61 250
7 48 37 43 5 22 0 0.00 0.0 0 24.6 33 250 M M 4 45 250
8 42 32 37 -1 28 0 0.00 0.0 0 13.0 25 260 M M 10 32 260
9 35 18 27 -11 38 0 0.00 0.0 0 7.0 14 20 M M 8 17 10
10 36 17 27 -11 38 0 0.00 0.0 0 4.3 13 20 M M 4 15 30
11 26 18 22 -16 43 0 0.33 2.7 0 8.9 16 280 M M 9 1 22 280
12 18 13 16 -22 49 0 0.39 4.3 4 4.7 13 330 M M 10 1 16 330
13 20 6 13 -25 52 0 0.44 4.1 9 3.5 12 270 M M 9 12 15 240
14 21 10 16 -22 49 0 0.30 4.5 10 2.6 8 300 M M 10 1 9 310
15 29 18 24 -14 41 0 0.33 4.0 15 5.0 14 170 M M 9 126 15 170
16 39 23 31 -7 34 0 T 0.1 15 16.9 30 260 M M 9 1 37 270
17 39 25 32 -7 33 0 T 0.0 11 12.1 31 260 M M 6 37 260
18 35 20 28 -11 37 0 0.11 1.1 9 6.6 15 300 M M 6 126 17 320
19 40 26 33 -6 32 0 0.03 T 10 6.1 13 180 M M 8 1 14 180
20 40 30 35 -4 30 0 0.00 0.0 8 12.9 28 260 M M 5 36 250
21 47 34 41 2 24 0 T 0.0 7 11.3 20 200 M M 7 24 240
22 54 38 46 6 19 0 0.07 0.0 4 15.1 38 260 M M 7 1 48 260
23 47 35 41 1 24 0 T 0.0 0 24.6 33 260 M M 4 42 250
24 45 29 37 -3 28 0 T T 0 8.2 25 260 M M 3 34 260
25 50 30 40 0 25 0 T 0.0 0 25.0 43 260 M M 4 56 250
26 45 37 41 1 24 0 0.03 T 0 26.8 43 260 M M 7 5 55 250
27 46 33 40 -1 25 0 T T 0 13.3 31 260 M M 5 1 40 270
28 56 32 44 3 21 0 0.00 0.0 0 8.7 21 260 M M 5 25 260
================================================================================
SM 1172 787 834 0 2.11 20.8 360.3 M 181
================================================================================
AV 41.9 28.1 12.9 FASTST M M 6 MAX(MPH)
MISC ----> 46 260 61 250
================================================================================
NOTES:
# LAST OF SEVERAL OCCURRENCES
COLUMN 17 PEAK WIND IN M.P.H.
PRELIMINARY LOCAL CLIMATOLOGICAL DATA (WS FORM: F-6) , PAGE 2
STATION: PENDLETON OR
MONTH: FEBRUARY
YEAR: 2021
LATITUDE: 45 40 N
LONGITUDE: 118 51 W
[TEMPERATURE DATA] [PRECIPITATION DATA] SYMBOLS USED IN COLUMN 16
AVERAGE MONTHLY: 35.0 TOTAL FOR MONTH: 2.11 1 = FOG OR MIST
DPTR FM NORMAL: -3.5 DPTR FM NORMAL: 1.00 2 = FOG REDUCING VISIBILITY
HIGHEST: 62 ON 1 GRTST 24HR 0.67 ON 12-13 TO 1/4 MILE OR LESS
LOWEST: 6 ON 13 3 = THUNDER
SNOW, ICE PELLETS, HAIL 4 = ICE PELLETS
TOTAL MONTH: 20.8 INCHES 5 = HAIL
GRTST 24HR 4.5 ON 14-14 6 = FREEZING RAIN OR DRIZZLE
GRTST DEPTH: 15 ON 16,15 7 = DUSTSTORM OR SANDSTORM:
VSBY 1/2 MILE OR LESS
8 = SMOKE OR HAZE
[NO. OF DAYS WITH] [WEATHER - DAYS WITH] 9 = BLOWING SNOW
X = TORNADO
MAX 32 OR BELOW: 5 0.01 INCH OR MORE: 12
MAX 90 OR ABOVE: 0 0.10 INCH OR MORE: 6
MIN 32 OR BELOW: 18 0.50 INCH OR MORE: 0
MIN 0 OR BELOW: 0 1.00 INCH OR MORE: 0
[HDD (BASE 65) ]
TOTAL THIS MO. 834 CLEAR (SCALE 0-3) 2
DPTR FM NORMAL 68 PTCLDY (SCALE 4-7) 19
TOTAL FM JUL 1 3575 CLOUDY (SCALE 8-10) 7
DPTR FM NORMAL -318
[CDD (BASE 65) ]
TOTAL THIS MO. 0
DPTR FM NORMAL 0 [PRESSURE DATA]
TOTAL FM JAN 1 0 HIGHEST SLP 30.56 ON 24
DPTR FM NORMAL 0 LOWEST SLP 29.66 ON 1
[REMARKS]
#FINAL-02-21#