000
CXUS55 KPUB 281210
CF6TAD
PRELIMINARY LOCAL CLIMATOLOGICAL DATA (WS FORM: F-6)
STATION: TRINIDAD CO
MONTH: APRIL
YEAR: 2024
LATITUDE: 37 16 N
LONGITUDE: 104 20 W
TEMPERATURE IN F: :PCPN: SNOW: WIND :SUNSHINE: SKY :PK WND
================================================================================
1 2 3 4 5 6A 6B 7 8 9 10 11 12 13 14 15 16 17 18
12Z AVG MX 2MIN
DY MAX MIN AVG DEP HDD CDD WTR SNW DPTH SPD SPD DIR MIN PSBL S-S WX SPD DR
================================================================================
1 54 31 43 -5 22 0 0.16 M M 11.7 26 40 M M 6 1 33 30
2 57 34 46 -2 19 0 0.00 M M 10.3 26 340 M M 4 37 350
3 69 31 50 2 15 0 0.00 M M 11.3 23 360 M M 1 30 10
4 77 32 55 7 10 0 0.00 M M 9.9 26 170 M M 0 32 170
5 76 40 58 10 7 0 0.00 M M 20.3 40 190 M M 0 54 200
6 56 36 46 -2 19 0 0.00 M M 26.8 52 260 M M 2 67 270
7 64 29 47 -1 18 0 0.00 M M 11.6 24 320 M M 0 40 330
8 59 24 42 -7 23 0 0.00 M M 7.8 18 170 M M 1 25 170
9 60 28 44 -5 21 0 0.00 M M 7.3 15 250 M M 1 21 150
10 62 33 48 -1 17 0 0.00 M M 8.3 18 20 M M 4 27 30
11 68 27 48 -1 17 0 0.00 M M 9.4 18 10 M M 0 24 20
12 79 33 56 7 9 0 0.00 M M 12.4 30 210 M M 0 44 200
13 80 46 63 13 2 0 0.00 M M 9.9 23 250 M M 0 32 230
14 81 37 59 9 6 0 0.00 M M 9.2 20 180 M M 0 27 110
15 75 44 60 10 5 0 0.00 M M 20.2 36 260 M M 0 49 230
16 75 42 59 9 6 0 0.00 M M 16.2 33 300 M M 2 48 290
17 81 36 59 9 6 0 0.00 M M 11.2 30 260 M M 0 38 10
18 47 32 40 -11 25 0 T M M 7.7 16 50 M M 9 1 20 30
19 67 32 50 -1 15 0 0.00 M M 12.0 28 20 M M 5 37 20
20 59 32 46 -5 19 0 0.16 M M 8.8 28 250 M M 9 1 33 260
21 61 33 47 -4 18 0 0.00 M M 6.7 20 250 M M 5 25 250
22 81 40 61 9 4 0 0.00 M M 12.0 24 260 M M 0 33 270
23 70 41 56 4 9 0 0.00 M M 11.7 23 150 M M 1 31 140
24 79 43 61 9 4 0 0.00 M M 12.7 32 180 M M 0 43 180
25 79 45 62 10 3 0 0.00 M M 14.3 39 250 M M 1 49 240
26 74 38 56 3 9 0 0.00 M M 9.1 23 350 M M 4 37 360
27 54 36 45 -8 20 0 0.37 M M 8.2 17 300 M M 8 13 24 290
================================================================================
SM 1844 955 348 0 0.69 M 317.0 M 63
================================================================================
AV 68.3 35.4 11.7 FASTST M M 2 MAX(MPH)
MISC ----> 52 260 67 270
================================================================================
NOTES:
# LAST OF SEVERAL OCCURRENCES
COLUMN 17 PEAK WIND IN M.P.H.
PRELIMINARY LOCAL CLIMATOLOGICAL DATA (WS FORM: F-6) , PAGE 2
STATION: TRINIDAD CO
MONTH: APRIL
YEAR: 2024
LATITUDE: 37 16 N
LONGITUDE: 104 20 W
[TEMPERATURE DATA] [PRECIPITATION DATA] SYMBOLS USED IN COLUMN 16
AVERAGE MONTHLY: 51.8 TOTAL FOR MONTH: 0.69 1 = FOG OR MIST
DPTR FM NORMAL: 1.9 DPTR FM NORMAL: -0.45 2 = FOG REDUCING VISIBILITY
HIGHEST: 81 ON 22,17 GRTST 24HR 0.37 ON 27-27 TO 1/4 MILE OR LESS
LOWEST: 24 ON 8 3 = THUNDER
SNOW, ICE PELLETS, HAIL 4 = ICE PELLETS
TOTAL MONTH: M 5 = HAIL
GRTST 24HR M ON M 6 = FREEZING RAIN OR DRIZZLE
GRTST DEPTH: M ON M 7 = DUSTSTORM OR SANDSTORM:
VSBY 1/2 MILE OR LESS
8 = SMOKE OR HAZE
[NO. OF DAYS WITH] [WEATHER - DAYS WITH] 9 = BLOWING SNOW
X = TORNADO
MAX 32 OR BELOW: 0 0.01 INCH OR MORE: 3
MAX 90 OR ABOVE: 0 0.10 INCH OR MORE: 3
MIN 32 OR BELOW: 10 0.50 INCH OR MORE: 0
MIN 0 OR BELOW: 0 1.00 INCH OR MORE: 0
[HDD (BASE 65) ]
TOTAL THIS MO. 348 CLEAR (SCALE 0-3) 18
DPTR FM NORMAL -58 PTCLDY (SCALE 4-7) 7
TOTAL FM JUL 1 4758 CLOUDY (SCALE 8-10) 2
DPTR FM NORMAL -254
[CDD (BASE 65) ]
TOTAL THIS MO. 0
DPTR FM NORMAL 0 [PRESSURE DATA]
TOTAL FM JAN 1 0 HIGHEST SLP M ON M
DPTR FM NORMAL 0 LOWEST SLP 29.27 ON 6
[REMARKS]