768
CDUS44 KFWD 112129
CLIACT

CLIMATE REPORT
NATIONAL WEATHER SERVICE
429 PM CDT SUN APR 11 2021

...................................

...THE WACO CLIMATE SUMMARY FOR APRIL 11 2021...
VALID AS OF 0400 PM LOCAL TIME.

CLIMATE NORMAL PERIOD 1981 TO 2010
CLIMATE RECORD PERIOD 1901 TO 2021


WEATHER ITEM   OBSERVED TIME   RECORD YEAR NORMAL DEPARTURE LAST
                VALUE   (LST)  VALUE       VALUE  FROM      YEAR
                                                  NORMAL
...................................................................
TEMPERATURE (F)
 TODAY
  MAXIMUM         85    259 PM 100    1907  77      8       73
  MINIMUM         41    218 AM  30    1989  53    -12       55
  AVERAGE         63

PRECIPITATION (IN)
  TODAY            0.00          3.42 1967   0.09  -0.09     0.04
  MONTH TO DATE    0.04                      0.83  -0.79     1.18
  SINCE MAR 1      1.09                      3.98  -2.89     8.21
  SINCE JAN 1      2.80                      8.73  -5.93    17.33

SNOWFALL (IN)
  TODAY            0.0           0.0    MM   0.0    0.0      0.0
  MONTH TO DATE    0.0                       0.1   -0.1      0.0
  SINCE MAR 1      0.0                       0.2   -0.2      0.0
  SINCE JUL 1      9.0                       1.0    8.0      0.1
  SNOW DEPTH       0

...................................................................


WIND (MPH)
  HIGHEST WIND SPEED    17   HIGHEST WIND DIRECTION     S (180)
  HIGHEST GUST SPEED    23   HIGHEST GUST DIRECTION     S (180)
  AVERAGE WIND SPEED     7.1

..........................................................


THE WACO CLIMATE NORMALS FOR TOMORROW
                         NORMAL    RECORD    YEAR
 MAXIMUM TEMPERATURE (F)   77        94      1936
                                             1966
 MINIMUM TEMPERATURE (F)   54        32      1940


SUNRISE AND SUNSET
APRIL 11 2021.........SUNRISE   705 AM CDT   SUNSET   755 PM CDT
APRIL 12 2021.........SUNRISE   704 AM CDT   SUNSET   756 PM CDT


-  INDICATES NEGATIVE NUMBERS.
R  INDICATES RECORD WAS SET OR TIED.
MM INDICATES DATA IS MISSING.
T  INDICATES TRACE AMOUNT.




$$
