000
CDUS44 KFWD 080641
CLIACT


CLIMATE REPORT
NATIONAL WEATHER SERVICE FORT WORTH TX
141 AM CDT WED APR 8 2020


...................................

...THE WACO CLIMATE SUMMARY FOR APRIL 7 2020...

CLIMATE NORMAL PERIOD 1981 TO 2010
CLIMATE RECORD PERIOD 1901 TO 2020


WEATHER ITEM   OBSERVED TIME   RECORD YEAR NORMAL DEPARTURE LAST
                VALUE   (LST)  VALUE       VALUE  FROM      YEAR
                                                  NORMAL
..................................................................
TEMPERATURE (F)
 YESTERDAY
  MAXIMUM         89    408 PM  94    1972  76     13       67
  MINIMUM         69    632 AM  26    2009  52     17       60
  AVERAGE         79                        64     15       64

PRECIPITATION (IN)
  YESTERDAY        0.00          2.24 1975   0.08  -0.08     1.00
  MONTH TO DATE    0.97                      0.51   0.46     2.32
  SINCE MAR 1      8.00                      3.66   4.34     3.71
  SINCE JAN 1     17.12                      8.41   8.71     9.29

SNOWFALL (IN)
  YESTERDAY        0.0           3.4  2007   0.0    0.0      0.0
  MONTH TO DATE    0.0                       0.0    0.0      0.0
  SINCE MAR 1      0.0                       0.1   -0.1      0.0
  SINCE JUL 1      0.1                       0.9   -0.8      0.1
  SNOW DEPTH       0

DEGREE DAYS
 HEATING
  YESTERDAY        0                         4     -4        1
  MONTH TO DATE   39                        30      9       39
  SINCE MAR 1    145                       276   -131      360
  SINCE JUL 1   1912                      2088   -176     2222

 COOLING
  YESTERDAY       14                         3     11        0
  MONTH TO DATE   15                        16     -1       10
  SINCE MAR 1    102                        50     52       25
  SINCE JAN 1    112                        59     53       40
..................................................................


WIND (MPH)
  HIGHEST WIND SPEED    14   HIGHEST WIND DIRECTION     S (160)
  HIGHEST GUST SPEED    20   HIGHEST GUST DIRECTION     S (170)
  AVERAGE WIND SPEED     9.4


SKY COVER
  POSSIBLE SUNSHINE  MM
  AVERAGE SKY COVER 0.3


WEATHER CONDITIONS
 THE FOLLOWING WEATHER WAS RECORDED YESTERDAY.
  FOG
  HAZE


RELATIVE HUMIDITY (PERCENT)
 HIGHEST    97           500 AM
 LOWEST     59           300 PM
 AVERAGE    78

..........................................................


THE WACO CLIMATE NORMALS FOR TODAY
                         NORMAL    RECORD    YEAR
 MAXIMUM TEMPERATURE (F)   76        95      1948
 MINIMUM TEMPERATURE (F)   52        33      1938


SUNRISE AND SUNSET
APRIL  8 2020.........SUNRISE   708 AM CDT   SUNSET   753 PM CDT
APRIL  9 2020.........SUNRISE   707 AM CDT   SUNSET   754 PM CDT


-  INDICATES NEGATIVE NUMBERS.
R  INDICATES RECORD WAS SET OR TIED.
MM INDICATES DATA IS MISSING.
T  INDICATES TRACE AMOUNT.




$$
