000
CDUS44 KFWD 172125
CLIACT


CLIMATE REPORT
NATIONAL WEATHER SERVICE FORT WORTH TX
425 PM CDT SUN JUN 17 2018


...................................

...THE WACO CLIMATE SUMMARY FOR JUNE 17 2018...
VALID AS OF 0400 PM LOCAL TIME.

CLIMATE NORMAL PERIOD 1981 TO 2010
CLIMATE RECORD PERIOD 1901 TO 2018


WEATHER ITEM   OBSERVED TIME   RECORD YEAR NORMAL DEPARTURE LAST
                VALUE   (LST)  VALUE       VALUE  FROM      YEAR
                                                  NORMAL
..................................................................
TEMPERATURE (F)
 TODAY
  MAXIMUM         97    204 PM 104    2011  92      5       96
  MINIMUM         75    610 AM  58    1917  71      4       77
  AVERAGE         86

PRECIPITATION (IN)
  TODAY            0.02          6.40 1938   0.11  -0.09     0.00
  MONTH TO DATE    0.02                      2.26  -2.24     1.09
  SINCE JUN 1      0.02                      2.26  -2.24     1.09
  SINCE JAN 1      8.39                     17.15  -8.76    20.40

..................................................................


WIND (MPH)
  HIGHEST WIND SPEED    18   HIGHEST WIND DIRECTION    SE (120)
  HIGHEST GUST SPEED    22   HIGHEST GUST DIRECTION    SE (120)
  AVERAGE WIND SPEED     8.9




..........................................................


THE WACO CLIMATE NORMALS FOR TOMORROW
                         NORMAL    RECORD    YEAR
 MAXIMUM TEMPERATURE (F)   92       106      2011
 MINIMUM TEMPERATURE (F)   71        62      1941


SUNRISE AND SUNSET
JUNE 17 2018..........SUNRISE   624 AM CDT   SUNSET   836 PM CDT
JUNE 18 2018..........SUNRISE   624 AM CDT   SUNSET   836 PM CDT


-  INDICATES NEGATIVE NUMBERS.
R  INDICATES RECORD WAS SET OR TIED.
MM INDICATES DATA IS MISSING.
T  INDICATES TRACE AMOUNT.




$$
