000
CDUS44 KFWD 192141
CLIDFW


CLIMATE REPORT
NATIONAL WEATHER SERVICE FORT WORTH TX
441 PM CDT SAT SEP 19 2020

...THE DALLAS FORT WORTH CLIMATE SUMMARY FOR SEPTEMBER 19 2020...
VALID AS OF 0400 PM LOCAL TIME.

CLIMATE NORMAL PERIOD 1981 TO 2010
CLIMATE RECORD PERIOD 1898 TO 2020


WEATHER ITEM   OBSERVED TIME   RECORD YEAR NORMAL DEPARTURE LAST
                VALUE   (LST)  VALUE       VALUE  FROM      YEAR
                                                  NORMAL
..................................................................
TEMPERATURE (F)
 TODAY
  MAXIMUM         80    259 PM 102    1956  87     -7       82
  MINIMUM         63    650 AM  45    1981  66     -3       74
  AVERAGE         72

PRECIPITATION (IN)
  TODAY            0.00          3.66 1958   0.07  -0.07      T
  MONTH TO DATE    3.73                      1.70   2.03      T
  SINCE SEP 1      3.73                      1.70   2.03      T
  SINCE JAN 1     37.74                     25.81  11.93    27.13

..................................................................


WIND (MPH)
  HIGHEST WIND SPEED    13   HIGHEST WIND DIRECTION    NE (40)
  HIGHEST GUST SPEED    18   HIGHEST GUST DIRECTION    NE (30)
  AVERAGE WIND SPEED     7.6




..........................................................


THE DALLAS FORT WORTH CLIMATE NORMALS FOR TOMORROW
                         NORMAL    RECORD    YEAR
 MAXIMUM TEMPERATURE (F)   87       102      1953
 MINIMUM TEMPERATURE (F)   66        46      1971


SUNRISE AND SUNSET
SEPTEMBER 19 2020.....SUNRISE   715 AM CDT   SUNSET   728 PM CDT
SEPTEMBER 20 2020.....SUNRISE   715 AM CDT   SUNSET   727 PM CDT


-  INDICATES NEGATIVE NUMBERS.
R  INDICATES RECORD WAS SET OR TIED.
MM INDICATES DATA IS MISSING.
T  INDICATES TRACE AMOUNT.




$$
