000
CDUS44 KFWD 220646
CLIDFW


CLIMATE REPORT
NATIONAL WEATHER SERVICE FORT WORTH TX
1244 AM CST FRI FEB 22 2019


...................................

...THE DALLAS FORT WORTH CLIMATE SUMMARY FOR FEBRUARY 21 2019...

CLIMATE NORMAL PERIOD 1981 TO 2010
CLIMATE RECORD PERIOD 1898 TO 2019


WEATHER ITEM   OBSERVED TIME   RECORD YEAR NORMAL DEPARTURE LAST
                VALUE   (LST)  VALUE       VALUE  FROM      YEAR
                                                  NORMAL
..................................................................
TEMPERATURE (F)
 YESTERDAY
  MAXIMUM         52    342 PM  95    1996  62    -10       39
  MINIMUM         39    401 AM  18    1939  41     -2       34
  AVERAGE         46                        51     -5       37

PRECIPITATION (IN)
  YESTERDAY        0.01          2.29 1928   0.09  -0.08     1.86
  MONTH TO DATE    1.19                      1.93  -0.74     4.53
  SINCE DEC 1      7.32                      6.61   0.71     9.94
  SINCE JAN 1      2.77                      4.06  -1.29     5.38

SNOWFALL (IN)
  YESTERDAY        0.0           3.1  1938   0.1   -0.1      0.0
  MONTH TO DATE    0.0                       0.8   -0.8       T
  SINCE DEC 1      T                         1.3   -1.3       T
  SINCE JUL 1      T                         1.3   -1.3       T
  SNOW DEPTH       0

DEGREE DAYS
 HEATING
  YESTERDAY       19                        14      5       28
  MONTH TO DATE  310                       337    -27      320
  SINCE DEC 1   1405                      1488    -83     1384
  SINCE JUL 1   1877                      1842     35     1587

 COOLING
  YESTERDAY        0                         0      0        0
  MONTH TO DATE   17                         0     17       17
  SINCE DEC 1     17                         6     11       32
  SINCE JAN 1     17                         2     15       20
..................................................................


WIND (MPH)
  HIGHEST WIND SPEED    18   HIGHEST WIND DIRECTION     E (110)
  HIGHEST GUST SPEED    24   HIGHEST GUST DIRECTION     E (110)
  AVERAGE WIND SPEED     8.3


SKY COVER
  POSSIBLE SUNSHINE  MM
  AVERAGE SKY COVER 0.9


WEATHER CONDITIONS
 THE FOLLOWING WEATHER WAS RECORDED YESTERDAY.
  THUNDERSTORM
  LIGHT RAIN
  FOG


RELATIVE HUMIDITY (PERCENT)
 HIGHEST    85           300 AM
 LOWEST     59           100 PM
 AVERAGE    72

..........................................................


THE DALLAS FORT WORTH CLIMATE NORMALS FOR TODAY
                         NORMAL    RECORD    YEAR
 MAXIMUM TEMPERATURE (F)   62        93      1996
 MINIMUM TEMPERATURE (F)   41        19      1963


SUNRISE AND SUNSET
FEBRUARY 22 2019......SUNRISE   704 AM CST   SUNSET   619 PM CST
FEBRUARY 23 2019......SUNRISE   703 AM CST   SUNSET   620 PM CST


-  INDICATES NEGATIVE NUMBERS.
R  INDICATES RECORD WAS SET OR TIED.
MM INDICATES DATA IS MISSING.
T  INDICATES TRACE AMOUNT.




$$
