246
CXUS51 KCAR 010600
CF6FVE
PRELIMINARY LOCAL CLIMATOLOGICAL DATA (WS FORM: F-6)
STATION: FRENCHVILLE ME
MONTH: AUGUST
YEAR: 2020
LATITUDE: 47 16 N
LONGITUDE: 68 19 W
TEMPERATURE IN F: :PCPN: SNOW: WIND :SUNSHINE: SKY :PK WND
================================================================================
1 2 3 4 5 6A 6B 7 8 9 10 11 12 13 14 15 16 17 18
12Z AVG MX 2MIN
DY MAX MIN AVG DEP HDD CDD WTR SNW DPTH SPD SPD DIR MIN PSBL S-S WX SPD DR
================================================================================
1 81 56 69 5 0 4 0.00 M M 5.3 10 310 M M 4 12 16 300
2 87 58 73 9 0 8 0.11 M M 7.0 20 160 M M 2 1 29 170
3 82 64 73 9 0 8 0.47 M M 11.9 25 240 M M 8 1 34 240
4 77 60 69 5 0 4 0.01 M M 6.9 15 120 M M 4 19 120
5 81 63 72 8 0 7 0.24 M M 14.0 29 160 M M 6 1 43 110
6 71 56 64 0 1 0 T M M 12.4 26 260 M M 3 36 250
7 81 58 70 6 0 5 0.00 M M 8.2 16 280 M M 1 8 23 310
8 85 58 72 8 0 7 0.02 M M 4.7 23 300 M M 1 3 30 270
9 85 60 73 9 0 8 0.00 M M 6.9 18 270 M M 2 23 250
10 85 61 73 9 0 8 0.00 M M 4.6 14 140 M M 3 18 160
11 91 63 77 13 0 12 0.14 M M 8.6 31 260 M M 2 3 39 270
12 83 66 75 12 0 10 0.01 M M 8.4 17 300 M M 4 23 280
13 82 60 71 8 0 6 0.00 M M 9.3 20 330 M M 0 26 350
14 81 52 67 4 0 2 0.03 M M 7.7 21 50 M M 4 13 31 60
15 74 54 64 1 1 0 0.00 M M 6.1 13 50 M M 1 20 50
16 77 53 65 2 0 0 0.00 M M 6.1 14 130 M M 2 18 150
17 78 54 66 3 0 1 T M M 5.9 16 140 M M 6 20 150
18 66 55 61 -1 4 0 0.02 M M 4.3 13 150 M M 9 12 19 160
19 69 53 61 -1 4 0 0.05 M M 10.0 22 310 M M 6 12 36 320
20 69 50 60 -2 5 0 0.00 M M 11.7 28 330 M M 1 38 330
21 69 51 60 -2 5 0 0.15 M M 4.7 13 290 M M 5 1 16 310
22 74 45 60 -2 5 0 0.00 M M 5.0 14 270 M M 1 18 260
23 77 50 64 3 1 0 0.01 M M 7.5 18 290 M M 1 26 290
24 77 52 65 4 0 0 0.00 M M 5.2 12 210 M M 4 17 210
25 76 54 65 4 0 0 0.36 M M 9.7 26 340 M M 8 13 33 340
26 59 48 54 -7 11 0 T M M 18.6 37 310 M M 4 8 50 300
27 63 47 55 -5 10 0 T M M 17.2 32 290 M M 8 43 300
28 67 46 57 -3 8 0 0.00 M M 13.5 23 300 M M 2 8 31 290
29 58 43 51 -9 14 0 0.73 M M 6.6 16 90 M M 5 1 24 100
30 57 46 52 -8 13 0 0.38 M M 12.6 29 340 M M 10 12 39 330
31 66 43 55 -4 10 0 0.00 M M 7.5 20 330 M M 4 26 340
================================================================================
SM 2328 1679 92 90 2.73 M 268.1 M 121
================================================================================
AV 75.1 54.2 8.6 FASTST M M 4 MAX(MPH)
MISC ----> # 37 310 # 50 300
================================================================================
NOTES:
# LAST OF SEVERAL OCCURRENCES
COLUMN 17 PEAK WIND IN M.P.H.
PRELIMINARY LOCAL CLIMATOLOGICAL DATA (WS FORM: F-6) , PAGE 2
STATION: FRENCHVILLE ME
MONTH: AUGUST
YEAR: 2020
LATITUDE: 47 16 N
LONGITUDE: 68 19 W
[TEMPERATURE DATA] [PRECIPITATION DATA] SYMBOLS USED IN COLUMN 16
AVERAGE MONTHLY: 64.6 TOTAL FOR MONTH: 2.73 1 = FOG OR MIST
DPTR FM NORMAL: 2.2 DPTR FM NORMAL: -1.27 2 = FOG REDUCING VISIBILITY
HIGHEST: 91 ON 11 GRTST 24HR 0.73 ON 29-29 TO 1/4 MILE OR LESS
LOWEST: 43 ON 31,29 3 = THUNDER
SNOW, ICE PELLETS, HAIL 4 = ICE PELLETS
TOTAL MONTH: M 5 = HAIL
GRTST 24HR M ON M 6 = FREEZING RAIN OR DRIZZLE
GRTST DEPTH: M ON M 7 = DUSTSTORM OR SANDSTORM:
VSBY 1/2 MILE OR LESS
8 = SMOKE OR HAZE
[NO. OF DAYS WITH] [WEATHER - DAYS WITH] 9 = BLOWING SNOW
X = TORNADO
MAX 32 OR BELOW: 0 0.01 INCH OR MORE: 15
MAX 90 OR ABOVE: 1 0.10 INCH OR MORE: 8
MIN 32 OR BELOW: 0 0.50 INCH OR MORE: 1
MIN 0 OR BELOW: 0 1.00 INCH OR MORE: 0
[HDD (BASE 65) ]
TOTAL THIS MO. 92 CLEAR (SCALE 0-3) 13
DPTR FM NORMAL -30 PTCLDY (SCALE 4-7) 15
TOTAL FM JUL 1 112 CLOUDY (SCALE 8-10) 3
DPTR FM NORMAL -80
[CDD (BASE 65) ]
TOTAL THIS MO. 90
DPTR FM NORMAL 48 [PRESSURE DATA]
TOTAL FM JAN 1 365 HIGHEST SLP 30.23 ON 15
DPTR FM NORMAL 241 LOWEST SLP 29.28 ON 30
[REMARKS]
#FINAL-08-20#