000
CXUS51 KCAR 010700
CF6FVE
PRELIMINARY LOCAL CLIMATOLOGICAL DATA (WS FORM: F-6)
STATION: FRENCHVILLE ME
MONTH: AUGUST
YEAR: 2023
LATITUDE: 47 16 N
LONGITUDE: 68 19 W
TEMPERATURE IN F: :PCPN: SNOW: WIND :SUNSHINE: SKY :PK WND
================================================================================
1 2 3 4 5 6A 6B 7 8 9 10 11 12 13 14 15 16 17 18
12Z AVG MX 2MIN
DY MAX MIN AVG DEP HDD CDD WTR SNW DPTH SPD SPD DIR MIN PSBL S-S WX SPD DR
================================================================================
1 67 49 58 -8 7 0 0.00 M M 8.6 16 280 M M 3 22 270
2 73 48 61 -5 4 0 0.00 M M 8.2 17 280 M M 1 8 24 280
3 71 51 61 -5 4 0 0.04 M M 9.4 17 170 M M 4 31 170
4 63 60 62 -4 3 0 0.22 M M 12.3 18 150 M M 10 1 29 170
5 74 57 66 0 0 1 0.42 M M 4.6 17 240 M M 7 123 25 230
6 73 55 64 -2 1 0 T M M 7.9 18 310 M M 7 12 25 300
7 72 54 63 -3 2 0 0.00 M M 6.2 14 120 M M 7 12 21 120
8 63 56 60 -6 5 0 1.46 M M 12.5 21 130 M M 10 1 31 130
9 65 60 63 -3 2 0 0.60 M M 9.1 22 320 M M 10 1 29 320
10 74 59 67 1 0 2 0.30 M M 8.6 18 330 M M 5 13 26 330
11 62 56 59 -7 6 0 0.99 M M 7.1 14 310 M M 9 13 21 90
12 69 53 61 -4 4 0 0.00 M M 5.7 15 320 M M 8 23 320
13 64 59 62 -3 3 0 0.01 M M 5.0 14 130 M M 8 1 19 70
14 75 56 66 1 0 1 0.04 M M 6.4 16 330 M M 6 12 23 330
15 75 56 66 1 0 1 0.00 M M 3.4 9 340 M M 6 1 12 170
16 72 59 66 1 0 1 T M M 8.1 15 150 M M 9 12 19 130
17 72 63 68 3 0 3 0.00 M M 9.8 17 150 M M 10 23 140
18 70 63 67 3 0 2 0.69 M M 10.5 20 130 M M 10 1 29 110
19 74 59 67 3 0 2 0.06 M M 6.3 15 180 M M 7 18 24 170
20 76 57 67 3 0 2 T M M 5.8 13 280 M M 7 1 20 230
21 67 55 61 -3 4 0 0.01 M M 12.4 24 310 M M 4 35 300
22 64 48 56 -8 9 0 0.00 M M 9.7 22 320 M M 2 30 320
23 71 46 59 -5 6 0 0.00 M M 8.3 23 320 M M 1 32 320
24 75 47 61 -2 4 0 0.00 M M 3.7 10 240 M M 0 1 13 250
25 64 55 60 -3 5 0 0.32 M M 12.1 24 170 M M 8 1 35 180
26 69 53 61 -2 4 0 0.09 M M 7.2 18 330 M M 6 12 26 320
27 70 49 60 -3 5 0 0.00 M M 7.5 16 290 M M 6 24 290
28 75 47 61 -1 4 0 0.00 M M 5.4 15 200 M M 0 20 190
29 74 56 65 3 0 0 0.16 M M 8.2 16 180 M M 7 12 24 180
30 65 53 59 -3 6 0 1.57 M M 7.3 20 320 M M 10 1 28 350
31 63 49 56 -6 9 0 0.00 M M 13.5 24 330 M M 5 1 36 330
================================================================================
SM 2161 1688 97 15 6.98 M 250.8 M 193
================================================================================
AV 69.7 54.5 8.1 FASTST M M 6 MAX(MPH)
MISC ----> # 24 310 36 330
================================================================================
NOTES:
# LAST OF SEVERAL OCCURRENCES
COLUMN 17 PEAK WIND IN M.P.H.
PRELIMINARY LOCAL CLIMATOLOGICAL DATA (WS FORM: F-6) , PAGE 2
STATION: FRENCHVILLE ME
MONTH: AUGUST
YEAR: 2023
LATITUDE: 47 16 N
LONGITUDE: 68 19 W
[TEMPERATURE DATA] [PRECIPITATION DATA] SYMBOLS USED IN COLUMN 16
AVERAGE MONTHLY: 62.1 TOTAL FOR MONTH: 6.98 1 = FOG OR MIST
DPTR FM NORMAL: -2.5 DPTR FM NORMAL: 3.21 2 = FOG REDUCING VISIBILITY
HIGHEST: 76 ON 20 GRTST 24HR 1.85 ON 8- 9 TO 1/4 MILE OR LESS
LOWEST: 46 ON 23 3 = THUNDER
SNOW, ICE PELLETS, HAIL 4 = ICE PELLETS
TOTAL MONTH: M 5 = HAIL
GRTST 24HR M ON M 6 = FREEZING RAIN OR DRIZZLE
GRTST DEPTH: M ON M 7 = DUSTSTORM OR SANDSTORM:
VSBY 1/2 MILE OR LESS
8 = SMOKE OR HAZE
[NO. OF DAYS WITH] [WEATHER - DAYS WITH] 9 = BLOWING SNOW
X = TORNADO
MAX 32 OR BELOW: 0 0.01 INCH OR MORE: 16
MAX 90 OR ABOVE: 0 0.10 INCH OR MORE: 10
MIN 32 OR BELOW: 0 0.50 INCH OR MORE: 5
MIN 0 OR BELOW: 0 1.00 INCH OR MORE: 2
[HDD (BASE 65) ]
TOTAL THIS MO. 97 CLEAR (SCALE 0-3) 6
DPTR FM NORMAL 18 PTCLDY (SCALE 4-7) 17
TOTAL FM JUL 1 109 CLOUDY (SCALE 8-10) 8
DPTR FM NORMAL -20
[CDD (BASE 65) ]
TOTAL THIS MO. 15
DPTR FM NORMAL -50 [PRESSURE DATA]
TOTAL FM JAN 1 280 HIGHEST SLP 30.09 ON 31
DPTR FM NORMAL 89 LOWEST SLP 30.08 ON 31
[REMARKS]
#FINAL-08-23#